000
CDUS46 KLOX 290901
CLICQT


CLIMATE REPORT
NATIONAL WEATHER SERVICE LOS ANGELES/OXNARD CA
201 AM PDT FRI APR 29 2016


...................................

...THE DOWNTOWN LOS ANGELES (USC) CA CLIMATE SUMMARY FOR APRIL 28 2016...

CLIMATE NORMAL PERIOD 1981 TO 2010
CLIMATE RECORD PERIOD 1877 TO 2016


WEATHER ITEM   OBSERVED TIME   RECORD YEAR NORMAL DEPARTURE LAST
                VALUE   (LST)  VALUE       VALUE  FROM      YEAR
                                                  NORMAL
..................................................................
TEMPERATURE (F)
 YESTERDAY
  MAXIMUM         71   1024 AM  96    2008  74     -3       92
  MINIMUM         55    542 AM  41    1900  55      0       61
                                      1894
  AVERAGE         63                        64     -1       77

PRECIPITATION (IN)
  YESTERDAY        0.00          1.02 2005   0.03  -0.03     0.00
  MONTH TO DATE    0.24                      0.87  -0.63     0.13
  SINCE OCT 1      6.83                     14.25  -7.42     7.53
  SINCE JAN 1      5.80                     10.22  -4.42     2.92

SNOWFALL (IN)
  YESTERDAY        0.0
  MONTH TO DATE    0.0
  SINCE MAR 1      0.0
  SINCE JUL 1      0.0

DEGREE DAYS
 HEATING
  YESTERDAY        2                         2      0        0
  MONTH TO DATE   22                        95    -73       37
  SINCE MAR 1     94                       252   -158       66
  SINCE JUL 1    734                      1027   -293      429

 COOLING
  YESTERDAY        0                         2     -2       12
  MONTH TO DATE   81                        39     42       53
  SINCE MAR 1    104                        59     45      190
  SINCE JAN 1    179                        82     97      247
..................................................................


WIND (MPH)
  HIGHEST WIND SPEED    10   HIGHEST WIND DIRECTION     W (270)
  HIGHEST GUST SPEED    18   HIGHEST GUST DIRECTION     W (280)
  AVERAGE WIND SPEED     2.5


SKY COVER
  POSSIBLE SUNSHINE  MM
  AVERAGE SKY COVER 0.1


WEATHER CONDITIONS
 THE FOLLOWING WEATHER WAS RECORDED YESTERDAY.
  NO SIGNIFICANT WEATHER WAS OBSERVED.


RELATIVE HUMIDITY (PERCENT)
 HIGHEST    77           600 AM
 LOWEST     37           200 PM
 AVERAGE    57

..........................................................


THE DOWNTOWN LOS ANGELES (USC) CA CLIMATE NORMALS FOR TODAY
                         NORMAL    RECORD    YEAR
 MAXIMUM TEMPERATURE (F)   74        98      1981
 MINIMUM TEMPERATURE (F)   55        44      1901
                                             1894
                                             1892


SUNRISE AND SUNSET
APRIL 29 2016.........SUNRISE   605 AM PDT   SUNSET   736 PM PDT
APRIL 30 2016.........SUNRISE   604 AM PDT   SUNSET   737 PM PDT


-  INDICATES NEGATIVE NUMBERS.
R  INDICATES RECORD WAS SET OR TIED.
MM INDICATES DATA IS MISSING.
T  INDICATES TRACE AMOUNT.




$$
