000
CDUS46 KLOX 300858
CLICQT


CLIMATE REPORT
NATIONAL WEATHER SERVICE LOS ANGELES/OXNARD CA
1258 AM PST FRI JAN 30 2015


...................................

...THE DOWNTOWN LOS ANGELES (USC) CA CLIMATE SUMMARY FOR JANUARY 29 2015...

CLIMATE NORMAL PERIOD 1981 TO 2010
CLIMATE RECORD PERIOD 1877 TO 2015


WEATHER ITEM   OBSERVED TIME   RECORD YEAR NORMAL DEPARTURE LAST
                VALUE   (LST)  VALUE       VALUE  FROM      YEAR
                                                  NORMAL
..................................................................
TEMPERATURE (F)
 YESTERDAY
  MAXIMUM         75    258 PM  88    1971  68      7       70
  MINIMUM         60    622 AM  30    1880  48     12       52
  AVERAGE         68                        58     10       61

PRECIPITATION (IN)
  YESTERDAY        T             1.96 1922   0.10  -0.10     0.00
  MONTH TO DATE    1.06                      2.90  -1.84      T
  SINCE OCT 1      5.67                      6.93  -1.26     0.88
  SINCE JAN 1      1.06                      2.90  -1.84      T

SNOWFALL (IN)
  YESTERDAY        0.0
  MONTH TO DATE    0.0
  SINCE DEC 1      0.0
  SINCE JUL 1      0.0

DEGREE DAYS
 HEATING
  YESTERDAY        0                         7     -7        4
  MONTH TO DATE  106                       209   -103       82
  SINCE DEC 1    288                       443   -155      281
  SINCE JUL 1    311                       574   -263      362

 COOLING
  YESTERDAY        3                         0      3        0
  MONTH TO DATE   22                         0     22       17
  SINCE DEC 1     26                         4     22       33
  SINCE JAN 1     22                         0     22       17
..................................................................


WIND (MPH)
  HIGHEST WIND SPEED     6   HIGHEST WIND DIRECTION     E (110)
  HIGHEST GUST SPEED     9   HIGHEST GUST DIRECTION     W (270)
  AVERAGE WIND SPEED     0.6


SKY COVER
  POSSIBLE SUNSHINE  MM
  AVERAGE SKY COVER 0.2


WEATHER CONDITIONS
 THE FOLLOWING WEATHER WAS RECORDED YESTERDAY.
  LIGHT RAIN


RELATIVE HUMIDITY (PERCENT)
 HIGHEST    60           300 AM
 LOWEST     29           100 PM
 AVERAGE    45

..........................................................


THE DOWNTOWN LOS ANGELES (USC) CA CLIMATE NORMALS FOR TODAY
                         NORMAL    RECORD    YEAR
 MAXIMUM TEMPERATURE (F)   68        85      1992
 MINIMUM TEMPERATURE (F)   48        35      1880


SUNRISE AND SUNSET
JANUARY 30 2015.......SUNRISE   652 AM PST   SUNSET   522 PM PST
JANUARY 31 2015.......SUNRISE   651 AM PST   SUNSET   523 PM PST


-  INDICATES NEGATIVE NUMBERS.
R  INDICATES RECORD WAS SET OR TIED.
MM INDICATES DATA IS MISSING.
T  INDICATES TRACE AMOUNT.




$$
