907
CDUS46 KLOX 182230
CLICQT


CLIMATE REPORT
NATIONAL WEATHER SERVICE LOS ANGELES/OXNARD CA
330 PM PDT WED OCT 18 2017


...................................

...THE DOWNTOWN LOS ANGELES (USC) CA CLIMATE SUMMARY FOR OCTOBER 18 2017...
VALID AS OF 0300 PM LOCAL TIME.

CLIMATE NORMAL PERIOD 1981 TO 2010
CLIMATE RECORD PERIOD 1877 TO 2017


WEATHER ITEM   OBSERVED TIME   RECORD YEAR NORMAL DEPARTURE LAST
                VALUE   (LST)  VALUE       VALUE  FROM      YEAR
                                                  NORMAL
..................................................................
TEMPERATURE (F)
 TODAY
  MAXIMUM         86   1117 AM  97    1940  78      8       76
                                      1903
  MINIMUM         68    643 AM  44    1881  58     10       59
  AVERAGE         77                        68      9       68

PRECIPITATION (IN)
  TODAY            0.00          0.48 1934   0.02  -0.02     0.00
  MONTH TO DATE    0.00                      0.33  -0.33     0.34
  SINCE OCT 1      0.00                      0.33  -0.33     0.34
  SINCE JAN 1     13.12                     11.23   1.89     6.19

SNOWFALL (IN)
  TODAY            0.0
  MONTH TO DATE    0.0
  SINCE SEP 1      0.0
  SINCE JUL 1      0.0

DEGREE DAYS
 HEATING
  TODAY            0                         1     -1        0
  MONTH TO DATE    0                         1     -1        0
  SINCE SEP 1      0                         3     -3        0
  SINCE JUL 1      0                         3     -3        0

 COOLING
  TODAY           12                         4      8        3
  MONTH TO DATE  164                        89     75       90
  SINCE SEP 1    477                       333    144      358
  SINCE JAN 1   1679                      1167    512     1353
..................................................................


WIND (MPH)
  HIGHEST WIND SPEED     9   HIGHEST WIND DIRECTION     W (270)
  HIGHEST GUST SPEED    14   HIGHEST GUST DIRECTION     W (280)
  AVERAGE WIND SPEED     0.8


SKY COVER
  POSSIBLE SUNSHINE  MM
  AVERAGE SKY COVER 0.0


WEATHER CONDITIONS
 THE FOLLOWING WEATHER WAS RECORDED TODAY.
  HAZE


RELATIVE HUMIDITY (PERCENT)
 HIGHEST    73           600 AM
 LOWEST     34          1100 AM
 AVERAGE    54

..........................................................


THE DOWNTOWN LOS ANGELES (USC) CA CLIMATE NORMALS FOR TOMORROW
                         NORMAL    RECORD    YEAR
 MAXIMUM TEMPERATURE (F)   78        99      1940
                                             1921
 MINIMUM TEMPERATURE (F)   58        43      1881


SUNRISE AND SUNSET
OCTOBER 18 2017.......SUNRISE   701 AM PDT   SUNSET   615 PM PDT
OCTOBER 19 2017.......SUNRISE   702 AM PDT   SUNSET   614 PM PDT


-  INDICATES NEGATIVE NUMBERS.
R  INDICATES RECORD WAS SET OR TIED.
MM INDICATES DATA IS MISSING.
T  INDICATES TRACE AMOUNT.




$$
