482
CDUS46 KLOX 130122
CLICQT


CLIMATE REPORT
NATIONAL WEATHER SERVICE LOS ANGELES/OXNARD CA
522 PM PST FRI FEB 12 2016


...................................

...THE DOWNTOWN LOS ANGELES (USC) CA CLIMATE SUMMARY FOR FEBRUARY 12 2016...
VALID TODAY AS OF 0500 PM LOCAL TIME.

CLIMATE NORMAL PERIOD 1981 TO 2010
CLIMATE RECORD PERIOD 1877 TO 2016


WEATHER ITEM   OBSERVED TIME   RECORD YEAR NORMAL DEPARTURE LAST
                VALUE   (LST)  VALUE       VALUE  FROM      YEAR
                                                  NORMAL
..................................................................
TEMPERATURE (F)
 TODAY
  MAXIMUM         85    129 PM  91    1971  68     17       85
  MINIMUM         56    640 AM  35    1949  49      7       56
                                      1880
  AVERAGE         71                        59     12       71

PRECIPITATION (IN)
  TODAY            0.00          2.45 2003   0.14  -0.14     0.00
  MONTH TO DATE    0.00                      1.53  -1.53     0.02
  SINCE OCT 1      4.20                      8.68  -4.48     5.72
  SINCE JAN 1      3.17                      4.65  -1.48     1.11

SNOWFALL (IN)
  TODAY            0.0
  MONTH TO DATE    0.0
  SINCE DEC 1      0.0
  SINCE JUL 1      0.0

DEGREE DAYS
 HEATING
  TODAY            0                         7     -7        0
  MONTH TO DATE   50                        84    -34        9
  SINCE DEC 1    517                       544    -27      298
  SINCE JUL 1    621                       675    -54      321

 COOLING
  TODAY            6                         0      6        6
  MONTH TO DATE   41                         0     41       19
  SINCE DEC 1     51                        13     38       45
  SINCE JAN 1     41                         9     32       41
..................................................................


WIND (MPH)
  HIGHEST WIND SPEED     8   HIGHEST WIND DIRECTION     W (280)
  HIGHEST GUST SPEED    12   HIGHEST GUST DIRECTION     W (270)
  AVERAGE WIND SPEED     0.6


SKY COVER
  POSSIBLE SUNSHINE  MM
  AVERAGE SKY COVER 0.0


WEATHER CONDITIONS
 THE FOLLOWING WEATHER WAS RECORDED TODAY.
  NO SIGNIFICANT WEATHER WAS OBSERVED.


RELATIVE HUMIDITY (PERCENT)
 HIGHEST    55           200 AM
 LOWEST     13          1200 PM
 AVERAGE    34

..........................................................


THE DOWNTOWN LOS ANGELES (USC) CA CLIMATE NORMALS FOR TOMORROW
                         NORMAL    RECORD    YEAR
 MAXIMUM TEMPERATURE (F)   69        90      1985
 MINIMUM TEMPERATURE (F)   49        35      1903


SUNRISE AND SUNSET
FEBRUARY 12 2016......SUNRISE   641 AM PST   SUNSET   534 PM PST
FEBRUARY 13 2016......SUNRISE   640 AM PST   SUNSET   535 PM PST


-  INDICATES NEGATIVE NUMBERS.
R  INDICATES RECORD WAS SET OR TIED.
MM INDICATES DATA IS MISSING.
T  INDICATES TRACE AMOUNT.




$$
