000
CDUS46 KLOX 160912
CLICQT


CLIMATE REPORT
NATIONAL WEATHER SERVICE LOS ANGELES/OXNARD CA
111 AM PST SAT DEC 16 2017


...................................

...THE DOWNTOWN LOS ANGELES (USC) CA CLIMATE SUMMARY FOR DECEMBER 15 2017...

CLIMATE NORMAL PERIOD 1981 TO 2010
CLIMATE RECORD PERIOD 1877 TO 2017


WEATHER ITEM   OBSERVED TIME   RECORD YEAR NORMAL DEPARTURE LAST
                VALUE   (LST)  VALUE       VALUE  FROM      YEAR
                                                  NORMAL
..................................................................
TEMPERATURE (F)
 YESTERDAY
  MAXIMUM         81    126 PM  85    1998  67     14       65
                                      1980
                                      1942
  MINIMUM         50    429 AM  36    1901  47      3       54
                                      1878
  AVERAGE         66                        57      9       60

PRECIPITATION (IN)
  YESTERDAY        0.00          2.26 1880   0.07  -0.07     0.43
  MONTH TO DATE    0.00                      0.91  -0.91     0.43
  SINCE OCT 1      0.11                      2.61  -2.50     1.83
  SINCE JAN 1     13.23                     13.51  -0.28     7.68

SNOWFALL (IN)
  YESTERDAY        0.0
  MONTH TO DATE    0.0
  SINCE DEC 1      0.0
  SINCE JUL 1      0.0

DEGREE DAYS
 HEATING
  YESTERDAY        0                         8     -8        5
  MONTH TO DATE   30                       109    -79       90
  SINCE DEC 1     30                       109    -79       90
  SINCE JUL 1     48                       240   -192      161

 COOLING
  YESTERDAY        1                         0      1        0
  MONTH TO DATE    9                         0      9        0
  SINCE DEC 1      9                         0      9        0
  SINCE JAN 1   1884                      1240    644     1522
..................................................................


WIND (MPH)
  HIGHEST WIND SPEED     9   HIGHEST WIND DIRECTION     W (280)
  HIGHEST GUST SPEED    14   HIGHEST GUST DIRECTION     W (270)
  AVERAGE WIND SPEED     0.9


SKY COVER
  POSSIBLE SUNSHINE  MM
  AVERAGE SKY COVER 0.0


WEATHER CONDITIONS
 THE FOLLOWING WEATHER WAS RECORDED YESTERDAY.
  NO SIGNIFICANT WEATHER WAS OBSERVED.


RELATIVE HUMIDITY (PERCENT)
 HIGHEST    54          1200 AM
 LOWEST      8          1200 PM
 AVERAGE    31

..........................................................


THE DOWNTOWN LOS ANGELES (USC) CA CLIMATE NORMALS FOR TODAY
                         NORMAL    RECORD    YEAR
 MAXIMUM TEMPERATURE (F)   67        89      1980
 MINIMUM TEMPERATURE (F)   47        37      1897


SUNRISE AND SUNSET
DECEMBER 16 2017......SUNRISE   652 AM PST   SUNSET   446 PM PST
DECEMBER 17 2017......SUNRISE   653 AM PST   SUNSET   446 PM PST


-  INDICATES NEGATIVE NUMBERS.
R  INDICATES RECORD WAS SET OR TIED.
MM INDICATES DATA IS MISSING.
T  INDICATES TRACE AMOUNT.




$$
