000
CDUS42 KILM 290855
CLICRE


CLIMATE REPORT
NATIONAL WEATHER SERVICE WILMINGTON NC
454 AM EDT FRI AUG 29 2014


...................................

...THE NORTH MYRTLE BEACH SC CLIMATE SUMMARY FOR AUGUST 28 2014...

CLIMATE NORMAL PERIOD 1981 TO 2010
CLIMATE RECORD PERIOD 1949 TO 2014


WEATHER ITEM   OBSERVED TIME   RECORD YEAR NORMAL DEPARTURE LAST
                VALUE   (LST)  VALUE       VALUE  FROM      YEAR
                                                  NORMAL
..................................................................
TEMPERATURE (F)
 YESTERDAY
  MAXIMUM         89   1235 PM  96    1990  86      3       87
  MINIMUM         65R   119 AM  66    1952  71     -6       71
  AVERAGE         77                        78     -1       79

PRECIPITATION (IN)
  YESTERDAY        0.00                      0.24  -0.24      T
  MONTH TO DATE    6.60                      6.68  -0.08     4.19
  SINCE JUN 1     15.67                     17.22  -1.55    23.32
  SINCE JAN 1     28.65                     34.62  -5.97    40.76

DEGREE DAYS
 HEATING
  YESTERDAY        0                         0      0        0
  MONTH TO DATE    0                         0      0        0
  SINCE JUN 1      0                         0      0        0
  SINCE JUL 1      0                         0      0        0

 COOLING
  YESTERDAY       12                        13     -1       14
  MONTH TO DATE  394                       393      1      372
  SINCE JUN 1   1260                      1226     34     1228
  SINCE JAN 1   1542                      1438    104     1408
..................................................................


WIND (MPH)
  HIGHEST WIND SPEED    16   HIGHEST WIND DIRECTION     S (200)
  HIGHEST GUST SPEED    20   HIGHEST GUST DIRECTION     S (190)
  AVERAGE WIND SPEED     6.8


SKY COVER
  POSSIBLE SUNSHINE  MM
  AVERAGE SKY COVER 0.0


WEATHER CONDITIONS
 THE FOLLOWING WEATHER WAS RECORDED YESTERDAY.
  FOG


RELATIVE HUMIDITY (PERCENT)
 HIGHEST    74          1100 PM
 LOWEST     61           400 PM
 AVERAGE    68

..........................................................


THE NORTH MYRTLE BEACH SC CLIMATE NORMALS FOR TODAY
                         NORMAL    RECORD    YEAR
 MAXIMUM TEMPERATURE (F)   86        93      1951
 MINIMUM TEMPERATURE (F)   71        64      1953


SUNRISE AND SUNSET
AUGUST 29 2014........SUNRISE   647 AM EDT   SUNSET   744 PM EDT
AUGUST 30 2014........SUNRISE   647 AM EDT   SUNSET   743 PM EDT


-  INDICATES NEGATIVE NUMBERS.
R  INDICATES RECORD WAS SET OR TIED.
MM INDICATES DATA IS MISSING.
T  INDICATES TRACE AMOUNT.




$$
