000
CDUS42 KILM 222148
CLICRE


CLIMATE REPORT
NATIONAL WEATHER SERVICE WILMINGTON NC
448 PM EST WED FEB 22 2017


...................................

...THE NORTH MYRTLE BEACH SC CLIMATE SUMMARY FOR FEBRUARY 22 2017...
VALID TODAY AS OF 0400 PM LOCAL TIME.

CLIMATE NORMAL PERIOD 1981 TO 2010
CLIMATE RECORD PERIOD 1949 TO 2017


WEATHER ITEM   OBSERVED TIME   RECORD YEAR NORMAL DEPARTURE LAST
                VALUE   (LST)  VALUE       VALUE  FROM      YEAR
                                                  NORMAL
..................................................................
TEMPERATURE (F)
 TODAY
  MAXIMUM         71    152 PM  75    2007  59     12       64
                                      1993
  MINIMUM         60    721 AM  25    1999  40     20       53
  AVERAGE         66                        49     17       59

PRECIPITATION (IN)
  TODAY            0.00                      0.13  -0.13     0.13
  MONTH TO DATE    1.31                      2.68  -1.37     5.54
  SINCE DEC 1      5.96                      9.83  -3.87    10.56
  SINCE JAN 1      3.34                      6.37  -3.03     7.44

SNOWFALL (IN)
  TODAY           MM
  MONTH TO DATE   MM
  SINCE DEC 1     MM
  SINCE JUL 1     MM
  SNOW DEPTH      MM

DEGREE DAYS
 HEATING
  TODAY            0                        16    -16        6
  MONTH TO DATE  242                       387   -145      385
  SINCE DEC 1   1068                      1494   -426     1190
  SINCE JUL 1   1371                      1855   -484     1387

 COOLING
  TODAY            1                         0      1        0
  MONTH TO DATE    1                         0      1        0
  SINCE DEC 1      1                         3     -2       51
  SINCE JAN 1      1                         0      1        0
..................................................................


WIND (MPH)
  HIGHEST WIND SPEED    15   HIGHEST WIND DIRECTION     E (110)
  HIGHEST GUST SPEED    19   HIGHEST GUST DIRECTION    SE (130)
  AVERAGE WIND SPEED     8.1


SKY COVER
  POSSIBLE SUNSHINE  MM
  AVERAGE SKY COVER 0.1


WEATHER CONDITIONS
 THE FOLLOWING WEATHER WAS RECORDED TODAY.
  NO SIGNIFICANT WEATHER WAS OBSERVED.


RELATIVE HUMIDITY (PERCENT)
 HIGHEST    84          1200 AM
 LOWEST     57          1200 PM
 AVERAGE    71

..........................................................


THE NORTH MYRTLE BEACH SC CLIMATE NORMALS FOR TOMORROW
                         NORMAL    RECORD    YEAR
 MAXIMUM TEMPERATURE (F)   59        70      1955
 MINIMUM TEMPERATURE (F)   40        25      1999


SUNRISE AND SUNSET
FEBRUARY 22 2017......SUNRISE   651 AM EST   SUNSET   606 PM EST
FEBRUARY 23 2017......SUNRISE   650 AM EST   SUNSET   606 PM EST


-  INDICATES NEGATIVE NUMBERS.
R  INDICATES RECORD WAS SET OR TIED.
MM INDICATES DATA IS MISSING.
T  INDICATES TRACE AMOUNT.




$$
