000
CDUS42 KILM 270843
CLICRE


CLIMATE REPORT
NATIONAL WEATHER SERVICE WILMINGTON NC
443 AM EDT FRI MAY 27 2016


...................................

...THE NORTH MYRTLE BEACH SC CLIMATE SUMMARY FOR MAY 26 2016...

CLIMATE NORMAL PERIOD 1981 TO 2010
CLIMATE RECORD PERIOD 1949 TO 2016


WEATHER ITEM   OBSERVED TIME   RECORD YEAR NORMAL DEPARTURE LAST
                VALUE   (LST)  VALUE       VALUE  FROM      YEAR
                                                  NORMAL
..................................................................
TEMPERATURE (F)
 YESTERDAY
  MAXIMUM         81    220 PM  97    1953  81      0       82
  MINIMUM         69    545 AM  53    2005  64      5       74
  AVERAGE         75                        72      3       78

PRECIPITATION (IN)
  YESTERDAY        0.00                      0.12  -0.12     0.00
  MONTH TO DATE    4.23                      2.73   1.50     6.80
  SINCE MAR 1      6.69                      9.61  -2.92    12.87
  SINCE JAN 1     14.76                     16.72  -1.96    20.06

DEGREE DAYS
 HEATING
  YESTERDAY        0                         0      0        0
  MONTH TO DATE   12                        23    -11        8
  SINCE MAR 1    306                       502   -196      363
  SINCE JUL 1   1781                      2446   -665     2450

 COOLING
  YESTERDAY       10                         7      3       13
  MONTH TO DATE  145                       129     16      156
  SINCE MAR 1    245                       171     74      208
  SINCE JAN 1    245                       171     74      209
..................................................................


WIND (MPH)
  HIGHEST WIND SPEED    15   HIGHEST WIND DIRECTION     S (200)
  HIGHEST GUST SPEED    20   HIGHEST GUST DIRECTION     S (200)
  AVERAGE WIND SPEED     9.0


SKY COVER
  POSSIBLE SUNSHINE  MM
  AVERAGE SKY COVER 0.2


WEATHER CONDITIONS
 THE FOLLOWING WEATHER WAS RECORDED YESTERDAY.
  NO SIGNIFICANT WEATHER WAS OBSERVED.


RELATIVE HUMIDITY (PERCENT)
 HIGHEST    93           400 AM
 LOWEST     62           900 AM
 AVERAGE    78

..........................................................


THE NORTH MYRTLE BEACH SC CLIMATE NORMALS FOR TODAY
                         NORMAL    RECORD    YEAR
 MAXIMUM TEMPERATURE (F)   81        95      1989
 MINIMUM TEMPERATURE (F)   64        52      1949


SUNRISE AND SUNSET
MAY 27 2016...........SUNRISE   607 AM EDT   SUNSET   818 PM EDT
MAY 28 2016...........SUNRISE   606 AM EDT   SUNSET   818 PM EDT


-  INDICATES NEGATIVE NUMBERS.
R  INDICATES RECORD WAS SET OR TIED.
MM INDICATES DATA IS MISSING.
T  INDICATES TRACE AMOUNT.




$$
