000
CDUS42 KILM 300841
CLICRE


CLIMATE REPORT
NATIONAL WEATHER SERVICE WILMINGTON NC
441 AM EDT THU OCT 30 2014


...................................

...THE NORTH MYRTLE BEACH SC CLIMATE SUMMARY FOR OCTOBER 29 2014...

CLIMATE NORMAL PERIOD 1981 TO 2010
CLIMATE RECORD PERIOD 1949 TO 2014


WEATHER ITEM   OBSERVED TIME   RECORD YEAR NORMAL DEPARTURE LAST
                VALUE   (LST)  VALUE       VALUE  FROM      YEAR
                                                  NORMAL
..................................................................
TEMPERATURE (F)
 YESTERDAY
  MAXIMUM         81   1215 PM  83    1991  71     10       73
  MINIMUM         68    955 PM  29    1952  51     17       50
  AVERAGE         75                        61     14       62

PRECIPITATION (IN)
  YESTERDAY        0.00                      0.11  -0.11     0.00
  MONTH TO DATE    0.35                      3.67  -3.32     1.37
  SINCE SEP 1      4.92                      9.95  -5.03     2.73
  SINCE JAN 1     33.57                     45.30 -11.73    43.49

DEGREE DAYS
 HEATING
  YESTERDAY        0                         5     -5        3
  MONTH TO DATE   49                        75    -26       73
  SINCE SEP 1     50                        79    -29       73
  SINCE JUL 1     50                        79    -29       73

 COOLING
  YESTERDAY       10                         2      8        0
  MONTH TO DATE  116                        96     20       89
  SINCE SEP 1    437                       404     33      366
  SINCE JAN 1   2025                      1880    145     1817
..................................................................


WIND (MPH)
  HIGHEST WIND SPEED    18   HIGHEST WIND DIRECTION    SW (230)
  HIGHEST GUST SPEED    22   HIGHEST GUST DIRECTION    SW (230)
  AVERAGE WIND SPEED    10.0


SKY COVER
  POSSIBLE SUNSHINE  MM
  AVERAGE SKY COVER 0.1


WEATHER CONDITIONS
 THE FOLLOWING WEATHER WAS RECORDED YESTERDAY.
  NO SIGNIFICANT WEATHER WAS OBSERVED.


RELATIVE HUMIDITY (PERCENT)
 HIGHEST    93          1200 AM
 LOWEST     51          1200 PM
 AVERAGE    72

..........................................................


THE NORTH MYRTLE BEACH SC CLIMATE NORMALS FOR TODAY
                         NORMAL    RECORD    YEAR
 MAXIMUM TEMPERATURE (F)   71        85      1950
 MINIMUM TEMPERATURE (F)   51        25      1952


SUNRISE AND SUNSET
OCTOBER 30 2014.......SUNRISE   732 AM EDT   SUNSET   624 PM EDT
OCTOBER 31 2014.......SUNRISE   733 AM EDT   SUNSET   623 PM EDT


-  INDICATES NEGATIVE NUMBERS.
R  INDICATES RECORD WAS SET OR TIED.
MM INDICATES DATA IS MISSING.
T  INDICATES TRACE AMOUNT.




$$
