887
CDUS42 KILM 032149
CLICRE


CLIMATE REPORT
NATIONAL WEATHER SERVICE WILMINGTON NC
449 PM EST SAT DEC 3 2016


...................................

...THE NORTH MYRTLE BEACH SC CLIMATE SUMMARY FOR DECEMBER 3 2016...
VALID TODAY AS OF 0400 PM LOCAL TIME.

CLIMATE NORMAL PERIOD 1981 TO 2010
CLIMATE RECORD PERIOD 1949 TO 2016


WEATHER ITEM   OBSERVED TIME   RECORD YEAR NORMAL DEPARTURE LAST
                VALUE   (LST)  VALUE       VALUE  FROM      YEAR
                                                  NORMAL
..................................................................
TEMPERATURE (F)
 TODAY
  MAXIMUM         53    247 PM  75    1998  61     -8       64
  MINIMUM         38    717 AM  24    1954  42     -4       46
  AVERAGE         46                        52     -6       55

PRECIPITATION (IN)
  TODAY            0.00                      0.12  -0.12     0.00
  MONTH TO DATE    0.00                      0.36  -0.36     0.04
  SINCE DEC 1      0.00                      0.36  -0.36     0.04
  SINCE JAN 1     53.57                     48.91   4.66    61.75

SNOWFALL (IN)
  TODAY           MM
  MONTH TO DATE   MM
  SINCE DEC 1     MM
  SINCE JUL 1     MM
  SNOW DEPTH      MM

DEGREE DAYS
 HEATING
  TODAY           19                        14      5       10
  MONTH TO DATE   37                        40     -3       11
  SINCE DEC 1     37                        40     -3       11
  SINCE JUL 1    340                       401    -61      208

 COOLING
  TODAY            0                         0      0        0
  MONTH TO DATE    0                         0      0        1
  SINCE DEC 1      0                         0      0        1
  SINCE JAN 1   2370                      1899    471     2211
..................................................................


WIND (MPH)
  HIGHEST WIND SPEED    17   HIGHEST WIND DIRECTION    NE (30)
  HIGHEST GUST SPEED    22   HIGHEST GUST DIRECTION    NE (40)
  AVERAGE WIND SPEED     5.9


SKY COVER
  POSSIBLE SUNSHINE  MM
  AVERAGE SKY COVER 0.0


WEATHER CONDITIONS
 THE FOLLOWING WEATHER WAS RECORDED TODAY.
  NO SIGNIFICANT WEATHER WAS OBSERVED.


RELATIVE HUMIDITY (PERCENT)
 HIGHEST    93          1200 AM
 LOWEST     44           200 PM
 AVERAGE    69

..........................................................


THE NORTH MYRTLE BEACH SC CLIMATE NORMALS FOR TOMORROW
                         NORMAL    RECORD    YEAR
 MAXIMUM TEMPERATURE (F)   61        77      1998
 MINIMUM TEMPERATURE (F)   42        22      1989


SUNRISE AND SUNSET
DECEMBER  3 2016......SUNRISE   704 AM EST   SUNSET   506 PM EST
DECEMBER  4 2016......SUNRISE   705 AM EST   SUNSET   506 PM EST


-  INDICATES NEGATIVE NUMBERS.
R  INDICATES RECORD WAS SET OR TIED.
MM INDICATES DATA IS MISSING.
T  INDICATES TRACE AMOUNT.




$$
