000
CDUS42 KILM 240850
CLICRE


CLIMATE REPORT
NATIONAL WEATHER SERVICE WILMINGTON NC
450 AM EDT WED AUG 24 2016


...................................

...THE NORTH MYRTLE BEACH SC CLIMATE SUMMARY FOR AUGUST 23 2016...

CLIMATE NORMAL PERIOD 1981 TO 2010
CLIMATE RECORD PERIOD 1949 TO 2016


WEATHER ITEM   OBSERVED TIME   RECORD YEAR NORMAL DEPARTURE LAST
                VALUE   (LST)  VALUE       VALUE  FROM      YEAR
                                                  NORMAL
..................................................................
TEMPERATURE (F)
 YESTERDAY
  MAXIMUM         88   1234 PM  95    2002  86      2       88
  MINIMUM         73   1159 PM  60    1953  71      2       67
  AVERAGE         81                        79      2       78

PRECIPITATION (IN)
  YESTERDAY        0.00                      0.29  -0.29     0.00
  MONTH TO DATE    2.75                      5.30  -2.55     2.92
  SINCE JUN 1      8.65                     15.84  -7.19     9.83
  SINCE JAN 1     24.39                     33.24  -8.85    29.89

DEGREE DAYS
 HEATING
  YESTERDAY        0                         0      0        0
  MONTH TO DATE    0                         0      0        0
  SINCE JUN 1      0                         0      0        0
  SINCE JUL 1      0                         0      0        0

 COOLING
  YESTERDAY       16                        14      2       13
  MONTH TO DATE  426                       327     99      339
  SINCE JUN 1   1445                      1160    285     1339
  SINCE JAN 1   1741                      1372    369     1598
..................................................................


WIND (MPH)
  HIGHEST WIND SPEED    17   HIGHEST WIND DIRECTION     E (100)
  HIGHEST GUST SPEED    23   HIGHEST GUST DIRECTION     E (110)
  AVERAGE WIND SPEED     6.5


SKY COVER
  POSSIBLE SUNSHINE  MM
  AVERAGE SKY COVER 0.3


WEATHER CONDITIONS
 THE FOLLOWING WEATHER WAS RECORDED YESTERDAY.
  NO SIGNIFICANT WEATHER WAS OBSERVED.


RELATIVE HUMIDITY (PERCENT)
 HIGHEST    94          1200 AM
 LOWEST     46          1100 AM
 AVERAGE    70

..........................................................


THE NORTH MYRTLE BEACH SC CLIMATE NORMALS FOR TODAY
                         NORMAL    RECORD    YEAR
 MAXIMUM TEMPERATURE (F)   86        92      2002
 MINIMUM TEMPERATURE (F)   71        58      1953


SUNRISE AND SUNSET
AUGUST 24 2016........SUNRISE   643 AM EDT   SUNSET   750 PM EDT
AUGUST 25 2016........SUNRISE   644 AM EDT   SUNSET   749 PM EDT


-  INDICATES NEGATIVE NUMBERS.
R  INDICATES RECORD WAS SET OR TIED.
MM INDICATES DATA IS MISSING.
T  INDICATES TRACE AMOUNT.




$$
