000
CDUS42 KILM 050842
CLICRE


CLIMATE REPORT
NATIONAL WEATHER SERVICE WILMINGTON NC
442 AM EDT WED AUG 5 2015


...................................

...THE NORTH MYRTLE BEACH SC CLIMATE SUMMARY FOR AUGUST 4 2015...

CLIMATE NORMAL PERIOD 1981 TO 2010
CLIMATE RECORD PERIOD 1949 TO 2015


WEATHER ITEM   OBSERVED TIME   RECORD YEAR NORMAL DEPARTURE LAST
                VALUE   (LST)  VALUE       VALUE  FROM      YEAR
                                                  NORMAL
..................................................................
TEMPERATURE (F)
 YESTERDAY
  MAXIMUM         87    551 PM 101    1954  87      0       80
  MINIMUM         72    415 AM  65    1956  73     -1       72
  AVERAGE         80                        80      0       76

PRECIPITATION (IN)
  YESTERDAY        1.84                      0.21   1.63     0.04
  MONTH TO DATE    2.15                      0.85   1.30     3.58
  SINCE JUN 1      9.06                     11.39  -2.33    12.65
  SINCE JAN 1     29.12                     28.79   0.33    25.63

DEGREE DAYS
 HEATING
  YESTERDAY        0                         0      0        0
  MONTH TO DATE    0                         0      0        0
  SINCE JUN 1      0                         0      0        0
  SINCE JUL 1      0                         0      0        0

 COOLING
  YESTERDAY       15                        15      0       11
  MONTH TO DATE   64                        60      4       48
  SINCE JUN 1   1064                       893    171      914
  SINCE JAN 1   1323                      1105    218     1196
..................................................................


WIND (MPH)
  HIGHEST WIND SPEED    30   HIGHEST WIND DIRECTION     S (200)
  HIGHEST GUST SPEED    37   HIGHEST GUST DIRECTION     S (200)
  AVERAGE WIND SPEED    10.8


SKY COVER
  POSSIBLE SUNSHINE  MM
  AVERAGE SKY COVER 0.6


WEATHER CONDITIONS
 THE FOLLOWING WEATHER WAS RECORDED YESTERDAY.
  THUNDERSTORM
  HEAVY RAIN
  RAIN
  LIGHT RAIN
  FOG


RELATIVE HUMIDITY (PERCENT)
 HIGHEST    94           500 AM
 LOWEST     68           500 PM
 AVERAGE    81

..........................................................


THE NORTH MYRTLE BEACH SC CLIMATE NORMALS FOR TODAY
                         NORMAL    RECORD    YEAR
 MAXIMUM TEMPERATURE (F)   87       104      1954
 MINIMUM TEMPERATURE (F)   73        63      1950


SUNRISE AND SUNSET
AUGUST  5 2015........SUNRISE   629 AM EDT   SUNSET   812 PM EDT
AUGUST  6 2015........SUNRISE   630 AM EDT   SUNSET   811 PM EDT


-  INDICATES NEGATIVE NUMBERS.
R  INDICATES RECORD WAS SET OR TIED.
MM INDICATES DATA IS MISSING.
T  INDICATES TRACE AMOUNT.




$$
