000
CDUS42 KILM 020941
CLICRE


CLIMATE REPORT
NATIONAL WEATHER SERVICE WILMINGTON NC
441 AM EST MON MAR 2 2015


...................................

...THE NORTH MYRTLE BEACH SC CLIMATE SUMMARY FOR MARCH 1 2015...

CLIMATE NORMAL PERIOD 1981 TO 2010
CLIMATE RECORD PERIOD 1949 TO 2015


WEATHER ITEM   OBSERVED TIME   RECORD YEAR NORMAL DEPARTURE LAST
                VALUE   (LST)  VALUE       VALUE  FROM      YEAR
                                                  NORMAL
..................................................................
TEMPERATURE (F)
 YESTERDAY
  MAXIMUM         52   1107 AM  81    1955  61     -9       59
  MINIMUM         38    707 AM  22    2002  41     -3       38
  AVERAGE         45                        51     -6       49

PRECIPITATION (IN)
  YESTERDAY        0.07                      0.11  -0.04      T
  MONTH TO DATE    0.07                      0.11  -0.04      T
  SINCE MAR 1      0.07                      0.11  -0.04      T
  SINCE JAN 1      7.26                      7.22   0.04     4.12

SNOWFALL (IN)
  YESTERDAY       MM
  MONTH TO DATE   MM
  SINCE MAR 1     MM
  SINCE JUL 1     MM
  SNOW DEPTH      MM

DEGREE DAYS
 HEATING
  YESTERDAY       20                        14      6       16
  MONTH TO DATE   20                        14      6       16
  SINCE MAR 1     20                        14      6       16
  SINCE JUL 1   2075                      1958    117     2040

 COOLING
  YESTERDAY        0                         0      0        0
  MONTH TO DATE    0                         0      0        0
  SINCE MAR 1      0                         0      0        0
  SINCE JAN 1      1                         0      1        0
..................................................................


WIND (MPH)
  HIGHEST WIND SPEED    13   HIGHEST WIND DIRECTION    NE (40)
  HIGHEST GUST SPEED    16   HIGHEST GUST DIRECTION    NE (40)
  AVERAGE WIND SPEED     6.5


SKY COVER
  POSSIBLE SUNSHINE  MM
  AVERAGE SKY COVER 1.0


WEATHER CONDITIONS
 THE FOLLOWING WEATHER WAS RECORDED YESTERDAY.
  RAIN
  LIGHT RAIN
  FOG


RELATIVE HUMIDITY (PERCENT)
 HIGHEST    89           900 PM
 LOWEST     51           100 AM
 AVERAGE    70

..........................................................


THE NORTH MYRTLE BEACH SC CLIMATE NORMALS FOR TODAY
                         NORMAL    RECORD    YEAR
 MAXIMUM TEMPERATURE (F)   61        78      2006
                                             1955
 MINIMUM TEMPERATURE (F)   41        24      1950


SUNRISE AND SUNSET
MARCH  2 2015.........SUNRISE   642 AM EST   SUNSET   612 PM EST
MARCH  3 2015.........SUNRISE   641 AM EST   SUNSET   613 PM EST


-  INDICATES NEGATIVE NUMBERS.
R  INDICATES RECORD WAS SET OR TIED.
MM INDICATES DATA IS MISSING.
T  INDICATES TRACE AMOUNT.




$$
