187
CDUS42 KILM 240842
CLICRE


CLIMATE REPORT
NATIONAL WEATHER SERVICE WILMINGTON NC
442 AM EDT TUE OCT 24 2017


...................................

...THE N.MYRTLE BEACH SOUTH CAROLINA CLIMATE SUMMARY FOR OCTOBER 23 2017...

CLIMATE NORMAL PERIOD 1981 TO 2010
CLIMATE RECORD PERIOD 1949 TO 2017


WEATHER ITEM   OBSERVED TIME   RECORD YEAR NORMAL DEPARTURE LAST
                VALUE   (LST)  VALUE       VALUE  FROM      YEAR
                                                  NORMAL
..................................................................
TEMPERATURE (F)
 YESTERDAY
  MAXIMUM         79   1111 AM  82    2007  73      6       70
  MINIMUM         70   1159 PM  36    1954  53     17       47
  AVERAGE         75                        63     12       59

PRECIPITATION (IN)
  YESTERDAY        1.70R         0.06 2013   0.09   1.61     0.00
  MONTH TO DATE    3.58                      3.10   0.48     9.38
  SINCE SEP 1      7.86                      9.38  -1.52    27.75
  SINCE JAN 1     43.47                     44.73  -1.26    53.39

DEGREE DAYS
 HEATING
  YESTERDAY        0                         4     -4        6
  MONTH TO DATE   11                        46    -35       19
  SINCE SEP 1     11                        50    -39       19
  SINCE JUL 1     11                        50    -39       19

 COOLING
  YESTERDAY       10                         2      8        0
  MONTH TO DATE  163                        84     79      109
  SINCE SEP 1    513                       392    121      487
  SINCE JAN 1   2178                      1868    310     2343
..................................................................


WIND (MPH)
  HIGHEST WIND SPEED    25   HIGHEST WIND DIRECTION    SW (220)
  HIGHEST GUST SPEED    32   HIGHEST GUST DIRECTION    SW (220)
  AVERAGE WIND SPEED    11.0


SKY COVER
  POSSIBLE SUNSHINE  MM
  AVERAGE SKY COVER 0.8


WEATHER CONDITIONS
 THE FOLLOWING WEATHER WAS RECORDED YESTERDAY.
  THUNDERSTORM
  HEAVY RAIN
  RAIN
  LIGHT RAIN
  FOG


RELATIVE HUMIDITY (PERCENT)
 HIGHEST    94           900 PM
 LOWEST     71          1200 PM
 AVERAGE    83

..........................................................


THE N.MYRTLE BEACH SOUTH CAROLINA CLIMATE NORMALS FOR TODAY
                         NORMAL    RECORD    YEAR
 MAXIMUM TEMPERATURE (F)   73        84      2001
 MINIMUM TEMPERATURE (F)   53        36      2006
                                             1952


SUNRISE AND SUNSET
OCTOBER 24 2017.......SUNRISE   727 AM EDT   SUNSET   630 PM EDT
OCTOBER 25 2017.......SUNRISE   728 AM EDT   SUNSET   629 PM EDT


-  INDICATES NEGATIVE NUMBERS.
R  INDICATES RECORD WAS SET OR TIED.
MM INDICATES DATA IS MISSING.
T  INDICATES TRACE AMOUNT.




$$
