000
CDUS44 KCRP 010641
CLICRP

CLIMATE REPORT
NATIONAL WEATHER SERVICE CORPUS CHRISTI TX
138 AM CDT MON SEP 1 2014


...................................

...THE CORPUS CHRISTI CLIMATE SUMMARY FOR AUGUST 31 2014...

CLIMATE NORMAL PERIOD 1981 TO 2010
CLIMATE RECORD PERIOD 1887 TO 2014


WEATHER ITEM   OBSERVED TIME   RECORD YEAR NORMAL DEPARTURE LAST
                VALUE   (LST)  VALUE       VALUE  FROM      YEAR
                                                  NORMAL
..................................................................
TEMPERATURE (F)
 YESTERDAY
  MAXIMUM         91    236 PM 103    2000  93     -2       99
  MINIMUM         77    621 AM  67    1915  75      2       75
  AVERAGE         84                        84      0       87

PRECIPITATION (IN)
  YESTERDAY        0.06          2.13 1987   0.16  -0.10     0.00
  MONTH TO DATE    4.59                      2.92   1.67     1.21
  SINCE JUN 1      6.74                      9.07  -2.33     6.28
  SINCE JAN 1     13.84                     19.34  -5.50    11.01

SNOWFALL (IN)
  YESTERDAY        0.0
  MONTH TO DATE    0.0
  SINCE JUN 1      0.0
  SINCE JUL 1      0.0
  SNOW DEPTH       0

DEGREE DAYS
 HEATING
  YESTERDAY        0                         0      0        0
  MONTH TO DATE    0                         0      0        0
  SINCE JUN 1      0                         0      0        0
  SINCE JUL 1      0                         0      0        0

 COOLING
  YESTERDAY       19                        19      0       22
  MONTH TO DATE  670                       611     59      680
  SINCE JUN 1   1897                      1720    177     1995
  SINCE JAN 1   2703                      2561    142     3013
..................................................................


WIND (MPH)
  HIGHEST WIND SPEED    21   HIGHEST WIND DIRECTION    SE (130)
  HIGHEST GUST SPEED    26   HIGHEST GUST DIRECTION    SE (120)
  AVERAGE WIND SPEED     9.9


SKY COVER
  POSSIBLE SUNSHINE  MM
  AVERAGE SKY COVER 0.6


WEATHER CONDITIONS
 THE FOLLOWING WEATHER WAS RECORDED YESTERDAY.
  THUNDERSTORM
  LIGHT RAIN
  FOG


RELATIVE HUMIDITY (PERCENT)
 HIGHEST    97           400 AM
 LOWEST     64           300 PM
 AVERAGE    81

..........................................................


THE CORPUS CHRISTI CLIMATE NORMALS FOR TODAY
                         NORMAL    RECORD    YEAR
 MAXIMUM TEMPERATURE (F)   93       103      2000
 MINIMUM TEMPERATURE (F)   75        67      1950


SUNRISE AND SUNSET
SEPTEMBER  1 2014.....SUNRISE   709 AM CDT   SUNSET   751 PM CDT
SEPTEMBER  2 2014.....SUNRISE   709 AM CDT   SUNSET   750 PM CDT


-  INDICATES NEGATIVE NUMBERS.
R  INDICATES RECORD WAS SET OR TIED.
MM INDICATES DATA IS MISSING.
T  INDICATES TRACE AMOUNT.




$$
