000
CDUS44 KCRP 181044
CLICRP

CLIMATE REPORT
NATIONAL WEATHER SERVICE CORPUS CHRISTI TX
443 AM CST SAT NOV 18 2017

...THE CORPUS CHRISTI CLIMATE SUMMARY FOR NOVEMBER 17 2017...

CLIMATE NORMAL PERIOD 1981 TO 2010
CLIMATE RECORD PERIOD 1887 TO 2017


WEATHER ITEM   OBSERVED TIME   RECORD YEAR NORMAL DEPARTURE LAST
                VALUE   (LST)  VALUE       VALUE  FROM      YEAR
                                                  NORMAL
..................................................................
TEMPERATURE (F)
 YESTERDAY
  MAXIMUM         87    134 PM  91    1906  76     11       85
  MINIMUM         65    707 AM  33    1959  56      9       56
  AVERAGE         76                        66     10       71

PRECIPITATION (IN)
  YESTERDAY        0.00          2.34 1995   0.05  -0.05     0.00
  MONTH TO DATE    0.23                      1.29  -1.06     0.23
  SINCE SEP 1      4.16                      9.91  -5.75     4.22
  SINCE JAN 1     26.52                     29.25  -2.73    29.51

SNOWFALL (IN)
  YESTERDAY        0.0
  MONTH TO DATE    0.0
  SINCE SEP 1      0.0
  SINCE JUL 1      0.0
  SNOW DEPTH       0

DEGREE DAYS
 HEATING
  YESTERDAY        0                         3     -3        0
  MONTH TO DATE   12                        33    -21        0
  SINCE SEP 1     33                        43    -10        0
  SINCE JUL 1     33                        43    -10        0

 COOLING
  YESTERDAY       11                         4      7        6
  MONTH TO DATE  167                        86     81      155
  SINCE SEP 1    973                       876     97     1188
  SINCE JAN 1   3954                      3437    517     4105
..................................................................


WIND (MPH)
  HIGHEST WIND SPEED    24   HIGHEST WIND DIRECTION    SE (150)
  HIGHEST GUST SPEED    29   HIGHEST GUST DIRECTION     S (160)
  AVERAGE WIND SPEED    13.8


SKY COVER
  POSSIBLE SUNSHINE  MM
  AVERAGE SKY COVER 0.3


WEATHER CONDITIONS
 THE FOLLOWING WEATHER WAS RECORDED YESTERDAY.
  FOG


RELATIVE HUMIDITY (PERCENT)
 HIGHEST   100           200 AM
 LOWEST     57           100 PM
 AVERAGE    79

..........................................................


THE CORPUS CHRISTI CLIMATE NORMALS FOR TODAY
                         NORMAL    RECORD    YEAR
 MAXIMUM TEMPERATURE (F)   75        88      1948
 MINIMUM TEMPERATURE (F)   55        30      1959


SUNRISE AND SUNSET
NOVEMBER 18 2017......SUNRISE   654 AM CST   SUNSET   537 PM CST
NOVEMBER 19 2017......SUNRISE   654 AM CST   SUNSET   536 PM CST


-  INDICATES NEGATIVE NUMBERS.
R  INDICATES RECORD WAS SET OR TIED.
MM INDICATES DATA IS MISSING.
T  INDICATES TRACE AMOUNT.

$$

87
