000
CDUS44 KCRP 240641
CLICRP

CLIMATE REPORT
NATIONAL WEATHER SERVICE CORPUS CHRISTI TX
1239 AM CST TUE JAN 24 2017


...................................

...THE CORPUS CHRISTI CLIMATE SUMMARY FOR JANUARY 23 2017...

CLIMATE NORMAL PERIOD 1981 TO 2010
CLIMATE RECORD PERIOD 1887 TO 2017


WEATHER ITEM   OBSERVED TIME   RECORD YEAR NORMAL DEPARTURE LAST
                VALUE   (LST)  VALUE       VALUE  FROM      YEAR
                                                  NORMAL
..................................................................
TEMPERATURE (F)
 YESTERDAY
  MAXIMUM         81    427 PM  90    1972  67     14       61
  MINIMUM         43    739 AM  23    1940  47     -4       41
  AVERAGE         62                        57      5       51

PRECIPITATION (IN)
  YESTERDAY        0.00          2.55 1958   0.05  -0.05     0.00
  MONTH TO DATE    0.22                      1.15  -0.93     2.08
  SINCE DEC 1      2.42                      2.98  -0.56     2.97
  SINCE JAN 1      0.22                      1.15  -0.93     2.08

SNOWFALL (IN)
  YESTERDAY        0.0
  MONTH TO DATE    0.0
  SINCE DEC 1      0.0
  SINCE JUL 1      0.0
  SNOW DEPTH       0

DEGREE DAYS
 HEATING
  YESTERDAY        3                         9     -6       14
  MONTH TO DATE  101                       207   -106      223
  SINCE DEC 1    250                       457   -207      382
  SINCE JUL 1    268                       558   -290      456

 COOLING
  YESTERDAY        0                         1     -1        0
  MONTH TO DATE   84                        23     61        2
  SINCE DEC 1    172                        72    100       80
  SINCE JAN 1     84                        23     61        2
..................................................................


WIND (MPH)
  HIGHEST WIND SPEED    18   HIGHEST WIND DIRECTION    SE (150)
  HIGHEST GUST SPEED    21   HIGHEST GUST DIRECTION    SE (140)
  AVERAGE WIND SPEED     9.2


SKY COVER
  POSSIBLE SUNSHINE  MM
  AVERAGE SKY COVER 0.1


WEATHER CONDITIONS
 THE FOLLOWING WEATHER WAS RECORDED YESTERDAY.
  HAZE


RELATIVE HUMIDITY (PERCENT)
 HIGHEST    72          1100 PM
 LOWEST     14           400 PM
 AVERAGE    43

..........................................................


THE CORPUS CHRISTI CLIMATE NORMALS FOR TODAY
                         NORMAL    RECORD    YEAR
 MAXIMUM TEMPERATURE (F)   67        87      1972
 MINIMUM TEMPERATURE (F)   48        18      1963


SUNRISE AND SUNSET
JANUARY 24 2017.......SUNRISE   720 AM CST   SUNSET   605 PM CST
JANUARY 25 2017.......SUNRISE   720 AM CST   SUNSET   605 PM CST


-  INDICATES NEGATIVE NUMBERS.
R  INDICATES RECORD WAS SET OR TIED.
MM INDICATES DATA IS MISSING.
T  INDICATES TRACE AMOUNT.

$$

GW
