000
CDUS44 KCRP 300748
CLICRP

CLIMATE REPORT
NATIONAL WEATHER SERVICE CORPUS CHRISTI TX
247 AM CDT TUE MAY 30 2017


...................................

...THE CORPUS CHRISTI CLIMATE SUMMARY FOR MAY 29 2017...

CLIMATE NORMAL PERIOD 1981 TO 2010
CLIMATE RECORD PERIOD 1887 TO 2017


WEATHER ITEM   OBSERVED TIME   RECORD YEAR NORMAL DEPARTURE LAST
                VALUE   (LST)  VALUE       VALUE  FROM      YEAR
                                                  NORMAL
..................................................................
TEMPERATURE (F)
 YESTERDAY
  MAXIMUM         87    310 PM  95    2010  89     -2       89
  MINIMUM         69    224 AM  61    1973  72     -3       78
  AVERAGE         78                        80     -2       84

PRECIPITATION (IN)
  YESTERDAY        2.09          2.42 1929   0.11   1.98     0.00
  MONTH TO DATE    3.05                      2.85   0.20     5.81
  SINCE MAR 1     10.26                      6.58   3.68    15.75
  SINCE JAN 1     13.10                     10.05   3.05    18.04

SNOWFALL (IN)
  YESTERDAY        0.0
  MONTH TO DATE    0.0
  SINCE MAR 1      0.0
  SINCE JUL 1      0.0
  SNOW DEPTH       0

DEGREE DAYS
 HEATING
  YESTERDAY        0                         0      0        0
  MONTH TO DATE    0                         0      0        0
  SINCE MAR 1     16                        98    -82       21
  SINCE JUL 1    368                       898   -530      640

 COOLING
  YESTERDAY       13                        16     -3       19
  MONTH TO DATE  385                       382      3      428
  SINCE MAR 1    891                       734    157      926
  SINCE JAN 1   1160                       810    350     1003
..................................................................


WIND (MPH)
  HIGHEST WIND SPEED    40   HIGHEST WIND DIRECTION     N (350)
  HIGHEST GUST SPEED    46   HIGHEST GUST DIRECTION     N (360)
  AVERAGE WIND SPEED    10.3


SKY COVER
  POSSIBLE SUNSHINE  MM
  AVERAGE SKY COVER 0.8


WEATHER CONDITIONS
 THE FOLLOWING WEATHER WAS RECORDED YESTERDAY.
  THUNDERSTORM
  HEAVY RAIN
  RAIN
  LIGHT RAIN
  FOG


RELATIVE HUMIDITY (PERCENT)
 HIGHEST   100           200 AM
 LOWEST     57           300 PM
 AVERAGE    79

..........................................................


THE CORPUS CHRISTI CLIMATE NORMALS FOR TODAY
                         NORMAL    RECORD    YEAR
 MAXIMUM TEMPERATURE (F)   89        95      2013
                                             2003
                                             1994
 MINIMUM TEMPERATURE (F)   72        59      1984


SUNRISE AND SUNSET
MAY 30 2017...........SUNRISE   635 AM CDT   SUNSET   821 PM CDT
MAY 31 2017...........SUNRISE   634 AM CDT   SUNSET   821 PM CDT


-  INDICATES NEGATIVE NUMBERS.
R  INDICATES RECORD WAS SET OR TIED.
MM INDICATES DATA IS MISSING.
T  INDICATES TRACE AMOUNT.




$$
