000
CDUS44 KCRP 200648
CLICRP

CLIMATE REPORT
NATIONAL WEATHER SERVICE CORPUS CHRISTI TX
146 AM CDT WED AUG 20 2014


...................................

...THE CORPUS CHRISTI CLIMATE SUMMARY FOR AUGUST 19 2014...

CLIMATE NORMAL PERIOD 1981 TO 2010
CLIMATE RECORD PERIOD 1887 TO 2014


WEATHER ITEM   OBSERVED TIME   RECORD YEAR NORMAL DEPARTURE LAST
                VALUE   (LST)  VALUE       VALUE  FROM      YEAR
                                                  NORMAL
..................................................................
TEMPERATURE (F)
 YESTERDAY
  MAXIMUM         95    245 PM 101    2011  95      0       96
  MINIMUM         79    645 AM  69    1992  75      4       72
  AVERAGE         87                        85      2       84

PRECIPITATION (IN)
  YESTERDAY        0.00          1.35 1961   0.10  -0.10     0.00
  MONTH TO DATE    1.04                      1.39  -0.35     0.33
  SINCE JUN 1      3.19                      7.54  -4.35     5.40
  SINCE JAN 1     10.29                     17.81  -7.52    10.13

SNOWFALL (IN)
  YESTERDAY        0.0
  MONTH TO DATE    0.0
  SINCE JUN 1      0.0
  SINCE JUL 1      0.0
  SNOW DEPTH       0

DEGREE DAYS
 HEATING
  YESTERDAY        0                         0      0        0
  MONTH TO DATE    0                         0      0        0
  SINCE JUN 1      0                         0      0        0
  SINCE JUL 1      0                         0      0        0

 COOLING
  YESTERDAY       22                        20      2       19
  MONTH TO DATE  417                       380     37      433
  SINCE JUN 1   1644                      1489    155     1748
  SINCE JAN 1   2450                      2330    120     2766
..................................................................


WIND (MPH)
  HIGHEST WIND SPEED    30   HIGHEST WIND DIRECTION     S (160)
  HIGHEST GUST SPEED    36   HIGHEST GUST DIRECTION    SE (140)
  AVERAGE WIND SPEED    17.6


SKY COVER
  POSSIBLE SUNSHINE  MM
  AVERAGE SKY COVER 0.4


WEATHER CONDITIONS
 THE FOLLOWING WEATHER WAS RECORDED YESTERDAY.
  NO SIGNIFICANT WEATHER WAS OBSERVED.


RELATIVE HUMIDITY (PERCENT)
 HIGHEST    91           200 AM
 LOWEST     52           100 PM
 AVERAGE    72

..........................................................


THE CORPUS CHRISTI CLIMATE NORMALS FOR TODAY
                         NORMAL    RECORD    YEAR
 MAXIMUM TEMPERATURE (F)   95       100      1999
                                             1948
 MINIMUM TEMPERATURE (F)   75        70      1913
                                             1908


SUNRISE AND SUNSET
AUGUST 20 2014........SUNRISE   703 AM CDT   SUNSET   803 PM CDT
AUGUST 21 2014........SUNRISE   703 AM CDT   SUNSET   802 PM CDT


-  INDICATES NEGATIVE NUMBERS.
R  INDICATES RECORD WAS SET OR TIED.
MM INDICATES DATA IS MISSING.
T  INDICATES TRACE AMOUNT.

$$

GW
