000
CDUS44 KCRP 160817
CLICRP

CLIMATE REPORT
NATIONAL WEATHER SERVICE CORPUS CHRISTI TX
215 AM CST TUE JAN 16 2018


...................................

...THE CORPUS CHRISTI CLIMATE SUMMARY FOR JANUARY 15 2018...

CLIMATE NORMAL PERIOD 1981 TO 2010
CLIMATE RECORD PERIOD 1887 TO 2018


WEATHER ITEM   OBSERVED TIME   RECORD YEAR NORMAL DEPARTURE LAST
                VALUE   (LST)  VALUE       VALUE  FROM      YEAR
                                                  NORMAL
..................................................................
TEMPERATURE (F)
 YESTERDAY
  MAXIMUM         74    225 PM  80    2017  67      7       80
                                      2016
                                      1996
  MINIMUM         45    457 AM  16    1888  47     -2       66
  AVERAGE         60                        57      3       73

PRECIPITATION (IN)
  YESTERDAY        0.00          1.65 2010   0.05  -0.05     0.00
  MONTH TO DATE    T                         0.76  -0.76     0.07
  SINCE DEC 1      4.38                      2.59   1.79     2.27
  SINCE JAN 1      T                         0.76  -0.76     0.07

SNOWFALL (IN)
  YESTERDAY        0.0
  MONTH TO DATE    0.0
  SINCE DEC 1      1.0
  SINCE JUL 1      1.0
  SNOW DEPTH       0

DEGREE DAYS
 HEATING
  YESTERDAY        5                         9     -4        0
  MONTH TO DATE  196                       135     61       92
  SINCE DEC 1    485                       385    100      241
  SINCE JUL 1    549                       486     63      259

 COOLING
  YESTERDAY        0                         1     -1        8
  MONTH TO DATE    1                        15    -14       55
  SINCE DEC 1     39                        64    -25      143
  SINCE JAN 1      1                        15    -14       55
..................................................................


WIND (MPH)
  HIGHEST WIND SPEED    24   HIGHEST WIND DIRECTION     S (160)
  HIGHEST GUST SPEED    29   HIGHEST GUST DIRECTION    SE (150)
  AVERAGE WIND SPEED    11.2


SKY COVER
  POSSIBLE SUNSHINE  MM
  AVERAGE SKY COVER 0.7


WEATHER CONDITIONS
 THE FOLLOWING WEATHER WAS RECORDED YESTERDAY.
  NO SIGNIFICANT WEATHER WAS OBSERVED.


RELATIVE HUMIDITY (PERCENT)
 HIGHEST   100           400 AM
 LOWEST     41           200 PM
 AVERAGE    71

..........................................................


THE CORPUS CHRISTI CLIMATE NORMALS FOR TODAY
                         NORMAL    RECORD    YEAR
 MAXIMUM TEMPERATURE (F)   67        83      2006
                                             1978
 MINIMUM TEMPERATURE (F)   47        16      1888


SUNRISE AND SUNSET
JANUARY 16 2018.......SUNRISE   722 AM CST   SUNSET   558 PM CST
JANUARY 17 2018.......SUNRISE   722 AM CST   SUNSET   559 PM CST


-  INDICATES NEGATIVE NUMBERS.
R  INDICATES RECORD WAS SET OR TIED.
MM INDICATES DATA IS MISSING.
T  INDICATES TRACE AMOUNT.




$$
