000
CDUS41 KRLX 030721
CLICRW


CLIMATE REPORT
NATIONAL WEATHER SERVICE CHARLESTON WV
320 AM EDT TUE MAY 3 2016


...................................

...THE CHARLESTON WV CLIMATE SUMMARY FOR MAY 2 2016...

CLIMATE NORMAL PERIOD 1981 TO 2010
CLIMATE RECORD PERIOD 1901 TO 2016


WEATHER ITEM   OBSERVED TIME   RECORD YEAR NORMAL DEPARTURE LAST
                VALUE   (LST)  VALUE       VALUE  FROM      YEAR
                                                  NORMAL
..................................................................
TEMPERATURE (F)
 YESTERDAY
  MAXIMUM         78    151 PM  91    1933  72      6       75
  MINIMUM         57    154 AM  28    1963  49      8       43
  AVERAGE         68                        60      8       59

PRECIPITATION (IN)
  YESTERDAY        0.26          0.99 1985   0.14   0.12     0.00
  MONTH TO DATE    1.58                      0.27   1.31     0.02
  SINCE JAN 1     13.35                     13.61  -0.26    17.28

SNOWFALL (IN)
  YESTERDAY        0.0
  MONTH TO DATE    0.0
  SINCE SEP 1     33.5
  SNOW DEPTH       0

DEGREE DAYS
 HEATING
  YESTERDAY        0                         6     -6        6
  MONTH TO DATE    0                        12    -12       14
  SINCE MAR 1    643                       906   -263      890
  SINCE JUL 1   3578                      4360   -782     4795

 COOLING
  YESTERDAY        3                         1      2        0
  MONTH TO DATE    8                         2      6        0
  SINCE MAR 1     54                        34     20       15
  SINCE JAN 1     54                        34     20       15
..................................................................


WIND (MPH)
  HIGHEST WIND SPEED    21   HIGHEST WIND DIRECTION     W (260)
  HIGHEST GUST SPEED    24   HIGHEST GUST DIRECTION     W (260)
  AVERAGE WIND SPEED     6.1


SKY COVER
  POSSIBLE SUNSHINE  MM
  AVERAGE SKY COVER 0.7


WEATHER CONDITIONS
 THE FOLLOWING WEATHER WAS RECORDED YESTERDAY.
  THUNDERSTORM
  RAIN
  LIGHT RAIN
  FOG
  FOG W/VISIBILITY <= 1/4 MILE


RELATIVE HUMIDITY (PERCENT)
 HIGHEST   100           100 AM
 LOWEST     43           200 PM
 AVERAGE    72

..........................................................


THE CHARLESTON WV CLIMATE NORMALS FOR TODAY
                         NORMAL    RECORD    YEAR
 MAXIMUM TEMPERATURE (F)   72        92      1942
 MINIMUM TEMPERATURE (F)   49        31      2005


SUNRISE AND SUNSET
MAY  3 2016...........SUNRISE   627 AM EDT   SUNSET   820 PM EDT
MAY  4 2016...........SUNRISE   626 AM EDT   SUNSET   821 PM EDT


-  INDICATES NEGATIVE NUMBERS.
R  INDICATES RECORD WAS SET OR TIED.
MM INDICATES DATA IS MISSING.
T  INDICATES TRACE AMOUNT.




$$
