000
CDUS41 KRLX 160816
CLICRW


CLIMATE REPORT
NATIONAL WEATHER SERVICE CHARLESTON WV
316 AM EST SAT DEC 16 2017


...................................

...THE CHARLESTON WV CLIMATE SUMMARY FOR DECEMBER 15 2017...

CLIMATE NORMAL PERIOD 1981 TO 2010
CLIMATE RECORD PERIOD 1901 TO 2017


WEATHER ITEM   OBSERVED TIME   RECORD YEAR NORMAL DEPARTURE LAST
                VALUE   (LST)  VALUE       VALUE  FROM      YEAR
                                                  NORMAL
..................................................................
TEMPERATURE (F)
 YESTERDAY
  MAXIMUM         33   1159 PM  79    1971  45    -12       30
  MINIMUM         28    849 AM   0    1914  29     -1       11
  AVERAGE         31                        37     -6       21

PRECIPITATION (IN)
  YESTERDAY        0.00          1.91 1948   0.10  -0.10     0.00
  MONTH TO DATE    0.48                      1.65  -1.17     1.07
  SINCE JAN 1     44.69                     42.41   2.28    39.17

SNOWFALL (IN)
  YESTERDAY        0.0           6.0  1916   0.2   -0.2      0.0
  MONTH TO DATE    1.2                       2.6   -1.4      0.2
  SINCE SEP 1      1.2                       4.0   -2.8      0.3
  SNOW DEPTH       0

DEGREE DAYS
 HEATING
  YESTERDAY       34                        28      6       44
  MONTH TO DATE  402                       387     15      413
  SINCE DEC 1    402                       387     15      413
  SINCE JUL 1   1188                      1271    -83     1067

 COOLING
  YESTERDAY        0                         0      0        0
  MONTH TO DATE    0                         0      0        0
  SINCE DEC 1      0                         0      0        0
  SINCE JAN 1   1138                      1096     42     1473
..................................................................


WIND (MPH)
  HIGHEST WIND SPEED    23   HIGHEST WIND DIRECTION    SW (240)
  HIGHEST GUST SPEED    29   HIGHEST GUST DIRECTION    SW (240)
  AVERAGE WIND SPEED     6.2


SKY COVER
  POSSIBLE SUNSHINE  MM
  AVERAGE SKY COVER 1.0


WEATHER CONDITIONS
 THE FOLLOWING WEATHER WAS RECORDED YESTERDAY.
  NO SIGNIFICANT WEATHER WAS OBSERVED.


RELATIVE HUMIDITY (PERCENT)
 HIGHEST    69          1200 AM
 LOWEST     49           300 PM
 AVERAGE    59

..........................................................


THE CHARLESTON WV CLIMATE NORMALS FOR TODAY
                         NORMAL    RECORD    YEAR
 MAXIMUM TEMPERATURE (F)   45        70      2015
                                             1940
                                             1929
 MINIMUM TEMPERATURE (F)   29         0      1914


SUNRISE AND SUNSET
DECEMBER 16 2017......SUNRISE   737 AM EST   SUNSET   507 PM EST
DECEMBER 17 2017......SUNRISE   738 AM EST   SUNSET   508 PM EST


-  INDICATES NEGATIVE NUMBERS.
R  INDICATES RECORD WAS SET OR TIED.
MM INDICATES DATA IS MISSING.
T  INDICATES TRACE AMOUNT.




$$
