000
CDUS41 KRLX 202117
CLICRW


CLIMATE REPORT
NATIONAL WEATHER SERVICE CHARLESTON WV
517 PM EDT FRI OCT 20 2017


...................................

...THE CHARLESTON WV CLIMATE SUMMARY FOR OCTOBER 20 2017...
VALID TODAY AS OF 0500 PM LOCAL TIME.

CLIMATE NORMAL PERIOD 1981 TO 2010
CLIMATE RECORD PERIOD 1901 TO 2017


WEATHER ITEM   OBSERVED TIME   RECORD YEAR NORMAL DEPARTURE LAST
                VALUE   (LST)  VALUE       VALUE  FROM      YEAR
                                                  NORMAL
..................................................................
TEMPERATURE (F)
 TODAY
  MAXIMUM         77    359 PM  87    1920  67     10       84
  MINIMUM         44    615 AM  23    1992  44      0       60
  AVERAGE         61                        55      6       72

PRECIPITATION (IN)
  TODAY            0.00          1.55 1983   0.08  -0.08     1.00
  MONTH TO DATE    1.66                      1.66   0.00     2.45
  SINCE SEP 1      4.05                      4.91  -0.86     4.30
  SINCE JAN 1     39.49                     36.02   3.47    33.80

DEGREE DAYS
 HEATING
  TODAY            4                        10     -6        0
  MONTH TO DATE   59                       153    -94       56
  SINCE SEP 1     96                       209   -113       63
  SINCE JUL 1     96                       211   -115       63

 COOLING
  TODAY            0                         0      0        7
  MONTH TO DATE   68                        16     52       37
  SINCE SEP 1    199                       143     56      286
  SINCE JAN 1   1137                      1089     48     1467
..................................................................


WIND (MPH)
  HIGHEST WIND SPEED     7   HIGHEST WIND DIRECTION     S (190)
  HIGHEST GUST SPEED    10   HIGHEST GUST DIRECTION    SW (220)
  AVERAGE WIND SPEED     1.5


SKY COVER
  POSSIBLE SUNSHINE  MM
  AVERAGE SKY COVER 0.0


WEATHER CONDITIONS
 THE FOLLOWING WEATHER WAS RECORDED TODAY.
  FOG


RELATIVE HUMIDITY (PERCENT)
 HIGHEST    93          1200 AM
 LOWEST     29           400 PM
 AVERAGE    61

..........................................................


THE CHARLESTON WV CLIMATE NORMALS FOR TOMORROW
                         NORMAL    RECORD    YEAR
 MAXIMUM TEMPERATURE (F)   66        89      1920
 MINIMUM TEMPERATURE (F)   44        18      1952


SUNRISE AND SUNSET
OCTOBER 20 2017.......SUNRISE   741 AM EDT   SUNSET   641 PM EDT
OCTOBER 21 2017.......SUNRISE   742 AM EDT   SUNSET   640 PM EDT


-  INDICATES NEGATIVE NUMBERS.
R  INDICATES RECORD WAS SET OR TIED.
MM INDICATES DATA IS MISSING.
T  INDICATES TRACE AMOUNT.




$$
