000
CDUS41 KRLX 252128
CLICRW


CLIMATE REPORT
NATIONAL WEATHER SERVICE CHARLESTON WV
527 PM EDT SAT MAR 25 2017


...................................

...THE CHARLESTON WV CLIMATE SUMMARY FOR MARCH 25 2017...
VALID TODAY AS OF 0500 PM LOCAL TIME.

CLIMATE NORMAL PERIOD 1981 TO 2010
CLIMATE RECORD PERIOD 1901 TO 2017


WEATHER ITEM   OBSERVED TIME   RECORD YEAR NORMAL DEPARTURE LAST
                VALUE   (LST)  VALUE       VALUE  FROM      YEAR
                                                  NORMAL
..................................................................
TEMPERATURE (F)
 TODAY
  MAXIMUM         77    328 PM  90    1929  60     17       63
  MINIMUM         59    705 AM  17    1960  38     21       45
  AVERAGE         68                        49     19       54

PRECIPITATION (IN)
  TODAY            0.00          1.00 1921   0.12  -0.12     0.17
  MONTH TO DATE    2.17                      3.20  -1.03     2.30
  SINCE MAR 1      2.17                      3.20  -1.03     2.30
  SINCE JAN 1      9.47                      9.39   0.08     8.47

DEGREE DAYS
 HEATING
  TODAY            0                        16    -16       11
  MONTH TO DATE  542                       508     34      340
  SINCE MAR 1    542                       508     34      340
  SINCE JUL 1   3249                      3962   -713     3275

 COOLING
  TODAY            3                         0      3        0
  MONTH TO DATE    3                         0      3        1
  SINCE MAR 1      3                         0      3        1
  SINCE JAN 1      3                         0      3        1
..................................................................


WIND (MPH)
  HIGHEST WIND SPEED    10   HIGHEST WIND DIRECTION    SW (220)
  HIGHEST GUST SPEED    15   HIGHEST GUST DIRECTION    SW (220)
  AVERAGE WIND SPEED     3.2


SKY COVER
  POSSIBLE SUNSHINE  MM
  AVERAGE SKY COVER 0.9


WEATHER CONDITIONS
 THE FOLLOWING WEATHER WAS RECORDED TODAY.
  NO SIGNIFICANT WEATHER WAS OBSERVED.


RELATIVE HUMIDITY (PERCENT)
 HIGHEST    67           700 AM
 LOWEST     36           100 PM
 AVERAGE    52

..........................................................


THE CHARLESTON WV CLIMATE NORMALS FOR TOMORROW
                         NORMAL    RECORD    YEAR
 MAXIMUM TEMPERATURE (F)   60        92      1929
 MINIMUM TEMPERATURE (F)   38        16      1955


SUNRISE AND SUNSET
MARCH 25 2017.........SUNRISE   722 AM EDT   SUNSET   743 PM EDT
MARCH 26 2017.........SUNRISE   720 AM EDT   SUNSET   744 PM EDT


-  INDICATES NEGATIVE NUMBERS.
R  INDICATES RECORD WAS SET OR TIED.
MM INDICATES DATA IS MISSING.
T  INDICATES TRACE AMOUNT.




$$
