418
CDUS41 KRLX 082221
CLICRW


CLIMATE REPORT
NATIONAL WEATHER SERVICE CHARLESTON WV
520 PM EST MON FEB 8 2016


...................................

...THE CHARLESTON WV CLIMATE SUMMARY FOR FEBRUARY 8 2016...
VALID TODAY AS OF 0500 PM LOCAL TIME.

CLIMATE NORMAL PERIOD 1981 TO 2010
CLIMATE RECORD PERIOD 1901 TO 2016


WEATHER ITEM   OBSERVED TIME   RECORD YEAR NORMAL DEPARTURE LAST
                VALUE   (LST)  VALUE       VALUE  FROM      YEAR
                                                  NORMAL
..................................................................
TEMPERATURE (F)
 TODAY
  MAXIMUM         46    345 PM  77    1937  45      1       65
  MINIMUM         30    604 AM   0    1977  28      2       31
                                      1967
  AVERAGE         38                        36      2       48

PRECIPITATION (IN)
  TODAY            T             1.07 1994   0.11  -0.11     0.04
  MONTH TO DATE    0.73                      0.86  -0.13     0.67
  SINCE DEC 1      8.86                      7.13   1.73     5.75
  SINCE JAN 1      3.27                      3.86  -0.59     2.90

DEGREE DAYS
 HEATING
  TODAY           27                        29     -2       17
  MONTH TO DATE  176                       234    -58      234
  SINCE DEC 1   1697                      2038   -341     2001
  SINCE JUL 1   2349                      2922   -573     3044

 COOLING
  TODAY            0                         0      0        0
  MONTH TO DATE    0                         0      0        0
  SINCE DEC 1      0                         1     -1        0
  SINCE JAN 1      0                         0      0        0
..................................................................


WIND (MPH)
  HIGHEST WIND SPEED    17   HIGHEST WIND DIRECTION    SW (240)
  HIGHEST GUST SPEED    25   HIGHEST GUST DIRECTION     W (260)
  AVERAGE WIND SPEED     4.1


SKY COVER
  POSSIBLE SUNSHINE  MM
  AVERAGE SKY COVER 0.8


WEATHER CONDITIONS
 THE FOLLOWING WEATHER WAS RECORDED TODAY.
  SNOW
  FOG


RELATIVE HUMIDITY (PERCENT)
 HIGHEST    78           300 AM
 LOWEST     45           300 PM
 AVERAGE    62

..........................................................


THE CHARLESTON WV CLIMATE NORMALS FOR TOMORROW
                         NORMAL    RECORD    YEAR
 MAXIMUM TEMPERATURE (F)   45        77      1925
 MINIMUM TEMPERATURE (F)   28         0      1985


SUNRISE AND SUNSET
FEBRUARY  8 2016......SUNRISE   725 AM EST   SUNSET   556 PM EST
FEBRUARY  9 2016......SUNRISE   724 AM EST   SUNSET   557 PM EST


-  INDICATES NEGATIVE NUMBERS.
R  INDICATES RECORD WAS SET OR TIED.
MM INDICATES DATA IS MISSING.
T  INDICATES TRACE AMOUNT.




$$
