000
CDUS41 KRLX 261132
CLICRW


CLIMATE REPORT
NATIONAL WEATHER SERVICE CHARLESTON WV
732 AM EDT MON JUN 26 2017


...................................

...THE CHARLESTON WV CLIMATE SUMMARY FOR JUNE 25 2017...

CLIMATE NORMAL PERIOD 1981 TO 2010
CLIMATE RECORD PERIOD 1901 TO 2017


WEATHER ITEM   OBSERVED TIME   RECORD YEAR NORMAL DEPARTURE LAST
                VALUE   (LST)  VALUE       VALUE  FROM      YEAR
                                                  NORMAL
..................................................................
TEMPERATURE (F)
 YESTERDAY
  MAXIMUM         79    327 PM 103    1930  84     -5       88
  MINIMUM         61   1102 PM  46    1979  64     -3       69
  AVERAGE         70                        74     -4       79

PRECIPITATION (IN)
  YESTERDAY        0.00          0.82 2006   0.14  -0.14     0.00
  MONTH TO DATE    8.33                      3.62   4.71     4.76
  SINCE JAN 1     28.06                     21.76   6.30    21.62

SNOWFALL (IN)
  YESTERDAY        0.0
  MONTH TO DATE    0.0
  SINCE SEP 1      7.5
  SNOW DEPTH       0

DEGREE DAYS
 HEATING
  YESTERDAY        0                         0      0        0
  MONTH TO DATE    5                        10     -5        3
  SINCE JUN 1      5                        10     -5        3
  SINCE JUL 1   3533                      4475   -942     3719

 COOLING
  YESTERDAY        5                         9     -4       14
  MONTH TO DATE  171                       172     -1      209
  SINCE JUN 1    171                       172     -1      209
  SINCE JAN 1    316                       282     34      339
..................................................................


WIND (MPH)
  HIGHEST WIND SPEED    15   HIGHEST WIND DIRECTION    SW (240)
  HIGHEST GUST SPEED    22   HIGHEST GUST DIRECTION     W (260)
  AVERAGE WIND SPEED     6.1


SKY COVER
  POSSIBLE SUNSHINE  MM
  AVERAGE SKY COVER 0.5


WEATHER CONDITIONS
 THE FOLLOWING WEATHER WAS RECORDED YESTERDAY.
  FOG


RELATIVE HUMIDITY (PERCENT)
 HIGHEST   100           300 AM
 LOWEST     32           300 PM
 AVERAGE    66

..........................................................


THE CHARLESTON WV CLIMATE NORMALS FOR TODAY
                         NORMAL    RECORD    YEAR
 MAXIMUM TEMPERATURE (F)   85        99      1934
                                             1917
 MINIMUM TEMPERATURE (F)   64        48      1979


SUNRISE AND SUNSET
JUNE 26 2017..........SUNRISE   604 AM EDT   SUNSET   854 PM EDT
JUNE 27 2017..........SUNRISE   605 AM EDT   SUNSET   854 PM EDT


-  INDICATES NEGATIVE NUMBERS.
R  INDICATES RECORD WAS SET OR TIED.
MM INDICATES DATA IS MISSING.
T  INDICATES TRACE AMOUNT.




$$
