000
CDUS42 KFFC 270818
CLICSG


CLIMATE REPORT
NATIONAL WEATHER SERVICE PEACHTREE CITY GA
418 AM EDT TUE JUN 27 2017


...................................

...THE COLUMBUS CLIMATE SUMMARY FOR JUNE 26 2017...

CLIMATE NORMAL PERIOD 1981 TO 2010
CLIMATE RECORD PERIOD 1948 TO 2017


WEATHER ITEM   OBSERVED TIME   RECORD YEAR NORMAL DEPARTURE LAST
                VALUE   (LST)  VALUE       VALUE  FROM      YEAR
                                                  NORMAL
..................................................................
TEMPERATURE (F)
 YESTERDAY
  MAXIMUM         88    505 PM 105    1914  92     -4       94
  MINIMUM         68    613 AM  60    1974  72     -4       72
                                      1940
  AVERAGE         78                        82     -4       83

PRECIPITATION (IN)
  YESTERDAY        0.00          1.60 1983   0.14  -0.14      T
  MONTH TO DATE    2.66                      3.19  -0.53     2.01
  SINCE JUN 1      2.66                      3.19  -0.53     2.01
  SINCE JAN 1     28.23                     23.68   4.55    21.45

DEGREE DAYS
 HEATING
  YESTERDAY        0                         0      0        0
  MONTH TO DATE    0                         0      0        0
  SINCE JUN 1      0                         0      0        0
  SINCE JUL 1   1369                      2120   -751     1611

 COOLING
  YESTERDAY       13                        17     -4       18
  MONTH TO DATE  368                       378    -10      426
  SINCE JUN 1    368                       378    -10      426
  SINCE JAN 1    920                       736    184      812
..................................................................


WIND (MPH)
  HIGHEST WIND SPEED    14   HIGHEST WIND DIRECTION    NE (40)
  HIGHEST GUST SPEED    18   HIGHEST GUST DIRECTION    NE (40)
  AVERAGE WIND SPEED     5.5


SKY COVER
  AVERAGE SKY COVER 0.0


WEATHER CONDITIONS
 THE FOLLOWING WEATHER WAS RECORDED YESTERDAY.
  NO SIGNIFICANT WEATHER WAS OBSERVED.


RELATIVE HUMIDITY (PERCENT)
 HIGHEST    76           200 AM
 LOWEST     39           500 PM
 AVERAGE    58

..........................................................


THE COLUMBUS CLIMATE NORMALS FOR TODAY
                         NORMAL    RECORD    YEAR
 MAXIMUM TEMPERATURE (F)   92       104      1914
 MINIMUM TEMPERATURE (F)   72        61      1974


SUNRISE AND SUNSET
JUNE 27 2017..........SUNRISE   635 AM EDT   SUNSET   851 PM EDT
JUNE 28 2017..........SUNRISE   635 AM EDT   SUNSET   851 PM EDT


-  INDICATES NEGATIVE NUMBERS.
R  INDICATES RECORD WAS SET OR TIED.
MM INDICATES DATA IS MISSING.
T  INDICATES TRACE AMOUNT.




$$
