000
CDUS42 KFFC 140821
CLICSG


CLIMATE REPORT
NATIONAL WEATHER SERVICE PEACHTREE CITY GA
421 AM EDT MON JUL 14 2014


...................................

...THE COLUMBUS CLIMATE SUMMARY FOR JULY 13 2014...

CLIMATE NORMAL PERIOD 1981 TO 2010
CLIMATE RECORD PERIOD 1948 TO 2014


WEATHER ITEM   OBSERVED TIME   RECORD YEAR NORMAL DEPARTURE LAST
                VALUE   (LST)  VALUE       VALUE  FROM      YEAR
                                                  NORMAL
..................................................................
TEMPERATURE (F)
 YESTERDAY
  MAXIMUM         93    329 PM 103    1980  92      1       86
  MINIMUM         71    656 AM  62    1963  73     -2       70
  AVERAGE         82                        83     -1       78

PRECIPITATION (IN)
  YESTERDAY        0.00          1.87 1950   0.16  -0.16     0.13
  MONTH TO DATE    0.33                      2.07  -1.74     4.62
  SINCE JUN 1      4.54                      5.79  -1.25    11.94
  SINCE JAN 1     30.33                     26.28   4.05    37.55

DEGREE DAYS
 HEATING
  YESTERDAY        0                         0      0        0
  MONTH TO DATE    0                         0      0        0
  SINCE JUN 1      0                         0      0        0
  SINCE JUL 1      0                         0      0        0

 COOLING
  YESTERDAY       17                        18     -1       13
  MONTH TO DATE  219                       226     -7      180
  SINCE JUN 1    678                       672      6      642
  SINCE JAN 1   1014                      1030    -16     1005
..................................................................


WIND (MPH)
  HIGHEST WIND SPEED     9   HIGHEST WIND DIRECTION    SW (240)
  HIGHEST GUST SPEED    13   HIGHEST GUST DIRECTION     S (200)
  AVERAGE WIND SPEED     3.4


SKY COVER
  AVERAGE SKY COVER 0.3


WEATHER CONDITIONS
 THE FOLLOWING WEATHER WAS RECORDED YESTERDAY.
  FOG


RELATIVE HUMIDITY (PERCENT)
 HIGHEST   100           700 AM
 LOWEST     44           400 PM
 AVERAGE    72

..........................................................


THE COLUMBUS CLIMATE NORMALS FOR TODAY
                         NORMAL    RECORD    YEAR
 MAXIMUM TEMPERATURE (F)   92       102      1977
                                             1966
 MINIMUM TEMPERATURE (F)   73        64      1953


SUNRISE AND SUNSET
JULY 14 2014..........SUNRISE   643 AM EDT   SUNSET   848 PM EDT
JULY 15 2014..........SUNRISE   643 AM EDT   SUNSET   848 PM EDT


-  INDICATES NEGATIVE NUMBERS.
R  INDICATES RECORD WAS SET OR TIED.
MM INDICATES DATA IS MISSING.
T  INDICATES TRACE AMOUNT.




$$
