000
CDUS42 KFFC 272052
CLICSG


CLIMATE REPORT
NATIONAL WEATHER SERVICE PEACHTREE CITY GA
440 PM EDT WED MAY 27 2015


...................................

...THE COLUMBUS CLIMATE SUMMARY FOR MAY 27 2015...
VALID TODAY AS OF 0400 PM LOCAL TIME.

CLIMATE NORMAL PERIOD 1981 TO 2010
CLIMATE RECORD PERIOD 1948 TO 2015


WEATHER ITEM   OBSERVED TIME   RECORD YEAR NORMAL DEPARTURE LAST
                VALUE   (LST)  VALUE       VALUE  FROM      YEAR
                                                  NORMAL
..................................................................
TEMPERATURE (F)
 TODAY
  MAXIMUM         85    239 PM  97    1953  87     -2       84
  MINIMUM         65    543 AM  45    1961  65      0       69
  AVERAGE         75                        76     -1       77

PRECIPITATION (IN)
  TODAY            0.00          1.79 1991   0.10  -0.10      T
  MONTH TO DATE    2.88                      2.75   0.13     2.47
  SINCE MAR 1     11.81                     11.76   0.05    17.17
  SINCE JAN 1     19.18                     20.05  -0.87    25.49

DEGREE DAYS
 HEATING
  TODAY            0                         0      0        0
  MONTH TO DATE    2                         6     -4       15
  SINCE MAR 1    202                       341   -139      406
  SINCE JUL 1   2212                      2118     94     2349

 COOLING
  TODAY           10                        11     -1       12
  MONTH TO DATE  246                       207     39      213
  SINCE MAR 1    395                       307     88      281
  SINCE JAN 1    395                       311     84      284
..................................................................


WIND (MPH)
  RESULTANT WIND SPEED   2   RESULTANT WIND DIRECTION  SE (120)
  HIGHEST WIND SPEED    10   HIGHEST WIND DIRECTION    SE (140)
  HIGHEST GUST SPEED    14   HIGHEST GUST DIRECTION     S (160)
  AVERAGE WIND SPEED     2.4


SKY COVER
  AVERAGE SKY COVER 0.6


WEATHER CONDITIONS
 THE FOLLOWING WEATHER WAS RECORDED TODAY.
  FOG


RELATIVE HUMIDITY (PERCENT)
 HIGHEST    93          1200 AM
 LOWEST     58           300 PM
 AVERAGE    76

..........................................................


THE COLUMBUS CLIMATE NORMALS FOR TOMORROW
                         NORMAL    RECORD    YEAR
 MAXIMUM TEMPERATURE (F)   87        97      2006
                                             1962
 MINIMUM TEMPERATURE (F)   66        43      1961


SUNRISE AND SUNSET
MAY 27 2015...........SUNRISE   635 AM EDT   SUNSET   839 PM EDT
MAY 28 2015...........SUNRISE   635 AM EDT   SUNSET   840 PM EDT


-  INDICATES NEGATIVE NUMBERS.
R  INDICATES RECORD WAS SET OR TIED.
MM INDICATES DATA IS MISSING.
T  INDICATES TRACE AMOUNT.




$$
