000
CDUS42 KFFC 210917
CLICSG


CLIMATE REPORT
NATIONAL WEATHER SERVICE PEACHTREE CITY GA
417 AM EST SUN JAN 21 2018


...................................

...THE COLUMBUS CLIMATE SUMMARY FOR JANUARY 20 2018...

CLIMATE NORMAL PERIOD 1981 TO 2010
CLIMATE RECORD PERIOD 1948 TO 2018


WEATHER ITEM   OBSERVED TIME   RECORD YEAR NORMAL DEPARTURE LAST
                VALUE   (LST)  VALUE       VALUE  FROM      YEAR
                                                  NORMAL
..................................................................
TEMPERATURE (F)
 YESTERDAY
  MAXIMUM         62    521 PM  78    1907  58      4       73
  MINIMUM         29    754 AM   2    1985  37     -8       62
  AVERAGE         46                        47     -1       68

PRECIPITATION (IN)
  YESTERDAY        0.00          2.67 1979   0.12  -0.12     0.03
  MONTH TO DATE    0.89                      2.39  -1.50     8.61
  SINCE DEC 1      3.44                      6.66  -3.22    12.98
  SINCE JAN 1      0.89                      2.39  -1.50     8.61

SNOWFALL (IN)
  YESTERDAY        0.0           0.0  2002   0.1   -0.1      0.0
  MONTH TO DATE    2.0                       0.2    1.8      0.0
  SINCE DEC 1      2.0                       0.3    1.7      0.0
  SINCE JUL 1      2.0                       0.3    1.7      0.0
  SNOW DEPTH       0

DEGREE DAYS
 HEATING
  YESTERDAY       19                        18      1        0
  MONTH TO DATE  485                       360    125      206
  SINCE DEC 1    914                       857     57      593
  SINCE JUL 1   1178                      1189    -11      780

 COOLING
  YESTERDAY        0                         0      0        3
  MONTH TO DATE    2                         0      2        5
  SINCE DEC 1     10                         4      6       10
  SINCE JAN 1      2                         0      2        5
..................................................................


WIND (MPH)
  HIGHEST WIND SPEED     8   HIGHEST WIND DIRECTION     W (280)
  HIGHEST GUST SPEED    11   HIGHEST GUST DIRECTION     W (250)
  AVERAGE WIND SPEED     1.2


SKY COVER
  AVERAGE SKY COVER 0.2


WEATHER CONDITIONS
 THE FOLLOWING WEATHER WAS RECORDED YESTERDAY.
  HAZE


RELATIVE HUMIDITY (PERCENT)
 HIGHEST    78           800 AM
 LOWEST     39           400 PM
 AVERAGE    59

..........................................................


THE COLUMBUS CLIMATE NORMALS FOR TODAY
                         NORMAL    RECORD    YEAR
 MAXIMUM TEMPERATURE (F)   58        79      1937
 MINIMUM TEMPERATURE (F)   37        -2      1985


SUNRISE AND SUNSET
JANUARY 21 2018.......SUNRISE   740 AM EST   SUNSET   603 PM EST
JANUARY 22 2018.......SUNRISE   740 AM EST   SUNSET   603 PM EST


-  INDICATES NEGATIVE NUMBERS.
R  INDICATES RECORD WAS SET OR TIED.
MM INDICATES DATA IS MISSING.
T  INDICATES TRACE AMOUNT.




$$
