000
CDUS42 KFFC 232034
CLICSG


CLIMATE REPORT
NATIONAL WEATHER SERVICE PEACHTREE CITY GA
434 PM EDT TUE SEP 23 2014


...................................

...THE COLUMBUS CLIMATE SUMMARY FOR SEPTEMBER 23 2014...
VALID TODAY AS OF 0400 PM LOCAL TIME.

CLIMATE NORMAL PERIOD 1981 TO 2010
CLIMATE RECORD PERIOD 1948 TO 2014


WEATHER ITEM   OBSERVED TIME   RECORD YEAR NORMAL DEPARTURE LAST
                VALUE   (LST)  VALUE       VALUE  FROM      YEAR
                                                  NORMAL
..................................................................
TEMPERATURE (F)
 TODAY
  MAXIMUM         79    311 PM  94    1980  84     -5       79
  MINIMUM         61    541 AM  45    1983  64     -3       63
  AVERAGE         70                        74     -4       71

PRECIPITATION (IN)
  TODAY            0.00          1.97 1995   0.09  -0.09     0.11
  MONTH TO DATE    4.03                      2.37   1.66     1.05
  SINCE SEP 1      4.03                      2.37   1.66     1.05
  SINCE JAN 1     40.21                     35.11   5.10    51.42

DEGREE DAYS
 HEATING
  TODAY            0                         0      0        0
  MONTH TO DATE    0                         0      0        0
  SINCE SEP 1      0                         0      0        0
  SINCE JUL 1      0                         0      0        0

 COOLING
  TODAY            5                         9     -4        6
  MONTH TO DATE  339                       291     48      345
  SINCE SEP 1    339                       291     48      345
  SINCE JAN 1   2134                      2163    -29     2129
..................................................................


WIND (MPH)
  RESULTANT WIND SPEED   7   RESULTANT WIND DIRECTION   E (80)
  HIGHEST WIND SPEED    20   HIGHEST WIND DIRECTION     E (90)
  HIGHEST GUST SPEED    23   HIGHEST GUST DIRECTION     E (80)
  AVERAGE WIND SPEED     7.6


SKY COVER
  AVERAGE SKY COVER 0.5


WEATHER CONDITIONS
 THE FOLLOWING WEATHER WAS RECORDED TODAY.
  NO SIGNIFICANT WEATHER WAS OBSERVED.


RELATIVE HUMIDITY (PERCENT)
 HIGHEST    93           300 AM
 LOWEST     50           200 PM
 AVERAGE    72

..........................................................


THE COLUMBUS CLIMATE NORMALS FOR TOMORROW
                         NORMAL    RECORD    YEAR
 MAXIMUM TEMPERATURE (F)   84        95      1993
 MINIMUM TEMPERATURE (F)   64        47      1982


SUNRISE AND SUNSET
SEPTEMBER 23 2014.....SUNRISE   729 AM EDT   SUNSET   735 PM EDT
SEPTEMBER 24 2014.....SUNRISE   729 AM EDT   SUNSET   734 PM EDT


-  INDICATES NEGATIVE NUMBERS.
R  INDICATES RECORD WAS SET OR TIED.
MM INDICATES DATA IS MISSING.
T  INDICATES TRACE AMOUNT.




$$
