000
CDUS42 KFFC 260923
CLICSG


CLIMATE REPORT
NATIONAL WEATHER SERVICE PEACHTREE CITY GA
423 AM EST FRI DEC 26 2014


...................................

...THE COLUMBUS CLIMATE SUMMARY FOR DECEMBER 25 2014...

CLIMATE NORMAL PERIOD 1981 TO 2010
CLIMATE RECORD PERIOD 1948 TO 2014


WEATHER ITEM   OBSERVED TIME   RECORD YEAR NORMAL DEPARTURE LAST
                VALUE   (LST)  VALUE       VALUE  FROM      YEAR
                                                  NORMAL
..................................................................
TEMPERATURE (F)
 YESTERDAY
  MAXIMUM         57    405 PM  76    1982  57      0       48
  MINIMUM         38   1159 PM   8    1983  37      1       28
  AVERAGE         48                        47      1       38

PRECIPITATION (IN)
  YESTERDAY        0.00          3.32 1964   0.14  -0.14     0.00
  MONTH TO DATE    3.55                      3.53   0.02     6.55
  SINCE DEC 1      3.55                      3.53   0.02     6.55
  SINCE JAN 1     51.06                     46.01   5.05    60.33

SNOWFALL (IN)
  YESTERDAY        0.0           0.0  2001   0.0    0.0      0.0
  MONTH TO DATE    0.0                       0.1   -0.1      0.0
  SINCE DEC 1      0.0                       0.1   -0.1      0.0
  SINCE JUL 1      0.0                       0.1   -0.1      0.0
  SNOW DEPTH       0

DEGREE DAYS
 HEATING
  YESTERDAY       17                        18     -1       27
  MONTH TO DATE  318                       388    -70      310
  SINCE DEC 1    318                       388    -70      310
  SINCE JUL 1    786                       720     66      658

 COOLING
  YESTERDAY        0                         0      0        0
  MONTH TO DATE    1                         0      1       17
  SINCE DEC 1      1                         0      1       17
  SINCE JAN 1   2314                      2364    -50     2364
..................................................................


WIND (MPH)
  HIGHEST WIND SPEED    17   HIGHEST WIND DIRECTION    NW (320)
  HIGHEST GUST SPEED    22   HIGHEST GUST DIRECTION     N (340)
  AVERAGE WIND SPEED     4.5


SKY COVER
  AVERAGE SKY COVER 0.2


WEATHER CONDITIONS
 THE FOLLOWING WEATHER WAS RECORDED YESTERDAY.
  FOG


RELATIVE HUMIDITY (PERCENT)
 HIGHEST    92           800 AM
 LOWEST     43           300 PM
 AVERAGE    68

..........................................................


THE COLUMBUS CLIMATE NORMALS FOR TODAY
                         NORMAL    RECORD    YEAR
 MAXIMUM TEMPERATURE (F)   57        80      1987
 MINIMUM TEMPERATURE (F)   37        10      1983


SUNRISE AND SUNSET
DECEMBER 26 2014......SUNRISE   740 AM EST   SUNSET   541 PM EST
DECEMBER 27 2014......SUNRISE   740 AM EST   SUNSET   542 PM EST


-  INDICATES NEGATIVE NUMBERS.
R  INDICATES RECORD WAS SET OR TIED.
MM INDICATES DATA IS MISSING.
T  INDICATES TRACE AMOUNT.




$$
