000
CDUS42 KFFC 230021
CLICSG


CLIMATE REPORT
NATIONAL WEATHER SERVICE PEACHTREE CITY GA
821 PM EDT TUE JUL 22 2014


...................................

...THE COLUMBUS CLIMATE SUMMARY FOR JULY 22 2014...
VALID AS OF 0800 PM LOCAL TIME.

CLIMATE NORMAL PERIOD 1981 TO 2010
CLIMATE RECORD PERIOD 1948 TO 2014


WEATHER ITEM   OBSERVED TIME   RECORD YEAR NORMAL DEPARTURE LAST
                VALUE   (LST)  VALUE       VALUE  FROM      YEAR
                                                  NORMAL
..................................................................
TEMPERATURE (F)
 TODAY
  MAXIMUM         87    413 PM 101    2010  92     -5       89
                                      1993
  MINIMUM         70    753 AM  64    2009  73     -3       73
                                      1956
  AVERAGE         79                        83     -4       81

PRECIPITATION (IN)
  TODAY            1.22          2.57 1992   0.15   1.07     0.16
  MONTH TO DATE    4.49                      3.48   1.01     5.31
  SINCE JUN 1      8.70                      7.20   1.50    12.63
  SINCE JAN 1     34.49                     27.69   6.80    38.24

DEGREE DAYS
 COOLING
  TODAY           14                        18     -4       16
  MONTH TO DATE  337                       388    -51      331
  SINCE JUN 1    796                       834    -38      793
  SINCE JAN 1   1132                      1192    -60     1156
..................................................................


WIND (MPH)
  HIGHEST WIND SPEED    18   HIGHEST WIND DIRECTION     E (80)
  HIGHEST GUST SPEED    21   HIGHEST GUST DIRECTION     E (90)
  AVERAGE WIND SPEED     3.4


SKY COVER
  AVERAGE SKY COVER 0.8


WEATHER CONDITIONS
 THE FOLLOWING WEATHER WAS RECORDED TODAY.
  HEAVY RAIN
  RAIN
  LIGHT RAIN
  FOG


RELATIVE HUMIDITY (PERCENT)
 HIGHEST   100           800 AM
 LOWEST     57           400 PM

..........................................................


THE COLUMBUS CLIMATE NORMALS FOR TOMORROW
                         NORMAL    RECORD
 MAXIMUM TEMPERATURE (F)   92       103
 MINIMUM TEMPERATURE (F)   73        67


SUNRISE AND SUNSET
JULY 22 2014..........SUNRISE   647 AM EDT   SUNSET   845 PM EDT
JULY 23 2014..........SUNRISE   648 AM EDT   SUNSET   844 PM EDT


-  INDICATES NEGATIVE NUMBERS.
R  INDICATES RECORD WAS SET OR TIED.
MM INDICATES DATA IS MISSING.
T  INDICATES TRACE AMOUNT.




$$
