000
CDUS45 KTFX 122330
CLICTB


CLIMATE REPORT
NATIONAL WEATHER SERVICE GREAT FALLS MT
430 PM MST TUE DEC 12 2017


...................................

...THE CUT BANK MT CLIMATE SUMMARY FOR DECEMBER 12 2017...
VALID TODAY AS OF 0400 PM LOCAL TIME.

CLIMATE NORMAL PERIOD 1981 TO 2010
CLIMATE RECORD PERIOD 1903 TO 2017


WEATHER ITEM   OBSERVED TIME   RECORD YEAR NORMAL DEPARTURE LAST
                VALUE   (LST)  VALUE       VALUE  FROM      YEAR
                                                  NORMAL
..................................................................
TEMPERATURE (F)
 TODAY
  MAXIMUM         51    546 AM  59    1962  32     19        9
  MINIMUM         45    147 AM -31    1922  12     33      -12
  AVERAGE         48                        22     26       -1

PRECIPITATION (IN)
  TODAY            0.00          0.12 1951   0.00   0.00      T
  MONTH TO DATE    T                         0.08  -0.08     0.07
  SINCE OCT 1      1.01                      0.88   0.13     1.40
  SINCE JAN 1      9.13                     10.76  -1.63    11.30

DEGREE DAYS
 HEATING
  TODAY           17                        43    -26       66
  MONTH TO DATE  356                       500   -144      691
  SINCE DEC 1    356                       500   -144      691
  SINCE JUL 1   2580                      2763   -183     2669

 COOLING
  TODAY            0                         0      0        0
  MONTH TO DATE    0                         0      0        0
  SINCE DEC 1      0                         0      0        0
  SINCE JAN 1    250                       162     88      108
..................................................................


WIND (MPH)
  HIGHEST WIND SPEED    48   HIGHEST WIND DIRECTION     W (270)
  HIGHEST GUST SPEED    63   HIGHEST GUST DIRECTION     W (260)
  AVERAGE WIND SPEED    28.4


SKY COVER
  AVERAGE SKY COVER 0.1


WEATHER CONDITIONS
 THE FOLLOWING WEATHER WAS RECORDED TODAY.
  NO SIGNIFICANT WEATHER WAS OBSERVED.


RELATIVE HUMIDITY (PERCENT)
 HIGHEST    19           400 PM
 LOWEST     10           600 AM
 AVERAGE    15

..........................................................


THE CUT BANK MT CLIMATE NORMALS FOR TOMORROW
                         NORMAL    RECORD    YEAR
 MAXIMUM TEMPERATURE (F)   32        57      1952
 MINIMUM TEMPERATURE (F)   12       -33      1922


SUNRISE AND SUNSET
DECEMBER 12 2017......SUNRISE   813 AM MST   SUNSET   434 PM MST
DECEMBER 13 2017......SUNRISE   814 AM MST   SUNSET   434 PM MST


-  INDICATES NEGATIVE NUMBERS.
R  INDICATES RECORD WAS SET OR TIED.
MM INDICATES DATA IS MISSING.
T  INDICATES TRACE AMOUNT.




$$
