000
CDUS45 KTFX 241006
CLICTB


CLIMATE REPORT
NATIONAL WEATHER SERVICE GREAT FALLS MT
306 AM MST FRI FEB 24 2017


...................................

...THE CUT BANK MT CLIMATE SUMMARY FOR FEBRUARY 23 2017...

CLIMATE NORMAL PERIOD 1981 TO 2010
CLIMATE RECORD PERIOD 1903 TO 2017


WEATHER ITEM   OBSERVED TIME   RECORD YEAR NORMAL DEPARTURE LAST
                VALUE   (LST)  VALUE       VALUE  FROM      YEAR
                                                  NORMAL
..................................................................
TEMPERATURE (F)
 YESTERDAY
  MAXIMUM         26    352 PM  59    1981  37    -11       42
  MINIMUM         19   1159 PM -24    1922  14      5       16
  AVERAGE         23                        25     -2       29

PRECIPITATION (IN)
  YESTERDAY        0.01          0.20 1947   0.00   0.01     0.00
  MONTH TO DATE    0.16                      0.16   0.00     0.01
  SINCE OCT 1      2.19                      1.38   0.81     2.37
  SINCE JAN 1      0.76                      0.36   0.40     0.45

SNOWFALL (IN)
  YESTERDAY       MM
  SNOW DEPTH       T

DEGREE DAYS
 HEATING
  YESTERDAY       42                        40      2       36
  MONTH TO DATE 1000                       948     52      649
  SINCE DEC 1   4129                      3603    526     3262
  SINCE JUL 1   6107                      5866    241     5300

 COOLING
  YESTERDAY        0                         0      0        0
  MONTH TO DATE    0                         0      0        0
  SINCE DEC 1      0                         0      0        0
  SINCE JAN 1      0                         0      0        0
..................................................................


WIND (MPH)
  HIGHEST WIND SPEED    17   HIGHEST WIND DIRECTION    NE (30)
  HIGHEST GUST SPEED    20   HIGHEST GUST DIRECTION    NE (40)
  AVERAGE WIND SPEED     8.6


SKY COVER
  AVERAGE SKY COVER 1.0


WEATHER CONDITIONS
 THE FOLLOWING WEATHER WAS RECORDED YESTERDAY.
  LIGHT SNOW
  FOG
  HAZE


RELATIVE HUMIDITY (PERCENT)
 HIGHEST    96           200 AM
 LOWEST     74           100 PM
 AVERAGE    85

..........................................................


THE CUT BANK MT CLIMATE NORMALS FOR TODAY
                         NORMAL    RECORD    YEAR
 MAXIMUM TEMPERATURE (F)   37        66      1995
 MINIMUM TEMPERATURE (F)   14       -27      1922


SUNRISE AND SUNSET
FEBRUARY 24 2017......SUNRISE   720 AM MST   SUNSET   606 PM MST
FEBRUARY 25 2017......SUNRISE   718 AM MST   SUNSET   608 PM MST


-  INDICATES NEGATIVE NUMBERS.
R  INDICATES RECORD WAS SET OR TIED.
MM INDICATES DATA IS MISSING.
T  INDICATES TRACE AMOUNT.




$$
