000
CDUS45 KTFX 162230
CLICTB


CLIMATE REPORT
NATIONAL WEATHER SERVICE GREAT FALLS MT
430 PM MDT WED AUG 16 2017


...................................

...THE CUT BANK MT CLIMATE SUMMARY FOR AUGUST 16 2017...
VALID TODAY AS OF 0400 PM LOCAL TIME.

CLIMATE NORMAL PERIOD 1981 TO 2010
CLIMATE RECORD PERIOD 1903 TO 2017


WEATHER ITEM   OBSERVED TIME   RECORD YEAR NORMAL DEPARTURE LAST
                VALUE   (LST)  VALUE       VALUE  FROM      YEAR
                                                  NORMAL
..................................................................
TEMPERATURE (F)
 TODAY
  MAXIMUM         81    228 PM  95    1962  80      1       90
  MINIMUM         44    550 AM  31    1910  49     -5       49
  AVERAGE         63                        64     -1       70

PRECIPITATION (IN)
  TODAY            0.00          1.09 1993   0.04  -0.04     0.00
  MONTH TO DATE    T                         0.59  -0.59     0.95
  SINCE OCT 1      8.94                      9.08  -0.14    10.34
  SINCE JAN 1      7.51                      8.06  -0.55     8.42

DEGREE DAYS
 HEATING
  TODAY            2                         3     -1        0
  MONTH TO DATE   48                        39      9       25
  SINCE JUN 1    234                       358   -124      263
  SINCE JUL 1     63                       125    -62       99

 COOLING
  TODAY            0                         2     -2        5
  MONTH TO DATE    7                        45    -38       20
  SINCE JUN 1    172                       132     40       93
  SINCE JAN 1    174                       134     40       93
..................................................................


WIND (MPH)
  HIGHEST WIND SPEED    20   HIGHEST WIND DIRECTION     W (290)
  HIGHEST GUST SPEED    27   HIGHEST GUST DIRECTION     W (280)
  AVERAGE WIND SPEED     7.1


SKY COVER
  AVERAGE SKY COVER 0.0


WEATHER CONDITIONS
 THE FOLLOWING WEATHER WAS RECORDED TODAY.
  NO SIGNIFICANT WEATHER WAS OBSERVED.


RELATIVE HUMIDITY (PERCENT)
 HIGHEST    65           300 AM
 LOWEST     15           300 PM
 AVERAGE    40

..........................................................


THE CUT BANK MT CLIMATE NORMALS FOR TOMORROW
                         NORMAL    RECORD    YEAR
 MAXIMUM TEMPERATURE (F)   79        93      2001
                                             1943
 MINIMUM TEMPERATURE (F)   48        33      1946


SUNRISE AND SUNSET
AUGUST 16 2017........SUNRISE   625 AM MDT   SUNSET   842 PM MDT
AUGUST 17 2017........SUNRISE   626 AM MDT   SUNSET   840 PM MDT


-  INDICATES NEGATIVE NUMBERS.
R  INDICATES RECORD WAS SET OR TIED.
MM INDICATES DATA IS MISSING.
T  INDICATES TRACE AMOUNT.




$$
