000
CDUS45 KTFX 310856
CLICTB


CLIMATE REPORT
NATIONAL WEATHER SERVICE GREAT FALLS MT
255 AM MDT MON AUG 31 2015


...................................

...THE CUT BANK MT CLIMATE SUMMARY FOR AUGUST 30 2015...

CLIMATE NORMAL PERIOD 1981 TO 2010
CLIMATE RECORD PERIOD 1903 TO 2015


WEATHER ITEM   OBSERVED TIME   RECORD YEAR NORMAL DEPARTURE LAST
                VALUE   (LST)  VALUE       VALUE  FROM      YEAR
                                                  NORMAL
..................................................................
TEMPERATURE (F)
 YESTERDAY
  MAXIMUM         76    233 PM  96    1921  75      1       73
  MINIMUM         49   1001 PM  32    2003  45      4       55
  AVERAGE         63                        60      3       64

PRECIPITATION (IN)
  YESTERDAY        0.00          0.72 1971   0.04  -0.04     0.00
  MONTH TO DATE    0.60                      1.15  -0.55     2.69
  SINCE OCT 1      8.28                      9.64  -1.36    15.04
  SINCE JAN 1      5.75                      8.62  -2.87    13.84

SNOWFALL (IN)
  YESTERDAY       MM
  SNOW DEPTH       0

DEGREE DAYS
 HEATING
  YESTERDAY        2                         6     -4        1
  MONTH TO DATE   76                       102    -26       74
  SINCE JUN 1    273                       421   -148      364
  SINCE JUL 1    143                       188    -45       91

 COOLING
  YESTERDAY        0                         1     -1        0
  MONTH TO DATE   98                        64     34       92
  SINCE JUN 1    228                       151     77      197
  SINCE JAN 1    228                       153     75      197
..................................................................


WIND (MPH)
  HIGHEST WIND SPEED    52   HIGHEST WIND DIRECTION     W (260)
  HIGHEST GUST SPEED    62   HIGHEST GUST DIRECTION     W (250)
  AVERAGE WIND SPEED    24.1


SKY COVER
  AVERAGE SKY COVER 0.1


WEATHER CONDITIONS
 THE FOLLOWING WEATHER WAS RECORDED YESTERDAY.
  HAZE


RELATIVE HUMIDITY (PERCENT)
 HIGHEST    61          1000 PM
 LOWEST     19           200 PM
 AVERAGE    40

..........................................................


THE CUT BANK MT CLIMATE NORMALS FOR TODAY
                         NORMAL    RECORD    YEAR
 MAXIMUM TEMPERATURE (F)   74        97      1991
 MINIMUM TEMPERATURE (F)   45        30      1930


SUNRISE AND SUNSET
AUGUST 31 2015........SUNRISE   645 AM MDT   SUNSET   814 PM MDT
SEPTEMBER  1 2015.....SUNRISE   646 AM MDT   SUNSET   812 PM MDT


-  INDICATES NEGATIVE NUMBERS.
R  INDICATES RECORD WAS SET OR TIED.
MM INDICATES DATA IS MISSING.
T  INDICATES TRACE AMOUNT.




$$
