000
CDUS45 KTFX 221034
CLICTB


CLIMATE REPORT
NATIONAL WEATHER SERVICE GREAT FALLS MT
427 AM MDT WED OCT 22 2014


...................................

...THE CUT BANK MT CLIMATE SUMMARY FOR OCTOBER 21 2014...

CLIMATE NORMAL PERIOD 1981 TO 2010
CLIMATE RECORD PERIOD 1903 TO 2014


WEATHER ITEM   OBSERVED TIME   RECORD YEAR NORMAL DEPARTURE LAST
                VALUE   (LST)  VALUE       VALUE  FROM      YEAR
                                                  NORMAL
..................................................................
TEMPERATURE (F)
 YESTERDAY
  MAXIMUM         60    428 AM  76    1927  53      7       63
  MINIMUM         41   1233 AM  10    1984  29     12       34
  AVERAGE         51                        41     10       49

PRECIPITATION (IN)
  YESTERDAY        0.11          0.19 1980   0.01   0.10     0.00
  MONTH TO DATE    0.27                      0.34  -0.07     0.20
  SINCE OCT 1      0.27                      0.34  -0.07     0.20
  SINCE JAN 1     15.18                     10.22   4.96    13.90

SNOWFALL (IN)
  YESTERDAY       MM
  SNOW DEPTH       0

DEGREE DAYS
 HEATING
  YESTERDAY       14                        24    -10       16
  MONTH TO DATE  266                       425   -159      450
  SINCE SEP 1    580                       768   -188      673
  SINCE JUL 1    677                       962   -285      745

 COOLING
  YESTERDAY        0                         0      0        0
  MONTH TO DATE    0                         0      0        0
  SINCE SEP 1     11                         8      3       31
  SINCE JAN 1    208                       161     47      226
..................................................................


WIND (MPH)
  HIGHEST WIND SPEED    28   HIGHEST WIND DIRECTION     W (250)
  HIGHEST GUST SPEED    34   HIGHEST GUST DIRECTION     W (250)
  AVERAGE WIND SPEED    13.2


SKY COVER
  AVERAGE SKY COVER 0.6


WEATHER CONDITIONS
 THE FOLLOWING WEATHER WAS RECORDED YESTERDAY.
  LIGHT RAIN


RELATIVE HUMIDITY (PERCENT)
 HIGHEST    93           100 PM
 LOWEST     43           500 AM
 AVERAGE    68

..........................................................


THE CUT BANK MT CLIMATE NORMALS FOR TODAY
                         NORMAL    RECORD    YEAR
 MAXIMUM TEMPERATURE (F)   53        79      1965
 MINIMUM TEMPERATURE (F)   28         6      1908


SUNRISE AND SUNSET
OCTOBER 22 2014.......SUNRISE   800 AM MDT   SUNSET   627 PM MDT
OCTOBER 23 2014.......SUNRISE   802 AM MDT   SUNSET   625 PM MDT


-  INDICATES NEGATIVE NUMBERS.
R  INDICATES RECORD WAS SET OR TIED.
MM INDICATES DATA IS MISSING.
T  INDICATES TRACE AMOUNT.




$$
