000
CDUS45 KTFX 100945
CLICTB


CLIMATE REPORT
NATIONAL WEATHER SERVICE GREAT FALLS MT
345 AM MDT THU JUL 10 2014


...................................

...THE CUT BANK MT CLIMATE SUMMARY FOR JULY 9 2014...

CLIMATE NORMAL PERIOD 1981 TO 2010
CLIMATE RECORD PERIOD 1903 TO 2014


WEATHER ITEM   OBSERVED TIME   RECORD YEAR NORMAL DEPARTURE LAST
                VALUE   (LST)  VALUE       VALUE  FROM      YEAR
                                                  NORMAL
..................................................................
TEMPERATURE (F)
 YESTERDAY
  MAXIMUM         87    356 PM  96    1985  78      9       80
  MINIMUM         53    508 AM  37    1981  49      4       45
  AVERAGE         70                        63      7       63

PRECIPITATION (IN)
  YESTERDAY        0.00          1.03 1946   0.04  -0.04     0.00
  MONTH TO DATE    0.04                      0.46  -0.42     1.44
  SINCE OCT 1     11.97                      7.67   4.30    11.40
  SINCE JAN 1     10.77                      6.65   4.12     9.23

SNOWFALL (IN)
  YESTERDAY       MM
  SNOW DEPTH       0

DEGREE DAYS
 HEATING
  YESTERDAY        0                         3     -3        2
  MONTH TO DATE    4                        37    -33       16
  SINCE JUN 1    277                       270      7      225
  SINCE JUL 1      4                        37    -33       16

 COOLING
  YESTERDAY        5                         2      3        0
  MONTH TO DATE   32                        13     19       39
  SINCE JUN 1     33                        28      5       51
  SINCE JAN 1     33                        30      3       53
..................................................................


WIND (MPH)
  HIGHEST WIND SPEED    20   HIGHEST WIND DIRECTION     W (280)
  HIGHEST GUST SPEED    25   HIGHEST GUST DIRECTION     W (270)
  AVERAGE WIND SPEED     9.8


SKY COVER
  AVERAGE SKY COVER 0.0


WEATHER CONDITIONS
 THE FOLLOWING WEATHER WAS RECORDED YESTERDAY.
  NO SIGNIFICANT WEATHER WAS OBSERVED.


RELATIVE HUMIDITY (PERCENT)
 HIGHEST    77           500 AM
 LOWEST     22           400 PM
 AVERAGE    50

..........................................................


THE CUT BANK MT CLIMATE NORMALS FOR TODAY
                         NORMAL    RECORD    YEAR
 MAXIMUM TEMPERATURE (F)   78       101      1973
 MINIMUM TEMPERATURE (F)   49        39      1922


SUNRISE AND SUNSET
JULY 10 2014..........SUNRISE   538 AM MDT   SUNSET   931 PM MDT
JULY 11 2014..........SUNRISE   539 AM MDT   SUNSET   930 PM MDT


-  INDICATES NEGATIVE NUMBERS.
R  INDICATES RECORD WAS SET OR TIED.
MM INDICATES DATA IS MISSING.
T  INDICATES TRACE AMOUNT.




$$
