322
CDUS45 KTFX 270935
CLICTB


CLIMATE REPORT
NATIONAL WEATHER SERVICE GREAT FALLS MT
334 AM MDT THU APR 27 2017


...................................

...THE CUT BANK MT CLIMATE SUMMARY FOR APRIL 26 2017...

CLIMATE NORMAL PERIOD 1981 TO 2010
CLIMATE RECORD PERIOD 1903 TO 2017


WEATHER ITEM   OBSERVED TIME   RECORD YEAR NORMAL DEPARTURE LAST
                VALUE   (LST)  VALUE       VALUE  FROM      YEAR
                                                  NORMAL
..................................................................
TEMPERATURE (F)
 YESTERDAY
  MAXIMUM         50    402 PM  87    1910  57     -7       45
  MINIMUM         32    437 AM  15    1960  31      1       34
  AVERAGE         41                        44     -3       40

PRECIPITATION (IN)
  YESTERDAY        0.04          0.73 2014   0.03   0.01     0.00
  MONTH TO DATE    2.03                      0.64   1.39     1.79
  SINCE OCT 1      5.34                      2.57   2.77     4.46
  SINCE JAN 1      3.91                      1.55   2.36     2.54

SNOWFALL (IN)
  YESTERDAY       MM
  SNOW DEPTH       0

DEGREE DAYS
 HEATING
  YESTERDAY       24                        21      3       25
  MONTH TO DATE  598                       639    -41      475
  SINCE MAR 1   1619                      1677    -58     1319
  SINCE JUL 1   7970                      7737    233     6784

 COOLING
  YESTERDAY        0                         0      0        0
  MONTH TO DATE    0                         0      0        0
  SINCE MAR 1      0                         0      0        0
  SINCE JAN 1      0                         0      0        0
..................................................................


WIND (MPH)
  HIGHEST WIND SPEED    13   HIGHEST WIND DIRECTION    NE (60)
  HIGHEST GUST SPEED    16   HIGHEST GUST DIRECTION    NE (60)
  AVERAGE WIND SPEED     5.8


SKY COVER
  AVERAGE SKY COVER 0.9


WEATHER CONDITIONS
 THE FOLLOWING WEATHER WAS RECORDED YESTERDAY.
  LIGHT RAIN
  LIGHT SNOW
  FOG


RELATIVE HUMIDITY (PERCENT)
 HIGHEST   100           200 AM
 LOWEST     50           300 PM
 AVERAGE    75

..........................................................


THE CUT BANK MT CLIMATE NORMALS FOR TODAY
                         NORMAL    RECORD    YEAR
 MAXIMUM TEMPERATURE (F)   57        82      1987
 MINIMUM TEMPERATURE (F)   32        16      1966


SUNRISE AND SUNSET
APRIL 27 2017.........SUNRISE   616 AM MDT   SUNSET   839 PM MDT
APRIL 28 2017.........SUNRISE   614 AM MDT   SUNSET   841 PM MDT


-  INDICATES NEGATIVE NUMBERS.
R  INDICATES RECORD WAS SET OR TIED.
MM INDICATES DATA IS MISSING.
T  INDICATES TRACE AMOUNT.




$$
