000
CDUS45 KTFX 281013
CLICTB


CLIMATE REPORT
NATIONAL WEATHER SERVICE GREAT FALLS MT
413 AM MDT THU JUL 28 2016


...................................

...THE CUT BANK MT CLIMATE SUMMARY FOR JULY 27 2016...

CLIMATE NORMAL PERIOD 1981 TO 2010
CLIMATE RECORD PERIOD 1903 TO 2016


WEATHER ITEM   OBSERVED TIME   RECORD YEAR NORMAL DEPARTURE LAST
                VALUE   (LST)  VALUE       VALUE  FROM      YEAR
                                                  NORMAL
..................................................................
TEMPERATURE (F)
 YESTERDAY
  MAXIMUM         81    400 PM  99    1933  82     -1       63
  MINIMUM         50    507 AM  36    1930  51     -1       48
  AVERAGE         66                        66      0       56

PRECIPITATION (IN)
  YESTERDAY        0.24          1.85 1909   0.03   0.21     0.09
  MONTH TO DATE    1.17                      1.14   0.03     0.95
  SINCE OCT 1      9.10                      8.35   0.75     7.68
  SINCE JAN 1      7.18                      7.33  -0.15     5.15

SNOWFALL (IN)
  YESTERDAY        0.0
  SNOW DEPTH       0

DEGREE DAYS
 HEATING
  YESTERDAY        0                         2     -2        9
  MONTH TO DATE   72                        80     -8       63
  SINCE JUN 1    236                       313    -77      193
  SINCE JUL 1     72                        80     -8       63

 COOLING
  YESTERDAY        1                         3     -2        0
  MONTH TO DATE   36                        60    -24       63
  SINCE JUN 1     58                        75    -17      123
  SINCE JAN 1     58                        77    -19      123
..................................................................


WIND (MPH)
  HIGHEST WIND SPEED    20   HIGHEST WIND DIRECTION    NW (330)
  HIGHEST GUST SPEED    24   HIGHEST GUST DIRECTION    NW (330)
  AVERAGE WIND SPEED     6.8


SKY COVER
  AVERAGE SKY COVER 0.2


WEATHER CONDITIONS
 THE FOLLOWING WEATHER WAS RECORDED YESTERDAY.
  THUNDERSTORM
  LIGHT RAIN
  HAZE


RELATIVE HUMIDITY (PERCENT)
 HIGHEST   100           600 AM
 LOWEST     35           400 PM
 AVERAGE    68

..........................................................


THE CUT BANK MT CLIMATE NORMALS FOR TODAY
                         NORMAL    RECORD    YEAR
 MAXIMUM TEMPERATURE (F)   82       100      1939
 MINIMUM TEMPERATURE (F)   51        36      1930


SUNRISE AND SUNSET
JULY 28 2016..........SUNRISE   559 AM MDT   SUNSET   912 PM MDT
JULY 29 2016..........SUNRISE   601 AM MDT   SUNSET   911 PM MDT


-  INDICATES NEGATIVE NUMBERS.
R  INDICATES RECORD WAS SET OR TIED.
MM INDICATES DATA IS MISSING.
T  INDICATES TRACE AMOUNT.




$$
