000
CDUS45 KTFX 302230
CLICTB


CLIMATE REPORT
NATIONAL WEATHER SERVICE GREAT FALLS MT
430 PM MDT SAT APR 30 2016


...................................

...THE CUT BANK MT CLIMATE SUMMARY FOR APRIL 30 2016...
VALID TODAY AS OF 0400 PM LOCAL TIME.

CLIMATE NORMAL PERIOD 1981 TO 2010
CLIMATE RECORD PERIOD 1903 TO 2016


WEATHER ITEM   OBSERVED TIME   RECORD YEAR NORMAL DEPARTURE LAST
                VALUE   (LST)  VALUE       VALUE  FROM      YEAR
                                                  NORMAL
..................................................................
TEMPERATURE (F)
 TODAY
  MAXIMUM         54    258 PM  82    1968  58     -4       62
  MINIMUM         32    535 AM  13    1909  33     -1       30
  AVERAGE         43                        45     -2       46

PRECIPITATION (IN)
  TODAY            0.00          0.75 1951   0.04  -0.04     0.00
  MONTH TO DATE    1.64                      0.78   0.86     0.21
  SINCE OCT 1      4.31                      2.71   1.60     3.88
  SINCE JAN 1      2.39                      1.69   0.70     1.35

DEGREE DAYS
 HEATING
  TODAY           22                        20      2       19
  MONTH TO DATE  571                       720   -149      702
  SINCE MAR 1   1415                      1760   -345     1476
  SINCE JUL 1   6880                      7820   -940     7138

 COOLING
  TODAY            0                         0      0        0
  MONTH TO DATE    0                         0      0        0
  SINCE MAR 1      0                         0      0        0
  SINCE JAN 1      0                         0      0        0
..................................................................


WIND (MPH)
  HIGHEST WIND SPEED    14   HIGHEST WIND DIRECTION     E (80)
  HIGHEST GUST SPEED    17   HIGHEST GUST DIRECTION     E (90)
  AVERAGE WIND SPEED     6.8


SKY COVER
  AVERAGE SKY COVER 0.5


WEATHER CONDITIONS
 THE FOLLOWING WEATHER WAS RECORDED TODAY.
  NO SIGNIFICANT WEATHER WAS OBSERVED.


RELATIVE HUMIDITY (PERCENT)
 HIGHEST    96           300 AM
 LOWEST     48           100 PM
 AVERAGE    72

..........................................................


THE CUT BANK MT CLIMATE NORMALS FOR TOMORROW
                         NORMAL    RECORD    YEAR
 MAXIMUM TEMPERATURE (F)   58        77      1914
 MINIMUM TEMPERATURE (F)   33        12      1954


SUNRISE AND SUNSET
APRIL 30 2016.........SUNRISE   610 AM MDT   SUNSET   844 PM MDT
MAY  1 2016...........SUNRISE   609 AM MDT   SUNSET   845 PM MDT


-  INDICATES NEGATIVE NUMBERS.
R  INDICATES RECORD WAS SET OR TIED.
MM INDICATES DATA IS MISSING.
T  INDICATES TRACE AMOUNT.




$$
