000
CDUS45 KTFX 250848
CLICTB


CLIMATE REPORT
NATIONAL WEATHER SERVICE GREAT FALLS MT
247 AM MDT SAT MAR 25 2017


...................................

...THE CUT BANK MT CLIMATE SUMMARY FOR MARCH 24 2017...

CLIMATE NORMAL PERIOD 1981 TO 2010
CLIMATE RECORD PERIOD 1903 TO 2017


WEATHER ITEM   OBSERVED TIME   RECORD YEAR NORMAL DEPARTURE LAST
                VALUE   (LST)  VALUE       VALUE  FROM      YEAR
                                                  NORMAL
..................................................................
TEMPERATURE (F)
 YESTERDAY
  MAXIMUM         60    252 PM  68    1999  46     14       51
  MINIMUM         24    434 AM -25    1965  23      1       35
  AVERAGE         42                        34      8       43

PRECIPITATION (IN)
  YESTERDAY        0.00          0.21 1961   0.02  -0.02     0.00
  MONTH TO DATE    0.06                      0.37  -0.31     0.01
  SINCE OCT 1      2.91                      1.80   1.11     2.41
  SINCE JAN 1      1.48                      0.78   0.70     0.49

SNOWFALL (IN)
  YESTERDAY       MM
  SNOW DEPTH       0

DEGREE DAYS
 HEATING
  YESTERDAY       23                        31     -8       22
  MONTH TO DATE  864                       834     30      642
  SINCE MAR 1    864                       834     30      642
  SINCE JUL 1   7215                      6894    321     6107

 COOLING
  YESTERDAY        0                         0      0        0
  MONTH TO DATE    0                         0      0        0
  SINCE MAR 1      0                         0      0        0
  SINCE JAN 1      0                         0      0        0
..................................................................


WIND (MPH)
  HIGHEST WIND SPEED    29   HIGHEST WIND DIRECTION     W (250)
  HIGHEST GUST SPEED    34   HIGHEST GUST DIRECTION     W (270)
  AVERAGE WIND SPEED    10.9


SKY COVER
  AVERAGE SKY COVER 0.2


WEATHER CONDITIONS
 THE FOLLOWING WEATHER WAS RECORDED YESTERDAY.
  NO SIGNIFICANT WEATHER WAS OBSERVED.


RELATIVE HUMIDITY (PERCENT)
 HIGHEST    75          1200 AM
 LOWEST     20           100 PM
 AVERAGE    48

..........................................................


THE CUT BANK MT CLIMATE NORMALS FOR TODAY
                         NORMAL    RECORD    YEAR
 MAXIMUM TEMPERATURE (F)   46        66      1999
 MINIMUM TEMPERATURE (F)   23       -19      1955


SUNRISE AND SUNSET
MARCH 25 2017.........SUNRISE   721 AM MDT   SUNSET   750 PM MDT
MARCH 26 2017.........SUNRISE   719 AM MDT   SUNSET   752 PM MDT


-  INDICATES NEGATIVE NUMBERS.
R  INDICATES RECORD WAS SET OR TIED.
MM INDICATES DATA IS MISSING.
T  INDICATES TRACE AMOUNT.




$$
