000
CDUS42 KTAE 270632
CLICTY


CLIMATE REPORT
NATIONAL WEATHER SERVICE TALLAHASSEE FL
231 AM EDT SAT MAY 27 2017


...................................

...THE CROSS CITY  CLIMATE SUMMARY FOR MAY 26 2017...

CLIMATE NORMAL PERIOD 1981 TO 2010
CLIMATE RECORD PERIOD 1948 TO 2017


WEATHER ITEM   OBSERVED TIME   NORMAL DEPARTURE LAST
                VALUE   (LST)  VALUE  FROM      YEAR
                                      NORMAL
......................................................
TEMPERATURE (F)
 YESTERDAY
  MAXIMUM         86    300 PM  90     -4       91
  MINIMUM         54    600 AM  65    -11       60
  AVERAGE         70            77     -7

PRECIPITATION (IN)
  YESTERDAY        0.00          0.10  -0.10     0.00
  MONTH TO DATE    4.64          1.96   2.68     1.70
  SINCE MAR 1      7.61          9.13  -1.52     9.67
  SINCE JAN 1     10.16         16.44  -6.28    16.43

DEGREE DAYS
 HEATING
  YESTERDAY        0             0      0
  MONTH TO DATE    0             0      0
  SINCE MAR 1    159           183    -24
  SINCE JUL 1    758          1303   -545

 COOLING
  YESTERDAY        5            12     -7
  MONTH TO DATE  237           234      3
  SINCE MAR 1    473           389     84
  SINCE JAN 1    535           416    119
......................................................


WIND (MPH)
  RESULTANT WIND SPEED   3   RESULTANT WIND DIRECTION   W (260)
  HIGHEST WIND SPEED    10   HIGHEST WIND DIRECTION     W (260)
  HIGHEST GUST SPEED    MM   HIGHEST GUST DIRECTION    MM
  AVERAGE WIND SPEED     3.5



WEATHER CONDITIONS
 THE FOLLOWING WEATHER WAS RECORDED YESTERDAY.
  NO SIGNIFICANT WEATHER WAS OBSERVED.


RELATIVE HUMIDITY (PERCENT)
 HIGHEST    93
 LOWEST     32

..........................................................




SUNRISE AND SUNSET
MAY 27 2017...........SUNRISE   634 AM EDT   SUNSET   825 PM EDT
MAY 28 2017...........SUNRISE   634 AM EDT   SUNSET   826 PM EDT


-  INDICATES NEGATIVE NUMBERS.
R  INDICATES RECORD WAS SET OR TIED.
MM INDICATES DATA IS MISSING.
T  INDICATES TRACE AMOUNT.




$$
