000
CDUS42 KTAE 280704
CLICTY


CLIMATE REPORT
NATIONAL WEATHER SERVICE TALLAHASSEE FL
302 AM EDT SAT MAR 28 2015


...................................

...THE CROSS CITY  CLIMATE SUMMARY FOR MARCH 27 2015...

CLIMATE NORMAL PERIOD 1981 TO 2010
CLIMATE RECORD PERIOD 1948 TO 2015


WEATHER ITEM   OBSERVED TIME   NORMAL DEPARTURE LAST
                VALUE   (LST)  VALUE  FROM      YEAR
                                      NORMAL
......................................................
TEMPERATURE (F)
 YESTERDAY
  MAXIMUM         74    957 AM  78     -4       73
  MINIMUM         53   1159 PM  51      2       44
  AVERAGE         64            64      0

PRECIPITATION (IN)
  YESTERDAY        0.08          0.13  -0.05     0.00
  MONTH TO DATE    1.36          3.68  -2.32     4.96
  SINCE MAR 1      1.36          3.68  -2.32     4.96
  SINCE JAN 1      7.33         10.99  -3.66    15.11

DEGREE DAYS
 HEATING
  YESTERDAY        1             3     -2
  MONTH TO DATE   23           124   -101
  SINCE MAR 1     23           124   -101
  SINCE JUL 1   1183          1244    -61

 COOLING
  YESTERDAY        0             2     -2
  MONTH TO DATE  153            36    117
  SINCE MAR 1    153            36    117
  SINCE JAN 1    169            63    106
......................................................


WIND (MPH)
  RESULTANT WIND SPEED   7   RESULTANT WIND DIRECTION   W (270)
  HIGHEST WIND SPEED    20   HIGHEST WIND DIRECTION    NW (300)
  HIGHEST GUST SPEED    26   HIGHEST GUST DIRECTION     W (290)
  AVERAGE WIND SPEED     8.5



WEATHER CONDITIONS
 THE FOLLOWING WEATHER WAS RECORDED YESTERDAY.
  NO SIGNIFICANT WEATHER WAS OBSERVED.


RELATIVE HUMIDITY (PERCENT)
 HIGHEST   100
 LOWEST     55

..........................................................




SUNRISE AND SUNSET
MARCH 28 2015.........SUNRISE   727 AM EDT   SUNSET   748 PM EDT
MARCH 29 2015.........SUNRISE   726 AM EDT   SUNSET   749 PM EDT


-  INDICATES NEGATIVE NUMBERS.
R  INDICATES RECORD WAS SET OR TIED.
MM INDICATES DATA IS MISSING.
T  INDICATES TRACE AMOUNT.




$$
