000
CDUS42 KTAE 110636
CLICTY


CLIMATE REPORT
NATIONAL WEATHER SERVICE TALLAHASSEE FL
135 AM EST THU FEB 11 2016


...................................

...THE CROSS CITY  CLIMATE SUMMARY FOR FEBRUARY 10 2016...

CLIMATE NORMAL PERIOD 1981 TO 2010
CLIMATE RECORD PERIOD 1948 TO 2016


WEATHER ITEM   OBSERVED TIME   NORMAL DEPARTURE LAST
                VALUE   (LST)  VALUE  FROM      YEAR
                                      NORMAL
......................................................
TEMPERATURE (F)
 YESTERDAY
  MAXIMUM         53   1237 PM  69    -16       61
  MINIMUM         27    528 AM  43    -16       42
  AVERAGE         40            56    -16

PRECIPITATION (IN)
  YESTERDAY        0.00          0.07  -0.07     0.00
  MONTH TO DATE    2.95          0.92   2.03     1.27
  SINCE DEC 1      8.29          7.48   0.81     7.45
  SINCE JAN 1      6.03          4.96   1.07     4.21

DEGREE DAYS
 HEATING
  YESTERDAY       25             9     16
  MONTH TO DATE  110            98     12
  SINCE DEC 1    540           808   -268
  SINCE JUL 1    578           976   -398

 COOLING
  YESTERDAY        0             1     -1
  MONTH TO DATE   17            10      7
  SINCE DEC 1    187            39    148
  SINCE JAN 1     21            21      0
......................................................


WIND (MPH)
  RESULTANT WIND SPEED   6   RESULTANT WIND DIRECTION  NW (300)
  HIGHEST WIND SPEED    20   HIGHEST WIND DIRECTION     W (250)
  HIGHEST GUST SPEED    25   HIGHEST GUST DIRECTION     W (260)
  AVERAGE WIND SPEED     6.2



WEATHER CONDITIONS
 THE FOLLOWING WEATHER WAS RECORDED YESTERDAY.
  NO SIGNIFICANT WEATHER WAS OBSERVED.


RELATIVE HUMIDITY (PERCENT)
 HIGHEST    85
 LOWEST     21

..........................................................




SUNRISE AND SUNSET
FEBRUARY 11 2016......SUNRISE   715 AM EST   SUNSET   618 PM EST
FEBRUARY 12 2016......SUNRISE   715 AM EST   SUNSET   619 PM EST


-  INDICATES NEGATIVE NUMBERS.
R  INDICATES RECORD WAS SET OR TIED.
MM INDICATES DATA IS MISSING.
T  INDICATES TRACE AMOUNT.




$$
