000
CDUS42 KTAE 280632
CLICTY


CLIMATE REPORT
NATIONAL WEATHER SERVICE TALLAHASSEE FL
231 AM EDT THU AUG 28 2014


...................................

...THE CROSS CITY (AWOS) CLIMATE SUMMARY FOR AUGUST 27 2014...

CLIMATE NORMAL PERIOD 1981 TO 2010
CLIMATE RECORD PERIOD 1948 TO 2014


WEATHER ITEM   OBSERVED TIME   NORMAL DEPARTURE LAST
                VALUE   (LST)  VALUE  FROM      YEAR
                                      NORMAL
......................................................
TEMPERATURE (F)
 YESTERDAY
  MAXIMUM         93    323 PM  90      3
  MINIMUM         68    632 AM  71     -3
  AVERAGE         81            81      0

PRECIPITATION (IN)
  YESTERDAY        0.00          0.25  -0.25     0.85
  MONTH TO DATE    3.47          6.48  -3.01     9.81
  SINCE JUN 1     14.53         17.23  -2.70    40.17
  SINCE JAN 1     40.03         34.40   5.63    52.71

DEGREE DAYS
 HEATING
  YESTERDAY        0             0      0
  MONTH TO DATE    0             0      0
  SINCE JUN 1      0             0      0
  SINCE JUL 1      0             0      0

 COOLING
  YESTERDAY       16            16      0
  MONTH TO DATE  498           442     56
  SINCE JUN 1   1498          1397    101
  SINCE JAN 1   1990          1876    114
......................................................


WIND (MPH)
  RESULTANT WIND SPEED   3   RESULTANT WIND DIRECTION  NE (40)
  HIGHEST WIND SPEED    14   HIGHEST WIND DIRECTION     N (10)
  HIGHEST GUST SPEED    19   HIGHEST GUST DIRECTION     N (20)
  AVERAGE WIND SPEED     4.1



WEATHER CONDITIONS
 THE FOLLOWING WEATHER WAS RECORDED YESTERDAY.
  NO SIGNIFICANT WEATHER WAS OBSERVED.


RELATIVE HUMIDITY (PERCENT)
 HIGHEST    97
 LOWEST     38

..........................................................




SUNRISE AND SUNSET
AUGUST 28 2014........SUNRISE   708 AM EDT   SUNSET   759 PM EDT
AUGUST 29 2014........SUNRISE   708 AM EDT   SUNSET   758 PM EDT


-  INDICATES NEGATIVE NUMBERS.
R  INDICATES RECORD WAS SET OR TIED.
MM INDICATES DATA IS MISSING.
T  INDICATES TRACE AMOUNT.




$$
