000
CDUS42 KTAE 200634
CLICTY


CLIMATE REPORT
NATIONAL WEATHER SERVICE TALLAHASSEE FL
134 AM EST MON NOV 20 2017


...................................

...THE CROSS CITY  CLIMATE SUMMARY FOR NOVEMBER 19 2017...

CLIMATE NORMAL PERIOD 1981 TO 2010
CLIMATE RECORD PERIOD 1948 TO 2017


WEATHER ITEM   OBSERVED TIME   NORMAL DEPARTURE LAST
                VALUE   (LST)  VALUE  FROM      YEAR
                                      NORMAL
......................................................
TEMPERATURE (F)
 YESTERDAY
  MAXIMUM         70    255 PM  75     -5       79
  MINIMUM         39   1155 PM  49    -10       43
  AVERAGE         55            62     -7

PRECIPITATION (IN)
  YESTERDAY        0.16          0.09   0.07     0.00
  MONTH TO DATE    0.17          1.51  -1.34     0.00
  SINCE SEP 1      6.57          9.37  -2.80    15.25
  SINCE JAN 1     53.02         44.74   8.28    59.60

DEGREE DAYS
 HEATING
  YESTERDAY       10             5      5
  MONTH TO DATE   53            69    -16
  SINCE SEP 1    104           101      3
  SINCE JUL 1    104           101      3

 COOLING
  YESTERDAY        0             2     -2
  MONTH TO DATE   43            45     -2
  SINCE SEP 1    767           650    117
  SINCE JAN 1   2885          2588    297
......................................................


WIND (MPH)
  RESULTANT WIND SPEED   3   RESULTANT WIND DIRECTION  NW (320)
  HIGHEST WIND SPEED    12   HIGHEST WIND DIRECTION    NW (320)
  HIGHEST GUST SPEED    MM   HIGHEST GUST DIRECTION    MM
  AVERAGE WIND SPEED     6.4



WEATHER CONDITIONS
 THE FOLLOWING WEATHER WAS RECORDED YESTERDAY.
  RAIN
  FOG
  HAZE


RELATIVE HUMIDITY (PERCENT)
 HIGHEST   100
 LOWEST     50

..........................................................




SUNRISE AND SUNSET
NOVEMBER 20 2017......SUNRISE   701 AM EST   SUNSET   535 PM EST
NOVEMBER 21 2017......SUNRISE   702 AM EST   SUNSET   535 PM EST


-  INDICATES NEGATIVE NUMBERS.
R  INDICATES RECORD WAS SET OR TIED.
MM INDICATES DATA IS MISSING.
T  INDICATES TRACE AMOUNT.




$$
