000
CDUS42 KTAE 170634
CLICTY


CLIMATE REPORT
NATIONAL WEATHER SERVICE TALLAHASSEE FL
132 AM EST TUE JAN 17 2017

...................................

...THE CROSS CITY  CLIMATE SUMMARY FOR JANUARY 16 2017...

CLIMATE NORMAL PERIOD 1981 TO 2010
CLIMATE RECORD PERIOD 1948 TO 2017


WEATHER ITEM   OBSERVED TIME   NORMAL DEPARTURE LAST
                VALUE   (LST)  VALUE  FROM      YEAR
                                      NORMAL
......................................................
TEMPERATURE (F)
 YESTERDAY
  MAXIMUM         79    200 PM  66     13       70
  MINIMUM         52    700 AM  40     12       47
  AVERAGE         66            53     13

PRECIPITATION (IN)
  YESTERDAY        0.00          0.13  -0.13     0.00
  MONTH TO DATE    1.29          2.06  -0.77     1.33
  SINCE DEC 1      5.16          4.58   0.58     3.59
  SINCE JAN 1      1.29          2.06  -0.77     1.33

DEGREE DAYS
 HEATING
  YESTERDAY        0            12    -12
  MONTH TO DATE  108           203    -95
  SINCE DEC 1    269           540   -271
  SINCE JUL 1    394           708   -314

 COOLING
  YESTERDAY        1             0      1
  MONTH TO DATE   15             0     15
  SINCE DEC 1     68            18     50
  SINCE JAN 1     15             0     15
......................................................


WIND (MPH)
  RESULTANT WIND SPEED   2   RESULTANT WIND DIRECTION  SE (120)
  HIGHEST WIND SPEED     9   HIGHEST WIND DIRECTION     S (180)
  HIGHEST GUST SPEED    MM   HIGHEST GUST DIRECTION    MM
  AVERAGE WIND SPEED     2.6



WEATHER CONDITIONS
 THE FOLLOWING WEATHER WAS RECORDED YESTERDAY.
  FOG


RELATIVE HUMIDITY (PERCENT)
 HIGHEST   100
 LOWEST     40

..........................................................



SUNRISE AND SUNSET
JANUARY 17 2017.......SUNRISE   728 AM EST   SUNSET   558 PM EST
JANUARY 18 2017.......SUNRISE   728 AM EST   SUNSET   559 PM EST


-  INDICATES NEGATIVE NUMBERS.
R  INDICATES RECORD WAS SET OR TIED.
MM INDICATES DATA IS MISSING.
T  INDICATES TRACE AMOUNT.


$$
