000
CDUS42 KTAE 200633
CLICTY


CLIMATE REPORT
NATIONAL WEATHER SERVICE TALLAHASSEE FL
233 AM EDT THU JUL 20 2017


...................................

...THE CROSS CITY  CLIMATE SUMMARY FOR JULY 19 2017...

CLIMATE NORMAL PERIOD 1981 TO 2010
CLIMATE RECORD PERIOD 1948 TO 2017


WEATHER ITEM   OBSERVED TIME   NORMAL DEPARTURE LAST
                VALUE   (LST)  VALUE  FROM      YEAR
                                      NORMAL
......................................................
TEMPERATURE (F)
 YESTERDAY
  MAXIMUM         91        MM  91      0       97
  MINIMUM         73        MM  72      1       71
  AVERAGE         82            82      0

PRECIPITATION (IN)
  YESTERDAY        0.15          0.18  -0.03     0.00
  MONTH TO DATE    5.77          3.26   2.51     4.98
  SINCE JUN 1     20.00          8.35  11.65    10.06
  SINCE JAN 1     30.16         25.52   4.64    26.81

DEGREE DAYS
 HEATING
  YESTERDAY        0             0      0
  MONTH TO DATE    0             0      0
  SINCE JUN 1      0             0      0
  SINCE JUL 1      0             0      0

 COOLING
  YESTERDAY       17            17      0
  MONTH TO DATE  335           307     28
  SINCE JUN 1    777           754     23
  SINCE JAN 1   1378          1233    145
......................................................


WIND (MPH)
  RESULTANT WIND SPEED   1   RESULTANT WIND DIRECTION  NE (40)
  HIGHEST WIND SPEED     8   HIGHEST WIND DIRECTION     W (280)
  HIGHEST GUST SPEED    MM   HIGHEST GUST DIRECTION    MM
  AVERAGE WIND SPEED     3.3



WEATHER CONDITIONS
 THE FOLLOWING WEATHER WAS RECORDED YESTERDAY.
  THUNDERSTORM
  HEAVY RAIN
  LIGHT RAIN


RELATIVE HUMIDITY (PERCENT)
 HIGHEST   100
 LOWEST     63

..........................................................




SUNRISE AND SUNSET
JULY 20 2017..........SUNRISE   645 AM EDT   SUNSET   832 PM EDT
JULY 21 2017..........SUNRISE   646 AM EDT   SUNSET   832 PM EDT


-  INDICATES NEGATIVE NUMBERS.
R  INDICATES RECORD WAS SET OR TIED.
MM INDICATES DATA IS MISSING.
T  INDICATES TRACE AMOUNT.




$$
