000
CDUS42 KCAE 232234
CLICUB


CLIMATE REPORT
NATIONAL WEATHER SERVICE COLUMBIA SC
534 PM EST FRI FEB 23 2018


...................................

...THE HAMILTON - OWENS AIRPORT SC CLIMATE SUMMARY FOR FEBRUARY 23 2018...
VALID TODAY AS OF 0500 PM LOCAL TIME.

CLIMATE NORMAL PERIOD 1981 TO 2010
CLIMATE RECORD PERIOD 9999 TO 9999


WEATHER ITEM   OBSERVED TIME   NORMAL DEPARTURE LAST
                VALUE   (LST)  VALUE  FROM      YEAR
                                      NORMAL
......................................................
TEMPERATURE (F)
 TODAY
  MAXIMUM         80    437 PM  62     18       78
  MINIMUM         56    729 AM  40     16       57
  AVERAGE         68            51     17       68

PRECIPITATION (IN)
  TODAY            0.00          0.14  -0.14     0.00
  MONTH TO DATE    1.09          2.92  -1.83     1.56
  SINCE DEC 1      6.73          9.75  -3.02    11.08
  SINCE JAN 1      3.40          6.55  -3.15     7.70

DEGREE DAYS
 HEATING
  TODAY            0            14    -14        0
  MONTH TO DATE  179           369   -190      193
  SINCE DEC 1   1300          1490   -190      979
  SINCE JUL 1   1653          1861   -208     1240

 COOLING
  TODAY            3             0      3        3
  MONTH TO DATE   39             0     39        8
  SINCE DEC 1     40             5     35       11
  SINCE JAN 1     40             1     39       10
......................................................


WIND (MPH)
  HIGHEST WIND SPEED    12   HIGHEST WIND DIRECTION     S (170)
  HIGHEST GUST SPEED    17   HIGHEST GUST DIRECTION    SW (230)
  AVERAGE WIND SPEED     1.7


SKY COVER
  AVERAGE SKY COVER 0.2


WEATHER CONDITIONS
 THE FOLLOWING WEATHER WAS RECORDED TODAY.
  FOG


RELATIVE HUMIDITY (PERCENT)
 HIGHEST   100           700 AM
 LOWEST     42           400 PM
 AVERAGE    71

..........................................................


THE HAMILTON - OWENS AIRPORT SC CLIMATE NORMALS FOR TOMORROW
                         NORMAL
 MAXIMUM TEMPERATURE (F)   63
 MINIMUM TEMPERATURE (F)   40


SUNRISE AND SUNSET
FEBRUARY 23 2018......SUNRISE   700 AM EST   SUNSET   615 PM EST
FEBRUARY 24 2018......SUNRISE   659 AM EST   SUNSET   616 PM EST


-  INDICATES NEGATIVE NUMBERS.
R  INDICATES RECORD WAS SET OR TIED.
MM INDICATES DATA IS MISSING.
T  INDICATES TRACE AMOUNT.




$$
