000
CDUS42 KCAE 072124
CLICUB


CLIMATE REPORT
NATIONAL WEATHER SERVICE COLUMBIA SC
524 PM EDT TUE JUL 7 2015


...................................

...THE HAMILTON - OWENS AIRPORT SC CLIMATE SUMMARY FOR JULY 7 2015...
VALID TODAY AS OF 0500 PM LOCAL TIME.

CLIMATE NORMAL PERIOD 1981 TO 2010
CLIMATE RECORD PERIOD 9999 TO 9999


WEATHER ITEM   OBSERVED TIME   NORMAL DEPARTURE LAST
                VALUE   (LST)  VALUE  FROM      YEAR
                                      NORMAL
......................................................
TEMPERATURE (F)
 TODAY
  MAXIMUM         94    349 PM  93      1       91
  MINIMUM         73    555 AM  72      1       71
  AVERAGE         84            82      2       81

PRECIPITATION (IN)
  TODAY            0.00          0.20  -0.20     0.25
  MONTH TO DATE    1.14          1.35  -0.21     0.35
  SINCE JUN 1      8.55          6.26   2.29     3.51
  SINCE JAN 1     23.69         23.08   0.61    21.47

DEGREE DAYS
 HEATING
  TODAY            0             0      0        0
  MONTH TO DATE    0             0      0        0
  SINCE JUN 1      0             0      0        0
  SINCE JUL 1      0             0      0        0

 COOLING
  TODAY           19            17      2       16
  MONTH TO DATE  112           119     -7      117
  SINCE JUN 1    658           552    106      611
  SINCE JAN 1   1087           888    199     1004
......................................................


WIND (MPH)
  HIGHEST WIND SPEED    10   HIGHEST WIND DIRECTION     W (260)
  HIGHEST GUST SPEED    17   HIGHEST GUST DIRECTION     W (290)
  AVERAGE WIND SPEED     3.8


SKY COVER
  AVERAGE SKY COVER 0.1


WEATHER CONDITIONS
 THE FOLLOWING WEATHER WAS RECORDED TODAY.
  NO SIGNIFICANT WEATHER WAS OBSERVED.


RELATIVE HUMIDITY (PERCENT)
 HIGHEST    93           500 AM
 LOWEST     41           300 PM
 AVERAGE    67

..........................................................


THE HAMILTON - OWENS AIRPORT SC CLIMATE NORMALS FOR TOMORROW
                         NORMAL
 MAXIMUM TEMPERATURE (F)   93
 MINIMUM TEMPERATURE (F)   72


SUNRISE AND SUNSET
JULY  7 2015..........SUNRISE   619 AM EDT   SUNSET   838 PM EDT
JULY  8 2015..........SUNRISE   620 AM EDT   SUNSET   838 PM EDT


-  INDICATES NEGATIVE NUMBERS.
R  INDICATES RECORD WAS SET OR TIED.
MM INDICATES DATA IS MISSING.
T  INDICATES TRACE AMOUNT.




$$
