000
CDUS42 KCAE 182129
CLICUB


CLIMATE REPORT
NATIONAL WEATHER SERVICE COLUMBIA SC
527 PM EDT FRI APR 18 2014


...................................

...THE HAMILTON - OWENS AIRPORT SC CLIMATE SUMMARY FOR APRIL 18 2014...
VALID TODAY AS OF 0500 PM LOCAL TIME.

CLIMATE NORMAL PERIOD 1981 TO 2010
CLIMATE RECORD PERIOD 9999 TO 9999


WEATHER ITEM   OBSERVED TIME   RECORD YEAR NORMAL DEPARTURE LAST
                VALUE   (LST)  VALUE       VALUE  FROM      YEAR
                                                  NORMAL
..................................................................
TEMPERATURE (F)
 TODAY
  MAXIMUM         61    202 PM  MM      MM  77    -16       82
  MINIMUM         51    714 AM  MM      MM  53     -2       62
  AVERAGE         56                        65     -9       72

PRECIPITATION (IN)
  TODAY            0.10         MM      MM   0.09   0.01      T
  MONTH TO DATE    0.94                      1.71  -0.77     2.08
  SINCE MAR 1      4.83                      5.59  -0.76     5.96
  SINCE JAN 1     11.21                     12.87  -1.66    12.59

DEGREE DAYS
 HEATING
  TODAY            9                         3      6        0
  MONTH TO DATE   61                        74    -13       58
  SINCE MAR 1    453                       348    105      491
  SINCE JUL 1   2445                      2277    168     2149

 COOLING
  TODAY            0                         3     -3        7
  MONTH TO DATE   39                        41     -2       60
  SINCE MAR 1     41                        56    -15       71
  SINCE JAN 1     47                        59    -12       95
..................................................................


WIND (MPH)
  HIGHEST WIND SPEED    10   HIGHEST WIND DIRECTION     E (70)
  HIGHEST GUST SPEED    18   HIGHEST GUST DIRECTION    NE (60)
  AVERAGE WIND SPEED     4.9


SKY COVER
  AVERAGE SKY COVER 0.4


WEATHER CONDITIONS
 THE FOLLOWING WEATHER WAS RECORDED TODAY.
  RAIN
  LIGHT RAIN
  FOG


RELATIVE HUMIDITY (PERCENT)
 HIGHEST    86           400 PM
 LOWEST     51          1100 AM
 AVERAGE    69

..........................................................


THE HAMILTON - OWENS AIRPORT SC CLIMATE NORMALS FOR TOMORROW
                         NORMAL    RECORD    YEAR
 MAXIMUM TEMPERATURE (F)   77        MM        MM
 MINIMUM TEMPERATURE (F)   53        MM        MM


SUNRISE AND SUNSET
APRIL 18 2014.........SUNRISE   649 AM EDT   SUNSET   758 PM EDT
APRIL 19 2014.........SUNRISE   648 AM EDT   SUNSET   758 PM EDT


-  INDICATES NEGATIVE NUMBERS.
R  INDICATES RECORD WAS SET OR TIED.
MM INDICATES DATA IS MISSING.
T  INDICATES TRACE AMOUNT.




$$
