000
CDUS42 KCAE 300532
CLICUB


CLIMATE REPORT
NATIONAL WEATHER SERVICE COLUMBIA SC
132 AM EDT SAT APR 30 2016


...................................

...THE HAMILTON - OWENS AIRPORT SC CLIMATE SUMMARY FOR APRIL 29 2016...

CLIMATE NORMAL PERIOD 1981 TO 2010
CLIMATE RECORD PERIOD 9999 TO 9999


WEATHER ITEM   OBSERVED TIME   NORMAL DEPARTURE LAST
                VALUE   (LST)  VALUE  FROM      YEAR
                                      NORMAL
......................................................
TEMPERATURE (F)
 YESTERDAY
  MAXIMUM         92    306 PM  80     12       65
  MINIMUM         65    606 AM  55     10       50
  AVERAGE         79            68     11       58

PRECIPITATION (IN)
  YESTERDAY        0.00          0.08  -0.08     0.62
  MONTH TO DATE    2.30          2.60  -0.30     3.01
  SINCE MAR 1      4.55          6.48  -1.93     5.65
  SINCE JAN 1      9.47         13.76  -4.29    13.57

DEGREE DAYS
 HEATING
  YESTERDAY        0             2     -2        7
  MONTH TO DATE   71            98    -27       39
  SINCE MAR 1    211           372   -161      247
  SINCE JUL 1   1711          2301   -590     2373

 COOLING
  YESTERDAY       14             4     10        0
  MONTH TO DATE   98            79     19      113
  SINCE MAR 1    173            94     79      134
  SINCE JAN 1    176            97     79      134
......................................................


WIND (MPH)
  HIGHEST WIND SPEED    10   HIGHEST WIND DIRECTION     W (290)
  HIGHEST GUST SPEED    19   HIGHEST GUST DIRECTION    NW (300)
  AVERAGE WIND SPEED     2.4


SKY COVER
  AVERAGE SKY COVER 0.0


WEATHER CONDITIONS
 THE FOLLOWING WEATHER WAS RECORDED YESTERDAY.
  FOG


RELATIVE HUMIDITY (PERCENT)
 HIGHEST    93           400 AM
 LOWEST     21           500 PM

..........................................................


THE HAMILTON - OWENS AIRPORT SC CLIMATE NORMALS FOR TODAY
                         NORMAL    RECORD    YEAR
 MAXIMUM TEMPERATURE (F)   80        MM        MM
 MINIMUM TEMPERATURE (F)   56        MM        MM


SUNRISE AND SUNSET
APRIL 30 2016.........SUNRISE   635 AM EDT   SUNSET   807 PM EDT
MAY  1 2016...........SUNRISE   634 AM EDT   SUNSET   808 PM EDT


-  INDICATES NEGATIVE NUMBERS.
R  INDICATES RECORD WAS SET OR TIED.
MM INDICATES DATA IS MISSING.
T  INDICATES TRACE AMOUNT.




$$
