000
CDUS42 KCAE 290640
CLICUB


CLIMATE REPORT
NATIONAL WEATHER SERVICE COLUMBIA SC
139 AM EST MON DEC 29 2014


...................................

...THE HAMILTON - OWENS AIRPORT SC CLIMATE SUMMARY FOR DECEMBER 28 2014...

CLIMATE NORMAL PERIOD 1981 TO 2010
CLIMATE RECORD PERIOD 9999 TO 9999


WEATHER ITEM   OBSERVED TIME   NORMAL DEPARTURE LAST
                VALUE   (LST)  VALUE  FROM      YEAR
                                      NORMAL
......................................................
TEMPERATURE (F)
 YESTERDAY
  MAXIMUM         65    445 PM  56      9       58
  MINIMUM         52    244 AM  36     16       30
  AVERAGE         59            46     13       44

PRECIPITATION (IN)
  YESTERDAY        0.21          0.08   0.13     0.05
  MONTH TO DATE    4.09          2.94   1.15     3.98
  SINCE DEC 1      4.09          2.94   1.15     3.98
  SINCE JAN 1     46.37         45.14   1.23    50.85

DEGREE DAYS
 HEATING
  YESTERDAY        6            19    -13       21
  MONTH TO DATE  395           471    -76      376
  SINCE DEC 1    395           471    -76      376
  SINCE JUL 1    870           842     28      790

 COOLING
  YESTERDAY        0             0      0        0
  MONTH TO DATE    0             0      0       14
  SINCE DEC 1      0             0      0       14
  SINCE JAN 1   2415          2256    159     2237
......................................................


WIND (MPH)
  HIGHEST WIND SPEED     8   HIGHEST WIND DIRECTION     W (280)
  HIGHEST GUST SPEED    11   HIGHEST GUST DIRECTION     W (260)
  AVERAGE WIND SPEED     2.1


SKY COVER
  AVERAGE SKY COVER 0.9


WEATHER CONDITIONS
 THE FOLLOWING WEATHER WAS RECORDED YESTERDAY.
  HEAVY RAIN
  RAIN
  LIGHT RAIN
  FOG


RELATIVE HUMIDITY (PERCENT)
 HIGHEST    93           900 AM
 LOWEST     83          1200 AM

..........................................................


THE HAMILTON - OWENS AIRPORT SC CLIMATE NORMALS FOR TODAY
                         NORMAL    RECORD    YEAR
 MAXIMUM TEMPERATURE (F)   56        MM        MM
 MINIMUM TEMPERATURE (F)   36        MM        MM


SUNRISE AND SUNSET
DECEMBER 29 2014......SUNRISE   729 AM EST   SUNSET   524 PM EST
DECEMBER 30 2014......SUNRISE   729 AM EST   SUNSET   524 PM EST


-  INDICATES NEGATIVE NUMBERS.
R  INDICATES RECORD WAS SET OR TIED.
MM INDICATES DATA IS MISSING.
T  INDICATES TRACE AMOUNT.




$$
