000
CDUS43 KUNR 200834
CLICUT


CLIMATE REPORT
NATIONAL WEATHER SERVICE RAPID CITY SD
233 AM MDT FRI OCT 20 2017


...................................

...THE CUSTER COUNTY AIRPORT SD CLIMATE SUMMARY FOR OCTOBER 19 2017...

CLIMATE NORMAL PERIOD 1981 TO 2010
CLIMATE RECORD PERIOD 9999 TO 9999


WEATHER ITEM   OBSERVED TIME   NORMAL DEPARTURE LAST
                VALUE   (LST)  VALUE  FROM      YEAR
                                      NORMAL
......................................................
TEMPERATURE (F)
 YESTERDAY
  MAXIMUM         72    251 PM  53     19       49
  MINIMUM         46   1220 AM  30     16       27
  AVERAGE         59            42     17       38

PRECIPITATION (IN)
  YESTERDAY        0.00          0.04  -0.04     0.04
  MONTH TO DATE    0.72          1.09  -0.37     0.51
  SINCE SEP 1      2.29          2.66  -0.37     2.28
  SINCE JAN 1     19.86         17.58   2.28    15.12

DEGREE DAYS
 HEATING
  YESTERDAY        6            23    -17       27
  MONTH TO DATE  393           391      2      318
  SINCE SEP 1    677           723    -46      572
  SINCE JUL 1    778           877    -99      708

 COOLING
  YESTERDAY        0             0      0        0
  MONTH TO DATE    0             0      0        0
  SINCE SEP 1     27            11     16        7
  SINCE JAN 1    235           177     58      259
......................................................


WIND (MPH)
  HIGHEST WIND SPEED    16   HIGHEST WIND DIRECTION    SW (240)
  HIGHEST GUST SPEED    23   HIGHEST GUST DIRECTION     W (270)
  AVERAGE WIND SPEED     8.0


SKY COVER
  AVERAGE SKY COVER 0.0


WEATHER CONDITIONS
 THE FOLLOWING WEATHER WAS RECORDED YESTERDAY.
  NO SIGNIFICANT WEATHER WAS OBSERVED.


RELATIVE HUMIDITY (PERCENT)
 HIGHEST    34
 LOWEST     11
 AVERAGE    23

..........................................................




SUNRISE AND SUNSET
OCTOBER 20 2017.......SUNRISE   715 AM MDT   SUNSET   602 PM MDT
OCTOBER 21 2017.......SUNRISE   717 AM MDT   SUNSET   601 PM MDT


-  INDICATES NEGATIVE NUMBERS.
R  INDICATES RECORD WAS SET OR TIED.
MM INDICATES DATA IS MISSING.
T  INDICATES TRACE AMOUNT.




$$
