000
CDUS43 KUNR 150841
CLICUT


CLIMATE REPORT
NATIONAL WEATHER SERVICE RAPID CITY SD
238 AM MDT MON SEP 15 2014


...................................

...THE CUSTER COUNTY AIRPORT SD CLIMATE SUMMARY FOR SEPTEMBER 14 2014...

CLIMATE NORMAL PERIOD 1981 TO 2010
CLIMATE RECORD PERIOD 9999 TO 9999


WEATHER ITEM   OBSERVED TIME   NORMAL DEPARTURE LAST
                VALUE   (LST)  VALUE  FROM      YEAR
                                      NORMAL
......................................................
TEMPERATURE (F)
 YESTERDAY
  MAXIMUM         51    145 PM  69    -18       72
  MINIMUM         30    517 AM  42    -12       54
  AVERAGE         41            55    -14       63

PRECIPITATION (IN)
  YESTERDAY        0.00          0.05  -0.05     0.01
  MONTH TO DATE    0.71          0.85  -0.14     0.94
  SINCE SEP 1      0.71          0.85  -0.14     0.94
  SINCE JAN 1     15.22         15.77  -0.55    16.89

DEGREE DAYS
 HEATING
  YESTERDAY       24            10     14        2
  MONTH TO DATE  195           109     86       44
  SINCE SEP 1    195           109     86       44
  SINCE JUL 1    326           263     63      141

 COOLING
  YESTERDAY        0             0      0        0
  MONTH TO DATE    5            11     -6       38
  SINCE SEP 1      5            11     -6       38
  SINCE JAN 1    139           177    -38      187
......................................................


WIND (MPH)
  HIGHEST WIND SPEED    13   HIGHEST WIND DIRECTION     E (100)
  HIGHEST GUST SPEED    17   HIGHEST GUST DIRECTION     E (80)
  AVERAGE WIND SPEED     5.3


SKY COVER
  AVERAGE SKY COVER 0.3


WEATHER CONDITIONS
 THE FOLLOWING WEATHER WAS RECORDED YESTERDAY.
  NO SIGNIFICANT WEATHER WAS OBSERVED.


RELATIVE HUMIDITY (PERCENT)
 HIGHEST    92
 LOWEST     61
 AVERAGE    77

..........................................................




SUNRISE AND SUNSET
SEPTEMBER 15 2014.....SUNRISE   634 AM MDT   SUNSET   705 PM MDT
SEPTEMBER 16 2014.....SUNRISE   635 AM MDT   SUNSET   703 PM MDT


-  INDICATES NEGATIVE NUMBERS.
R  INDICATES RECORD WAS SET OR TIED.
MM INDICATES DATA IS MISSING.
T  INDICATES TRACE AMOUNT.




$$
