000
CDUS43 KUNR 250834
CLICUT


CLIMATE REPORT
NATIONAL WEATHER SERVICE RAPID CITY SD
233 AM MDT MON JUL 25 2016


...................................

...THE CUSTER COUNTY AIRPORT SD CLIMATE SUMMARY FOR JULY 24 2016...

CLIMATE NORMAL PERIOD 1981 TO 2010
CLIMATE RECORD PERIOD 9999 TO 9999


WEATHER ITEM   OBSERVED TIME   NORMAL DEPARTURE LAST
                VALUE   (LST)  VALUE  FROM      YEAR
                                      NORMAL
......................................................
TEMPERATURE (F)
 YESTERDAY
  MAXIMUM         79    346 PM  80     -1       85
  MINIMUM         54    509 AM  52      2       55
  AVERAGE         67            66      1       70

PRECIPITATION (IN)
  YESTERDAY        0.04          0.08  -0.04     0.00
  MONTH TO DATE    1.54          1.93  -0.39     1.02
  SINCE JUN 1      4.24          5.15  -0.91     7.52
  SINCE JAN 1      8.82         12.26  -3.44    16.83

DEGREE DAYS
 HEATING
  YESTERDAY        0             2     -2        0
  MONTH TO DATE   36            52    -16       40
  SINCE JUN 1     92           272   -180      142
  SINCE JUL 1     36            52    -16       40

 COOLING
  YESTERDAY        2             3     -1        5
  MONTH TO DATE   97            62     35       49
  SINCE JUN 1    174            87     87       76
  SINCE JAN 1    174            88     86       76
......................................................


WIND (MPH)
  HIGHEST WIND SPEED    14   HIGHEST WIND DIRECTION     E (110)
  HIGHEST GUST SPEED    23   HIGHEST GUST DIRECTION    SE (150)
  AVERAGE WIND SPEED     8.1


SKY COVER
  AVERAGE SKY COVER 0.4


WEATHER CONDITIONS
 THE FOLLOWING WEATHER WAS RECORDED YESTERDAY.
  THUNDERSTORM
  RAIN


RELATIVE HUMIDITY (PERCENT)
 HIGHEST    71
 LOWEST     27
 AVERAGE    49

..........................................................




SUNRISE AND SUNSET
JULY 25 2016..........SUNRISE   537 AM MDT   SUNSET   825 PM MDT
JULY 26 2016..........SUNRISE   538 AM MDT   SUNSET   824 PM MDT


-  INDICATES NEGATIVE NUMBERS.
R  INDICATES RECORD WAS SET OR TIED.
MM INDICATES DATA IS MISSING.
T  INDICATES TRACE AMOUNT.




$$
