000
CDUS43 KUNR 030835
CLICUT


CLIMATE REPORT
NATIONAL WEATHER SERVICE RAPID CITY SD
235 AM MDT TUE MAY 3 2016


...................................

...THE CUSTER COUNTY AIRPORT SD CLIMATE SUMMARY FOR MAY 2 2016...

CLIMATE NORMAL PERIOD 1981 TO 2010
CLIMATE RECORD PERIOD 9999 TO 9999


WEATHER ITEM   OBSERVED TIME   NORMAL DEPARTURE LAST
                VALUE   (LST)  VALUE  FROM      YEAR
                                      NORMAL
......................................................
TEMPERATURE (F)
 YESTERDAY
  MAXIMUM         59    304 PM  57      2       72
  MINIMUM         27    304 AM  32     -5       38
  AVERAGE         43            44     -1       55

PRECIPITATION (IN)
  YESTERDAY        0.00          0.10  -0.10     0.00
  MONTH TO DATE    0.00          0.20  -0.20     0.00
  SINCE MAR 1      2.30          3.33  -1.03     2.31
  SINCE JAN 1      2.91          4.19  -1.28     2.71

DEGREE DAYS
 HEATING
  YESTERDAY       22            21      1       10
  MONTH TO DATE   45            42      3       29
  SINCE MAR 1   1586          1857   -271     1569
  SINCE JUL 1   6641          7692  -1051     7018

 COOLING
  YESTERDAY        0             0      0        0
  MONTH TO DATE    0             0      0        0
  SINCE MAR 1      0             0      0        0
  SINCE JAN 1      0             0      0        0
......................................................


WIND (MPH)
  HIGHEST WIND SPEED    17   HIGHEST WIND DIRECTION    NW (330)
  HIGHEST GUST SPEED    27   HIGHEST GUST DIRECTION     N (10)
  AVERAGE WIND SPEED     6.6


SKY COVER
  AVERAGE SKY COVER 0.4


WEATHER CONDITIONS
 THE FOLLOWING WEATHER WAS RECORDED YESTERDAY.
  NO SIGNIFICANT WEATHER WAS OBSERVED.


RELATIVE HUMIDITY (PERCENT)
 HIGHEST    78
 LOWEST     27
 AVERAGE    53

..........................................................




SUNRISE AND SUNSET
MAY  3 2016...........SUNRISE   543 AM MDT   SUNSET   800 PM MDT
MAY  4 2016...........SUNRISE   542 AM MDT   SUNSET   801 PM MDT


-  INDICATES NEGATIVE NUMBERS.
R  INDICATES RECORD WAS SET OR TIED.
MM INDICATES DATA IS MISSING.
T  INDICATES TRACE AMOUNT.




$$
