000
CDUS43 KUNR 040842
CLICUT


CLIMATE REPORT
NATIONAL WEATHER SERVICE RAPID CITY SD
140 AM MST WED MAR 4 2015


...................................

...THE CUSTER COUNTY AIRPORT SD CLIMATE SUMMARY FOR MARCH 3 2015...

CLIMATE NORMAL PERIOD 1981 TO 2010
CLIMATE RECORD PERIOD 9999 TO 9999


WEATHER ITEM   OBSERVED TIME   NORMAL DEPARTURE LAST
                VALUE   (LST)  VALUE  FROM      YEAR
                                      NORMAL
......................................................
TEMPERATURE (F)
 YESTERDAY
  MAXIMUM         22   1254 AM  39    -17       49
  MINIMUM         -4   1147 PM  18    -22       21
  AVERAGE          9            29    -20       35

PRECIPITATION (IN)
  YESTERDAY        0.02          0.01   0.01     0.00
  MONTH TO DATE    0.17          0.04   0.13     0.30
  SINCE MAR 1      0.17          0.04   0.13     0.30
  SINCE JAN 1      0.57          0.90  -0.33     1.63

DEGREE DAYS
 HEATING
  YESTERDAY       56            36     20       30
  MONTH TO DATE  149           110     39      165
  SINCE MAR 1    149           110     39      165
  SINCE JUL 1   5598          5945   -347     6023

 COOLING
  YESTERDAY        0             0      0        0
  MONTH TO DATE    0             0      0        0
  SINCE MAR 1      0             0      0        0
  SINCE JAN 1      0             0      0        0
......................................................


WIND (MPH)
  HIGHEST WIND SPEED    24   HIGHEST WIND DIRECTION     N (350)
  HIGHEST GUST SPEED    33   HIGHEST GUST DIRECTION     N (340)
  AVERAGE WIND SPEED     8.6


SKY COVER
  AVERAGE SKY COVER 0.8


WEATHER CONDITIONS
 THE FOLLOWING WEATHER WAS RECORDED YESTERDAY.
  SNOW
  LIGHT SNOW
  FOG
  HAZE


RELATIVE HUMIDITY (PERCENT)
 HIGHEST    84
 LOWEST     50
 AVERAGE    67

..........................................................




SUNRISE AND SUNSET
MARCH  4 2015.........SUNRISE   626 AM MST   SUNSET   547 PM MST
MARCH  5 2015.........SUNRISE   625 AM MST   SUNSET   548 PM MST


-  INDICATES NEGATIVE NUMBERS.
R  INDICATES RECORD WAS SET OR TIED.
MM INDICATES DATA IS MISSING.
T  INDICATES TRACE AMOUNT.




$$
