000
CDUS43 KUNR 170834
CLICUT


CLIMATE REPORT
NATIONAL WEATHER SERVICE RAPID CITY SD
134 AM MST SUN DEC 17 2017


...................................

...THE CUSTER COUNTY AIRPORT SD CLIMATE SUMMARY FOR DECEMBER 16 2017...

CLIMATE NORMAL PERIOD 1981 TO 2010
CLIMATE RECORD PERIOD 9999 TO 9999


WEATHER ITEM   OBSERVED TIME   NORMAL DEPARTURE LAST
                VALUE   (LST)  VALUE  FROM      YEAR
                                      NORMAL
......................................................
TEMPERATURE (F)
 YESTERDAY
  MAXIMUM         35    308 AM  33      2       12
  MINIMUM         23   1159 PM  13     10       -5
  AVERAGE         29            23      6        4

PRECIPITATION (IN)
  YESTERDAY        0.15          0.02   0.13     0.73
  MONTH TO DATE    0.30          0.19   0.11     0.84
  SINCE DEC 1      0.30          0.19   0.11     0.84
  SINCE JAN 1     21.01         18.76   2.25    16.11

DEGREE DAYS
 HEATING
  YESTERDAY       36            42     -6       61
  MONTH TO DATE  513           661   -148      788
  SINCE DEC 1    513           661   -148      788
  SINCE JUL 1   2477          2842   -365     2407

 COOLING
  YESTERDAY        0             0      0        0
  MONTH TO DATE    0             0      0        0
  SINCE DEC 1      0             0      0        0
  SINCE JAN 1    235           177     58      259
......................................................


WIND (MPH)
  HIGHEST WIND SPEED    12   HIGHEST WIND DIRECTION     N (360)
  HIGHEST GUST SPEED    17   HIGHEST GUST DIRECTION     N (360)
  AVERAGE WIND SPEED     4.6


SKY COVER
  AVERAGE SKY COVER 0.7


WEATHER CONDITIONS
 THE FOLLOWING WEATHER WAS RECORDED YESTERDAY.
  SNOW
  LIGHT SNOW
  FOG


RELATIVE HUMIDITY (PERCENT)
 HIGHEST    92
 LOWEST     35
 AVERAGE    64

..........................................................




SUNRISE AND SUNSET
DECEMBER 17 2017......SUNRISE   723 AM MST   SUNSET   419 PM MST
DECEMBER 18 2017......SUNRISE   723 AM MST   SUNSET   419 PM MST


-  INDICATES NEGATIVE NUMBERS.
R  INDICATES RECORD WAS SET OR TIED.
MM INDICATES DATA IS MISSING.
T  INDICATES TRACE AMOUNT.




$$
