000
CDUS41 KILN 280536
CLICVG


CLIMATE REPORT
NATIONAL WEATHER SERVICE WILMINGTON OH
136 AM EDT SAT MAY 28 2016


...................................

...THE CINCINNATI OH CLIMATE SUMMARY FOR MAY 27 2016...

CLIMATE NORMAL PERIOD 1981 TO 2010
CLIMATE RECORD PERIOD 1869 TO 2016


WEATHER ITEM   OBSERVED TIME   RECORD YEAR NORMAL DEPARTURE LAST
                VALUE   (LST)  VALUE       VALUE  FROM      YEAR
                                                  NORMAL
..................................................................
TEMPERATURE (F)
 YESTERDAY
  MAXIMUM         85    349 PM  95    1911  77      8       81
  MINIMUM         61    553 AM  34    1961  57      4       65
  AVERAGE         73                        67      6       73

PRECIPITATION (IN)
  YESTERDAY        0.00          2.36 1956   0.16  -0.16     0.00
  MONTH TO DATE    2.80                      4.29  -1.49     1.34
  SINCE MAR 1     12.98                     12.14   0.84    12.79
  SINCE JAN 1     19.61                     17.95   1.66    16.94

SNOWFALL (IN)
  YESTERDAY        0.0           0.0    MM   0.0    0.0      0.0
  MONTH TO DATE    0.0                       0.0    0.0      0.0
  SINCE MAR 1      2.3                       3.5   -1.2      4.9
  SINCE JUL 1     19.2                      22.1   -2.9     29.9
  SNOW DEPTH       0

DEGREE DAYS
 HEATING
  YESTERDAY        0                         2     -2        0
  MONTH TO DATE  161                       118     43       67
  SINCE MAR 1    926                      1125   -199     1049
  SINCE JUL 1   4134                      4952   -818     5276

 COOLING
  YESTERDAY        8                         4      4        8
  MONTH TO DATE   35                        60    -25      116
  SINCE MAR 1     53                        78    -25      121
  SINCE JAN 1     53                        78    -25      121
..................................................................


WIND (MPH)
  RESULTANT WIND SPEED   6   RESULTANT WIND DIRECTION   S (200)
  HIGHEST WIND SPEED    18   HIGHEST WIND DIRECTION     S (190)
  HIGHEST GUST SPEED    23   HIGHEST GUST DIRECTION    SW (210)
  AVERAGE WIND SPEED     6.8


SKY COVER
  POSSIBLE SUNSHINE  MM
  AVERAGE SKY COVER 0.7


WEATHER CONDITIONS
 THE FOLLOWING WEATHER WAS RECORDED YESTERDAY.
  FOG


RELATIVE HUMIDITY (PERCENT)
 HIGHEST   100           200 AM
 LOWEST     48           400 PM
 AVERAGE    74

..........................................................


THE CINCINNATI OH CLIMATE NORMALS FOR TODAY
                         NORMAL    RECORD    YEAR
 MAXIMUM TEMPERATURE (F)   77        95      1911
 MINIMUM TEMPERATURE (F)   57        40      1994


SUNRISE AND SUNSET
MAY 28 2016...........SUNRISE   616 AM EDT   SUNSET   856 PM EDT
MAY 29 2016...........SUNRISE   616 AM EDT   SUNSET   857 PM EDT


-  INDICATES NEGATIVE NUMBERS.
R  INDICATES RECORD WAS SET OR TIED.
MM INDICATES DATA IS MISSING.
T  INDICATES TRACE AMOUNT.




$$
