000
CDUS41 KILN 240607
CLICVG


CLIMATE REPORT
NATIONAL WEATHER SERVICE WILMINGTON OH
206 AM EDT WED MAY 24 2017


...................................

...THE CINCINNATI OH CLIMATE SUMMARY FOR MAY 23 2017...

CLIMATE NORMAL PERIOD 1981 TO 2010
CLIMATE RECORD PERIOD 1869 TO 2017


WEATHER ITEM   OBSERVED TIME   RECORD YEAR NORMAL DEPARTURE LAST
                VALUE   (LST)  VALUE       VALUE  FROM      YEAR
                                                  NORMAL
..................................................................
TEMPERATURE (F)
 YESTERDAY
  MAXIMUM         75    340 PM  89    1970  76     -1       77
                                      1939
                                      1925
  MINIMUM         48    533 AM  34    1963  55     -7       48
  AVERAGE         62                        65     -3       63

PRECIPITATION (IN)
  YESTERDAY        0.00          2.96 1998   0.15  -0.15     0.00
  MONTH TO DATE    4.33                      3.65   0.68     2.71
  SINCE MAR 1     14.30                     11.50   2.80    12.89
  SINCE JAN 1     21.52                     17.31   4.21    19.52

SNOWFALL (IN)
  YESTERDAY        0.0                       0.0    0.0      0.0
  MONTH TO DATE    0.0                       0.0    0.0      0.0
  SINCE MAR 1      2.0                       3.5   -1.5      2.3
  SINCE JUL 1     10.0                      22.1  -12.1     19.2
  SNOW DEPTH       0

DEGREE DAYS
 HEATING
  YESTERDAY        3                         3      0        2
  MONTH TO DATE  131                       108     23      161
  SINCE MAR 1    923                      1115   -192      926
  SINCE JUL 1   4003                      4942   -939     4134

 COOLING
  YESTERDAY        0                         3     -3        0
  MONTH TO DATE   51                        45      6       15
  SINCE MAR 1    103                        63     40       33
  SINCE JAN 1    103                        63     40       33
..................................................................


WIND (MPH)
  RESULTANT WIND SPEED   5   RESULTANT WIND DIRECTION  SE (130)
  HIGHEST WIND SPEED    15   HIGHEST WIND DIRECTION    SE (130)
  HIGHEST GUST SPEED    19   HIGHEST GUST DIRECTION    SE (130)
  AVERAGE WIND SPEED     6.1


SKY COVER
  POSSIBLE SUNSHINE  MM
  AVERAGE SKY COVER 0.8


WEATHER CONDITIONS
 THE FOLLOWING WEATHER WAS RECORDED YESTERDAY.
  NO SIGNIFICANT WEATHER WAS OBSERVED.


RELATIVE HUMIDITY (PERCENT)
 HIGHEST    89           600 AM
 LOWEST     41           100 PM
 AVERAGE    65

..........................................................


THE CINCINNATI OH CLIMATE NORMALS FOR TODAY
                         NORMAL    RECORD    YEAR
 MAXIMUM TEMPERATURE (F)   76        92      1975
 MINIMUM TEMPERATURE (F)   56        37      1925


SUNRISE AND SUNSET
MAY 24 2017...........SUNRISE   619 AM EDT   SUNSET   853 PM EDT
MAY 25 2017...........SUNRISE   618 AM EDT   SUNSET   854 PM EDT


-  INDICATES NEGATIVE NUMBERS.
R  INDICATES RECORD WAS SET OR TIED.
MM INDICATES DATA IS MISSING.
T  INDICATES TRACE AMOUNT.




$$
