000
CDUS41 KILN 210540
CLICVG


CLIMATE REPORT
NATIONAL WEATHER SERVICE WILMINGTON OH
1229 AM EST TUE FEB 21 2017


...................................

...THE CINCINNATI OH CLIMATE SUMMARY FOR FEBRUARY 20 2017...

CLIMATE NORMAL PERIOD 1981 TO 2010
CLIMATE RECORD PERIOD 1869 TO 2017


WEATHER ITEM   OBSERVED TIME   RECORD YEAR NORMAL DEPARTURE LAST
                VALUE   (LST)  VALUE       VALUE  FROM      YEAR
                                                  NORMAL
..................................................................
TEMPERATURE (F)
 YESTERDAY
  MAXIMUM         64    523 PM  72    2016  44     20       72
                                      1891
  MINIMUM         35    341 AM -12    2015  27      8       49
  AVERAGE         50                        36     14       61

PRECIPITATION (IN)
  YESTERDAY        0.00          1.85 1882   0.09  -0.09     0.00
  MONTH TO DATE    1.52                      2.02  -0.50     2.37
  SINCE DEC 1      9.62                      8.39   1.23     9.85
  SINCE JAN 1      5.19                      5.02   0.17     3.76

SNOWFALL (IN)
  YESTERDAY        0.0           2.9  1968   0.2   -0.2      0.0
  MONTH TO DATE    1.6                       5.0   -3.4      7.9
  SINCE DEC 1      8.0                      16.3   -8.3     16.4
  SINCE JUL 1      8.0                      17.1   -9.1     16.4
  SNOW DEPTH       0

DEGREE DAYS
 HEATING
  YESTERDAY       15                        29    -14        4
  MONTH TO DATE  480                       631   -151      635
  SINCE DEC 1   2297                      2643   -346     2274
  SINCE JUL 1   2979                      3603   -624     3019

 COOLING
  YESTERDAY        0                         0      0        0
  MONTH TO DATE    0                         0      0        0
  SINCE DEC 1      0                         0      0        0
  SINCE JAN 1      0                         0      0        0
..................................................................


WIND (MPH)
  RESULTANT WIND SPEED   5   RESULTANT WIND DIRECTION   E (110)
  HIGHEST WIND SPEED    13   HIGHEST WIND DIRECTION    SE (130)
  HIGHEST GUST SPEED    17   HIGHEST GUST DIRECTION     E (110)
  AVERAGE WIND SPEED     5.6


SKY COVER
  POSSIBLE SUNSHINE  MM
  AVERAGE SKY COVER 0.9


WEATHER CONDITIONS
 THE FOLLOWING WEATHER WAS RECORDED YESTERDAY.
  FOG
  FOG W/VISIBILITY <= 1/4 MILE
  HAZE


RELATIVE HUMIDITY (PERCENT)
 HIGHEST   100          1200 AM
 LOWEST     55          1100 PM
 AVERAGE    78

..........................................................


THE CINCINNATI OH CLIMATE NORMALS FOR TODAY
                         NORMAL    RECORD    YEAR
 MAXIMUM TEMPERATURE (F)   45        70      1930
 MINIMUM TEMPERATURE (F)   27       -10      1885


SUNRISE AND SUNSET
FEBRUARY 21 2017......SUNRISE   722 AM EST   SUNSET   623 PM EST
FEBRUARY 22 2017......SUNRISE   721 AM EST   SUNSET   624 PM EST


-  INDICATES NEGATIVE NUMBERS.
R  INDICATES RECORD WAS SET OR TIED.
MM INDICATES DATA IS MISSING.
T  INDICATES TRACE AMOUNT.




$$
