000
CDUS41 KILN 182101
CLICVG


CLIMATE REPORT
NATIONAL WEATHER SERVICE WILMINGTON OH
459 PM EDT WED OCT 18 2017


...................................

...THE CINCINNATI OH CLIMATE SUMMARY FOR OCTOBER 18 2017...
VALID TODAY AS OF 0400 PM LOCAL TIME.

CLIMATE NORMAL PERIOD 1981 TO 2010
CLIMATE RECORD PERIOD 1869 TO 2017


WEATHER ITEM   OBSERVED TIME   RECORD YEAR NORMAL DEPARTURE LAST
                VALUE   (LST)  VALUE       VALUE  FROM      YEAR
                                                  NORMAL
..................................................................
TEMPERATURE (F)
 TODAY
  MAXIMUM         69    257 PM  86    1938  65      4       82
  MINIMUM         39    523 AM  26    1948  45     -6       69
  AVERAGE         54                        55     -1       76

PRECIPITATION (IN)
  TODAY            0.00          3.64 2004   0.12  -0.12      T
  MONTH TO DATE    2.76                      1.92   0.84     0.08
  SINCE SEP 1      5.17                      4.55   0.62     2.57
  SINCE JAN 1     41.96                     34.34   7.62    35.65

SNOWFALL (IN)
  TODAY            0.0          MM      MM   0.0    0.0      0.0
  MONTH TO DATE    0.0                       0.1   -0.1      0.0
  SINCE SEP 1      0.0                       0.1   -0.1      0.0
  SINCE JUL 1      0.0                       0.1   -0.1      0.0
  SNOW DEPTH       0

DEGREE DAYS
 HEATING
  TODAY           11                        10      1        0
  MONTH TO DATE   51                       143    -92       48
  SINCE SEP 1     95                       201   -106       70
  SINCE JUL 1     96                       201   -105       70

 COOLING
  TODAY            0                         0      0       11
  MONTH TO DATE   45                        16     29       48
  SINCE SEP 1    177                       153     24      284
  SINCE JAN 1   1108                      1121    -13     1459
..................................................................


WIND (MPH)
  HIGHEST WIND SPEED    14   HIGHEST WIND DIRECTION     S (190)
  HIGHEST GUST SPEED    18   HIGHEST GUST DIRECTION     S (180)
  AVERAGE WIND SPEED     5.8


SKY COVER
  POSSIBLE SUNSHINE  MM
  AVERAGE SKY COVER 0.1


WEATHER CONDITIONS
 THE FOLLOWING WEATHER WAS RECORDED TODAY.
  NO SIGNIFICANT WEATHER WAS OBSERVED.


RELATIVE HUMIDITY (PERCENT)
 HIGHEST   100          1200 AM
 LOWEST     40           300 PM
 AVERAGE    70

..........................................................


THE CINCINNATI OH CLIMATE NORMALS FOR TOMORROW
                         NORMAL    RECORD    YEAR
 MAXIMUM TEMPERATURE (F)   65        84      1920
 MINIMUM TEMPERATURE (F)   44        22      1992


SUNRISE AND SUNSET
OCTOBER 18 2017.......SUNRISE   752 AM EDT   SUNSET   655 PM EDT
OCTOBER 19 2017.......SUNRISE   753 AM EDT   SUNSET   654 PM EDT


-  INDICATES NEGATIVE NUMBERS.
R  INDICATES RECORD WAS SET OR TIED.
MM INDICATES DATA IS MISSING.
T  INDICATES TRACE AMOUNT.




$$
