000
CDUS41 KILN 232053
CLICVG


CLIMATE REPORT
NATIONAL WEATHER SERVICE WILMINGTON OH
452 PM EDT SUN APR 23 2017


...................................

...THE CINCINNATI OH CLIMATE SUMMARY FOR APRIL 23 2017...
VALID TODAY AS OF 0400 PM LOCAL TIME.

CLIMATE NORMAL PERIOD 1981 TO 2010
CLIMATE RECORD PERIOD 1869 TO 2017


WEATHER ITEM   OBSERVED TIME   RECORD YEAR NORMAL DEPARTURE LAST
                VALUE   (LST)  VALUE       VALUE  FROM      YEAR
                                                  NORMAL
..................................................................
TEMPERATURE (F)
 TODAY
  MAXIMUM         62    259 PM  88    1925  67     -5       67
  MINIMUM         43    624 AM  23    1986  46     -3       50
  AVERAGE         53                        57     -4       59

PRECIPITATION (IN)
  TODAY            0.00          2.30 2011   0.13  -0.13     0.00
  MONTH TO DATE    2.52                      2.93  -0.41     2.12
  SINCE MAR 1      7.33                      6.89   0.44     7.42
  SINCE JAN 1     14.55                     12.70   1.85    14.05

SNOWFALL (IN)
  TODAY            0.0           0.0    MM   0.0    0.0      0.0
  MONTH TO DATE    0.0                       0.5   -0.5       T
  SINCE MAR 1      2.0                       3.5   -1.5      2.3
  SINCE JUL 1     10.0                      22.1  -12.1     19.2
  SNOW DEPTH       0

DEGREE DAYS
 HEATING
  TODAY           12                         9      3        6
  MONTH TO DATE  154                       286   -132      288
  SINCE MAR 1    777                       952   -175      742
  SINCE JUL 1   3857                      4779   -922     3950

 COOLING
  TODAY            0                         1     -1        0
  MONTH TO DATE   33                        11     22        7
  SINCE MAR 1     34                        11     23        7
  SINCE JAN 1     34                        11     23        7
..................................................................


WIND (MPH)
  HIGHEST WIND SPEED    22   HIGHEST WIND DIRECTION    NE (50)
  HIGHEST GUST SPEED    26   HIGHEST GUST DIRECTION    NE (50)
  AVERAGE WIND SPEED    15.5


SKY COVER
  POSSIBLE SUNSHINE  MM
  AVERAGE SKY COVER 0.4


WEATHER CONDITIONS
 THE FOLLOWING WEATHER WAS RECORDED TODAY.
  NO SIGNIFICANT WEATHER WAS OBSERVED.


RELATIVE HUMIDITY (PERCENT)
 HIGHEST    76           600 AM
 LOWEST     36           300 PM
 AVERAGE    56

..........................................................


THE CINCINNATI OH CLIMATE NORMALS FOR TOMORROW
                         NORMAL    RECORD    YEAR
 MAXIMUM TEMPERATURE (F)   68        90      1925
 MINIMUM TEMPERATURE (F)   47        29      1996
                                             1919


SUNRISE AND SUNSET
APRIL 23 2017.........SUNRISE   650 AM EDT   SUNSET   824 PM EDT
APRIL 24 2017.........SUNRISE   649 AM EDT   SUNSET   825 PM EDT


-  INDICATES NEGATIVE NUMBERS.
R  INDICATES RECORD WAS SET OR TIED.
MM INDICATES DATA IS MISSING.
T  INDICATES TRACE AMOUNT.




$$
