000
CDUS41 KILN 300537
CLICVG


CLIMATE REPORT
NATIONAL WEATHER SERVICE WILMINGTON OH
135 AM EDT WED JUL 30 2014


...................................

...THE CINCINNATI OH CLIMATE SUMMARY FOR JULY 29 2014...

CLIMATE NORMAL PERIOD 1981 TO 2010
CLIMATE RECORD PERIOD 1869 TO 2014


WEATHER ITEM   OBSERVED TIME   RECORD YEAR NORMAL DEPARTURE LAST
                VALUE   (LST)  VALUE       VALUE  FROM      YEAR
                                                  NORMAL
..................................................................
TEMPERATURE (F)
 YESTERDAY
  MAXIMUM         73    531 PM 100    1940  86    -13       79
  MINIMUM         50R   555 AM  54    2013  66    -16       54
  AVERAGE         62                        76    -14       67

PRECIPITATION (IN)
  YESTERDAY        0.00          1.37 1943   0.12  -0.12     0.00
  MONTH TO DATE    2.83                      3.52  -0.69     5.37
  SINCE JUN 1      9.05                      7.55   1.50    11.39
  SINCE JAN 1     26.52                     26.14   0.38    29.27

SNOWFALL (IN)
  YESTERDAY        0.0           0.0    MM   0.0    0.0      0.0
  MONTH TO DATE    0.0                       0.0    0.0      0.0
  SINCE JUN 1      0.0                       0.0    0.0      0.0
  SINCE JUL 1      0.0                       0.0    0.0      0.0
  SNOW DEPTH       0

DEGREE DAYS
 HEATING
  YESTERDAY        3                         0      3        0
  MONTH TO DATE    5                         0      5        2
  SINCE JUN 1      8                        15     -7        3
  SINCE JUL 1      5                         0      5        2

 COOLING
  YESTERDAY        0                        11    -11        2
  MONTH TO DATE  206                       317   -111      295
  SINCE JUN 1    480                       543    -63      534
  SINCE JAN 1    614                       637    -23      673
..................................................................


WIND (MPH)
  RESULTANT WIND SPEED   4   RESULTANT WIND DIRECTION  NW (310)
  HIGHEST WIND SPEED    14   HIGHEST WIND DIRECTION    NW (310)
  HIGHEST GUST SPEED    18   HIGHEST GUST DIRECTION     W (290)
  AVERAGE WIND SPEED     6.1


SKY COVER
  POSSIBLE SUNSHINE  MM
  AVERAGE SKY COVER 0.3


WEATHER CONDITIONS
 THE FOLLOWING WEATHER WAS RECORDED YESTERDAY.
  NO SIGNIFICANT WEATHER WAS OBSERVED.


RELATIVE HUMIDITY (PERCENT)
 HIGHEST    89           300 AM
 LOWEST     46           500 PM
 AVERAGE    68

..........................................................


THE CINCINNATI OH CLIMATE NORMALS FOR TODAY
                         NORMAL    RECORD    YEAR
 MAXIMUM TEMPERATURE (F)   85       101      1999
                                             1940
                                             1913
 MINIMUM TEMPERATURE (F)   66        52      1965


SUNRISE AND SUNSET
JULY 30 2014..........SUNRISE   638 AM EDT   SUNSET   852 PM EDT
JULY 31 2014..........SUNRISE   638 AM EDT   SUNSET   851 PM EDT


-  INDICATES NEGATIVE NUMBERS.
R  INDICATES RECORD WAS SET OR TIED.
MM INDICATES DATA IS MISSING.
T  INDICATES TRACE AMOUNT.




$$
