000
CDUS41 KILN 210644
CLICVG


CLIMATE REPORT
NATIONAL WEATHER SERVICE WILMINGTON OH
143 AM EST SAT JAN 21 2017


...................................

...THE CINCINNATI OH CLIMATE SUMMARY FOR JANUARY 20 2017...

CLIMATE NORMAL PERIOD 1981 TO 2010
CLIMATE RECORD PERIOD 1869 TO 2017


WEATHER ITEM   OBSERVED TIME   RECORD YEAR NORMAL DEPARTURE LAST
                VALUE   (LST)  VALUE       VALUE  FROM      YEAR
                                                  NORMAL
..................................................................
TEMPERATURE (F)
 YESTERDAY
  MAXIMUM         61    344 PM  71    1906  39     22       22
  MINIMUM         46   1219 AM -21    1985  23     23       16
  AVERAGE         54                        31     23       19

PRECIPITATION (IN)
  YESTERDAY        0.58          1.67 1898   0.09   0.49     0.16
  MONTH TO DATE    3.44                      1.95   1.49     1.27
  SINCE DEC 1      7.87                      5.32   2.55     7.36
  SINCE JAN 1      3.44                      1.95   1.49     1.27

SNOWFALL (IN)
  YESTERDAY        0.0           5.6  2011   0.2   -0.2      2.4
  MONTH TO DATE    2.5                       3.9   -1.4      7.2
  SINCE DEC 1      4.7                       8.7   -4.0      7.2
  SINCE JUL 1      4.7                       9.5   -4.8      7.2
  SNOW DEPTH       0

DEGREE DAYS
 HEATING
  YESTERDAY       11                        34    -23       46
  MONTH TO DATE  572                       680   -108      716
  SINCE DEC 1   1541                      1639    -98     1292
  SINCE JUL 1   2223                      2599   -376     2037

 COOLING
  YESTERDAY        0                         0      0        0
  MONTH TO DATE    0                         0      0        0
  SINCE DEC 1      0                         0      0        0
  SINCE JAN 1      0                         0      0        0
..................................................................


WIND (MPH)
  RESULTANT WIND SPEED   7   RESULTANT WIND DIRECTION   S (190)
  HIGHEST WIND SPEED    17   HIGHEST WIND DIRECTION    SW (230)
  HIGHEST GUST SPEED    22   HIGHEST GUST DIRECTION    SW (220)
  AVERAGE WIND SPEED     9.3


SKY COVER
  POSSIBLE SUNSHINE  MM
  AVERAGE SKY COVER 0.9


WEATHER CONDITIONS
 THE FOLLOWING WEATHER WAS RECORDED YESTERDAY.
  HEAVY RAIN
  RAIN
  LIGHT RAIN
  FOG


RELATIVE HUMIDITY (PERCENT)
 HIGHEST   100           100 AM
 LOWEST     64           400 PM
 AVERAGE    82

..........................................................


THE CINCINNATI OH CLIMATE NORMALS FOR TODAY
                         NORMAL    RECORD    YEAR
 MAXIMUM TEMPERATURE (F)   39        75      1906
 MINIMUM TEMPERATURE (F)   23       -21      1984


SUNRISE AND SUNSET
JANUARY 21 2017.......SUNRISE   753 AM EST   SUNSET   547 PM EST
JANUARY 22 2017.......SUNRISE   753 AM EST   SUNSET   549 PM EST


-  INDICATES NEGATIVE NUMBERS.
R  INDICATES RECORD WAS SET OR TIED.
MM INDICATES DATA IS MISSING.
T  INDICATES TRACE AMOUNT.




$$
