000
CDUS41 KILN 040601
CLICVG


CLIMATE REPORT
NATIONAL WEATHER SERVICE WILMINGTON OH
201 AM EDT TUE AUG 4 2015


...................................

...THE CINCINNATI OH CLIMATE SUMMARY FOR AUGUST 3 2015...

CLIMATE NORMAL PERIOD 1981 TO 2010
CLIMATE RECORD PERIOD 1869 TO 2015


WEATHER ITEM   OBSERVED TIME   RECORD YEAR NORMAL DEPARTURE LAST
                VALUE   (LST)  VALUE       VALUE  FROM      YEAR
                                                  NORMAL
..................................................................
TEMPERATURE (F)
 YESTERDAY
  MAXIMUM         86    401 PM 101    1964  85      1       86
  MINIMUM         63    647 AM  46    1965  66     -3       59
  AVERAGE         75                        76     -1       73

PRECIPITATION (IN)
  YESTERDAY        0.62          2.34 1900   0.12   0.50     0.00
  MONTH TO DATE    0.62                      0.37   0.25      T
  SINCE JUN 1     12.99                      8.16   4.83     9.05
  SINCE JAN 1     30.22                     26.75   3.47    26.52

SNOWFALL (IN)
  YESTERDAY        0.0           0.0    MM   0.0    0.0      0.0
  MONTH TO DATE    0.0                       0.0    0.0      0.0
  SINCE JUN 1      0.0                       0.0    0.0      0.0
  SINCE JUL 1      0.0                       0.0    0.0      0.0
  SNOW DEPTH       0

DEGREE DAYS
 HEATING
  YESTERDAY        0                         0      0        0
  MONTH TO DATE    0                         0      0        0
  SINCE JUN 1     19                        15      4        8
  SINCE JUL 1      0                         0      0        5

 COOLING
  YESTERDAY       10                        11     -1        8
  MONTH TO DATE   26                        33     -7       23
  SINCE JUN 1    604                       598      6      514
  SINCE JAN 1    753                       692     61      648
..................................................................


WIND (MPH)
  RESULTANT WIND SPEED   6   RESULTANT WIND DIRECTION   S (200)
  HIGHEST WIND SPEED    40   HIGHEST WIND DIRECTION    NE (40)
  HIGHEST GUST SPEED    49   HIGHEST GUST DIRECTION    NE (40)
  AVERAGE WIND SPEED     9.6


SKY COVER
  POSSIBLE SUNSHINE  MM
  AVERAGE SKY COVER 0.5


WEATHER CONDITIONS
 THE FOLLOWING WEATHER WAS RECORDED YESTERDAY.
  THUNDERSTORM
  HEAVY RAIN
  RAIN
  LIGHT RAIN
  FOG


RELATIVE HUMIDITY (PERCENT)
 HIGHEST   100           600 AM
 LOWEST     55           300 PM
 AVERAGE    78

..........................................................


THE CINCINNATI OH CLIMATE NORMALS FOR TODAY
                         NORMAL    RECORD    YEAR
 MAXIMUM TEMPERATURE (F)   85       101      1930
 MINIMUM TEMPERATURE (F)   66        51      1950


SUNRISE AND SUNSET
AUGUST  4 2015........SUNRISE   642 AM EDT   SUNSET   847 PM EDT
AUGUST  5 2015........SUNRISE   643 AM EDT   SUNSET   846 PM EDT


-  INDICATES NEGATIVE NUMBERS.
R  INDICATES RECORD WAS SET OR TIED.
MM INDICATES DATA IS MISSING.
T  INDICATES TRACE AMOUNT.




$$
