000
CDUS41 KILN 242052
CLICVG


CLIMATE REPORT
NATIONAL WEATHER SERVICE WILMINGTON OH
451 PM EDT SAT JUN 24 2017


...................................

...THE CINCINNATI OH CLIMATE SUMMARY FOR JUNE 24 2017...
VALID TODAY AS OF 0400 PM LOCAL TIME.

CLIMATE NORMAL PERIOD 1981 TO 2010
CLIMATE RECORD PERIOD 1869 TO 2017


WEATHER ITEM   OBSERVED TIME   RECORD YEAR NORMAL DEPARTURE LAST
                VALUE   (LST)  VALUE       VALUE  FROM      YEAR
                                                  NORMAL
..................................................................
TEMPERATURE (F)
 TODAY
  MAXIMUM         78    259 PM  98    1914  84     -6       86
  MINIMUM         61    304 AM  47    1972  64     -3       70
  AVERAGE         70                        74     -4       78

PRECIPITATION (IN)
  TODAY            0.00          2.21 2014   0.11  -0.11     0.00
  MONTH TO DATE    5.21                      3.34   1.87     2.47
  SINCE JUN 1      5.21                      3.34   1.87     2.47
  SINCE JAN 1     28.61                     21.93   6.68    22.08

SNOWFALL (IN)
  TODAY            0.0           0.0    MM   0.0    0.0      0.0
  MONTH TO DATE    0.0                       0.0    0.0      0.0
  SINCE JUN 1      0.0                       0.0    0.0      0.0
  SINCE JUL 1     10.0                      22.1  -12.1     19.2
  SNOW DEPTH       0

DEGREE DAYS
 HEATING
  TODAY            0                         0      0        0
  MONTH TO DATE    4                        12     -8        2
  SINCE JUN 1      4                        12     -8        2
  SINCE JUL 1   4014                      4972   -958     4136

 COOLING
  TODAY            5                         9     -4       13
  MONTH TO DATE  178                       167     11      221
  SINCE JUN 1    178                       167     11      221
  SINCE JAN 1    312                       261     51      314
..................................................................


WIND (MPH)
  HIGHEST WIND SPEED    21   HIGHEST WIND DIRECTION     W (270)
  HIGHEST GUST SPEED    24   HIGHEST GUST DIRECTION     W (280)
  AVERAGE WIND SPEED     7.5


SKY COVER
  POSSIBLE SUNSHINE  MM
  AVERAGE SKY COVER 0.3


WEATHER CONDITIONS
 THE FOLLOWING WEATHER WAS RECORDED TODAY.
  FOG
  FOG W/VISIBILITY <= 1/4 MILE


RELATIVE HUMIDITY (PERCENT)
 HIGHEST   100           100 AM
 LOWEST     48           300 PM
 AVERAGE    74

..........................................................


THE CINCINNATI OH CLIMATE NORMALS FOR TOMORROW
                         NORMAL    RECORD    YEAR
 MAXIMUM TEMPERATURE (F)   84       102      1988
 MINIMUM TEMPERATURE (F)   64        43      1972


SUNRISE AND SUNSET
JUNE 24 2017..........SUNRISE   614 AM EDT   SUNSET   908 PM EDT
JUNE 25 2017..........SUNRISE   614 AM EDT   SUNSET   908 PM EDT


-  INDICATES NEGATIVE NUMBERS.
R  INDICATES RECORD WAS SET OR TIED.
MM INDICATES DATA IS MISSING.
T  INDICATES TRACE AMOUNT.




$$
