000
CDUS41 KILN 040544
CLICVG


CLIMATE REPORT
NATIONAL WEATHER SERVICE WILMINGTON OH
143 AM EDT FRI SEP 4 2015


...................................

...THE CINCINNATI OH CLIMATE SUMMARY FOR SEPTEMBER 3 2015...

CLIMATE NORMAL PERIOD 1981 TO 2010
CLIMATE RECORD PERIOD 1869 TO 2015


WEATHER ITEM   OBSERVED TIME   RECORD YEAR NORMAL DEPARTURE LAST
                VALUE   (LST)  VALUE       VALUE  FROM      YEAR
                                                  NORMAL
..................................................................
TEMPERATURE (F)
 YESTERDAY
  MAXIMUM         92    327 PM 100    2011  83      9       86
  MINIMUM         66    518 AM  49    1952  62      4       63
                                      1946
  AVERAGE         79                        72      7       75

PRECIPITATION (IN)
  YESTERDAY        0.00          1.92 1922   0.09  -0.09     0.00
  MONTH TO DATE    0.00                      0.27  -0.27     1.30
  SINCE SEP 1      0.00                      0.27  -0.27     1.30
  SINCE JAN 1     32.21                     30.06   2.15    31.76

SNOWFALL (IN)
  YESTERDAY        0.0           0.0    MM   0.0    0.0      0.0
  MONTH TO DATE    0.0                       0.0    0.0      0.0
  SINCE SEP 1      0.0                       0.0    0.0      0.0
  SINCE JUL 1      0.0                       0.0    0.0      0.0
  SNOW DEPTH       0

DEGREE DAYS
 HEATING
  YESTERDAY        0                         0      0        0
  MONTH TO DATE    0                         0      0        0
  SINCE SEP 1      0                         0      0        0
  SINCE JUL 1      2                         0      2        5

 COOLING
  YESTERDAY       14                         8      6       10
  MONTH TO DATE   39                        24     15       32
  SINCE SEP 1     39                        24     15       32
  SINCE JAN 1    994                       992      2      978
..................................................................


WIND (MPH)
  RESULTANT WIND SPEED   2   RESULTANT WIND DIRECTION   W (270)
  HIGHEST WIND SPEED    12   HIGHEST WIND DIRECTION     W (280)
  HIGHEST GUST SPEED    14   HIGHEST GUST DIRECTION     W (290)
  AVERAGE WIND SPEED     2.7


SKY COVER
  POSSIBLE SUNSHINE  MM
  AVERAGE SKY COVER 0.3


WEATHER CONDITIONS
 THE FOLLOWING WEATHER WAS RECORDED YESTERDAY.
  FOG
  HAZE


RELATIVE HUMIDITY (PERCENT)
 HIGHEST   100           400 AM
 LOWEST     41           200 PM
 AVERAGE    71

..........................................................


THE CINCINNATI OH CLIMATE NORMALS FOR TODAY
                         NORMAL    RECORD    YEAR
 MAXIMUM TEMPERATURE (F)   82        96      2007
 MINIMUM TEMPERATURE (F)   62        45      1952


SUNRISE AND SUNSET
SEPTEMBER  4 2015.....SUNRISE   710 AM EDT   SUNSET   805 PM EDT
SEPTEMBER  5 2015.....SUNRISE   711 AM EDT   SUNSET   803 PM EDT


-  INDICATES NEGATIVE NUMBERS.
R  INDICATES RECORD WAS SET OR TIED.
MM INDICATES DATA IS MISSING.
T  INDICATES TRACE AMOUNT.




$$
