000
CDUS41 KILN 292053
CLICVG


CLIMATE REPORT
NATIONAL WEATHER SERVICE WILMINGTON OH
452 PM EDT MON JUN 29 2015


...................................

...THE CINCINNATI OH CLIMATE SUMMARY FOR JUNE 29 2015...
VALID TODAY AS OF 0400 PM LOCAL TIME.

CLIMATE NORMAL PERIOD 1981 TO 2010
CLIMATE RECORD PERIOD 1869 TO 2015


WEATHER ITEM   OBSERVED TIME   RECORD YEAR NORMAL DEPARTURE LAST
                VALUE   (LST)  VALUE       VALUE  FROM      YEAR
                                                  NORMAL
..................................................................
TEMPERATURE (F)
 TODAY
  MAXIMUM         80    300 PM 101    2012  85     -5       83
  MINIMUM         61    743 AM  49    1923  65     -4       70
  AVERAGE         71                        75     -4       77

PRECIPITATION (IN)
  TODAY            0.59          1.69 1979   0.11   0.48      T
  MONTH TO DATE    5.70                      3.91   1.79     6.22
  SINCE JUN 1      5.70                      3.91   1.79     6.22
  SINCE JAN 1     22.93                     22.50   0.43    23.69

SNOWFALL (IN)
  TODAY            0.0           0.0    MM   0.0    0.0      0.0
  MONTH TO DATE    0.0                       0.0    0.0      0.0
  SINCE JUN 1      0.0                       0.0    0.0      0.0
  SINCE JUL 1     29.9                      22.1    7.8     47.5
  SNOW DEPTH       0

DEGREE DAYS
 HEATING
  TODAY            0                         0      0        0
  MONTH TO DATE   19                        12      7        3
  SINCE JUN 1     19                        12      7        3
  SINCE JUL 1   5296                      4972    324     5409

 COOLING
  TODAY            6                        10     -4       12
  MONTH TO DATE  253                       216     37      262
  SINCE JUN 1    253                       216     37      262
  SINCE JAN 1    402                       310     92      396
..................................................................


WIND (MPH)
  HIGHEST WIND SPEED    17   HIGHEST WIND DIRECTION    SW (220)
  HIGHEST GUST SPEED    22   HIGHEST GUST DIRECTION    SW (230)
  AVERAGE WIND SPEED     7.5


SKY COVER
  POSSIBLE SUNSHINE  MM
  AVERAGE SKY COVER 0.9


WEATHER CONDITIONS
 THE FOLLOWING WEATHER WAS RECORDED TODAY.
  HEAVY RAIN
  RAIN
  LIGHT RAIN
  FOG


RELATIVE HUMIDITY (PERCENT)
 HIGHEST    93           500 AM
 LOWEST     63           100 AM
 AVERAGE    78

..........................................................


THE CINCINNATI OH CLIMATE NORMALS FOR TOMORROW
                         NORMAL    RECORD    YEAR
 MAXIMUM TEMPERATURE (F)   85        98      2012
                                             1953
                                             1936
 MINIMUM TEMPERATURE (F)   65        47      1923


SUNRISE AND SUNSET
JUNE 29 2015..........SUNRISE   616 AM EDT   SUNSET   909 PM EDT
JUNE 30 2015..........SUNRISE   616 AM EDT   SUNSET   908 PM EDT


-  INDICATES NEGATIVE NUMBERS.
R  INDICATES RECORD WAS SET OR TIED.
MM INDICATES DATA IS MISSING.
T  INDICATES TRACE AMOUNT.




$$
