000
CDUS41 KILN 242056
CLICVG

CLIMATE REPORT...CORRECTED FOR TODAYS PRECIPITATION
NATIONAL WEATHER SERVICE WILMINGTON OH
455 PM EDT SAT SEP 24 2016


...................................

...THE CINCINNATI OH CLIMATE SUMMARY FOR SEPTEMBER 24 2016...
VALID TODAY AS OF 0400 PM LOCAL TIME.

CLIMATE NORMAL PERIOD 1981 TO 2010
CLIMATE RECORD PERIOD 1869 TO 2016


WEATHER ITEM   OBSERVED TIME   RECORD YEAR NORMAL DEPARTURE LAST
                VALUE   (LST)  VALUE       VALUE  FROM      YEAR
                                                  NORMAL
..................................................................
TEMPERATURE (F)
 TODAY
  MAXIMUM         83    330 PM  94    2007  75      8       84
  MINIMUM         66    139 AM  33    1983  54     12       57
  AVERAGE         75                        64     11       71

PRECIPITATION (IN)
  TODAY            0.00          1.87 1972   0.09  -0.09     0.00
  MONTH TO DATE    1.26                      2.08  -0.84     0.82
  SINCE SEP 1      1.26                      2.08  -0.84     0.82
  SINCE JAN 1     34.34                     31.87   2.47    33.03

SNOWFALL (IN)
  TODAY            0.0          MM      MM   0.0    0.0      0.0
  MONTH TO DATE    0.0                       0.0    0.0      0.0
  SINCE SEP 1      0.0                       0.0    0.0      0.0
  SINCE JUL 1      0.0                       0.0    0.0      0.0
  SNOW DEPTH       0

DEGREE DAYS
 HEATING
  TODAY            0                         3     -3        0
  MONTH TO DATE    0                        31    -31       14
  SINCE SEP 1      0                        31    -31       14
  SINCE JUL 1      0                        31    -31       16

 COOLING
  TODAY           10                         3      7        6
  MONTH TO DATE  226                       125    101      161
  SINCE SEP 1    226                       125    101      161
  SINCE JAN 1   1401                      1093    308     1116
..................................................................


WIND (MPH)
  HIGHEST WIND SPEED    12   HIGHEST WIND DIRECTION     N (20)
  HIGHEST GUST SPEED    16   HIGHEST GUST DIRECTION    NE (30)
  AVERAGE WIND SPEED     5.1


SKY COVER
  POSSIBLE SUNSHINE  MM
  AVERAGE SKY COVER 0.1


WEATHER CONDITIONS
 THE FOLLOWING WEATHER WAS RECORDED TODAY.
  FOG
  HAZE


RELATIVE HUMIDITY (PERCENT)
 HIGHEST   100           300 AM
 LOWEST     58           300 PM
 AVERAGE    79

..........................................................


THE CINCINNATI OH CLIMATE NORMALS FOR TOMORROW
                         NORMAL    RECORD    YEAR
 MAXIMUM TEMPERATURE (F)   74        93      2007
 MINIMUM TEMPERATURE (F)   53        35      1950


SUNRISE AND SUNSET
SEPTEMBER 24 2016.....SUNRISE   729 AM EDT   SUNSET   732 PM EDT
SEPTEMBER 25 2016.....SUNRISE   730 AM EDT   SUNSET   730 PM EDT


-  INDICATES NEGATIVE NUMBERS.
R  INDICATES RECORD WAS SET OR TIED.
MM INDICATES DATA IS MISSING.
T  INDICATES TRACE AMOUNT.




$$
