000
CDUS45 KCYS 280736
CLICYS


CLIMATE REPORT
NATIONAL WEATHER SERVICE CHEYENNE WY
136 AM MDT MON JUL 28 2014


...................................

...THE CHEYENNE WYOMING CLIMATE SUMMARY FOR JULY 27 2014...

CLIMATE NORMAL PERIOD 1981 TO 2010
CLIMATE RECORD PERIOD 1871 TO 2014


WEATHER ITEM   OBSERVED TIME   RECORD YEAR NORMAL DEPARTURE LAST
                VALUE   (LST)  VALUE       VALUE  FROM      YEAR
                                                  NORMAL
..................................................................
TEMPERATURE (F)
 YESTERDAY
  MAXIMUM         79    230 PM  94    1960  84     -5       70
  MINIMUM         56    335 AM  45    1877  56      0       52
  AVERAGE         68                        70     -2       61

PRECIPITATION (IN)
  YESTERDAY        0.00          1.31 1925   0.08  -0.08      T
  MONTH TO DATE    2.16                      1.89   0.27     1.42
  SINCE JAN 1     11.10                     10.20   0.90     7.06

SNOWFALL (IN)
  YESTERDAY        0.0          MM      MM   0.0    0.0      0.0
  MONTH TO DATE    0.0                       0.0    0.0      0.0
  SINCE JUL 1      0.0                       0.0    0.0      0.0
  SNOW DEPTH       0

DEGREE DAYS
 HEATING
  YESTERDAY        0                         1     -1        4
  MONTH TO DATE   21                        27     -6        4
  SINCE JUN 1    147                       161    -14       66
  SINCE JUL 1     21                        27     -6        4

 COOLING
  YESTERDAY        3                         6     -3        0
  MONTH TO DATE  154                       141     13      150
  SINCE JUN 1    168                       188    -20      267
  SINCE JAN 1    169                       191    -22      273
..................................................................


WIND (MPH)
  HIGHEST WIND SPEED    16   HIGHEST WIND DIRECTION    SE (150)
  HIGHEST GUST SPEED    24   HIGHEST GUST DIRECTION     S (170)
  AVERAGE WIND SPEED     8.0


SKY COVER
  AVERAGE SKY COVER 0.5


WEATHER CONDITIONS
 THE FOLLOWING WEATHER WAS RECORDED YESTERDAY.
  FOG


RELATIVE HUMIDITY (PERCENT)
 HIGHEST    90           500 AM
 LOWEST     42           400 PM
 AVERAGE    66

..........................................................


THE CHEYENNE WYOMING CLIMATE NORMALS FOR TODAY
                         NORMAL    RECORD    YEAR
 MAXIMUM TEMPERATURE (F)   84        93      2006
                                             1995
                                             1959
 MINIMUM TEMPERATURE (F)   56        43      1971


SUNRISE AND SUNSET
JULY 28 2014..........SUNRISE   551 AM MDT   SUNSET   820 PM MDT
JULY 29 2014..........SUNRISE   552 AM MDT   SUNSET   819 PM MDT


-  INDICATES NEGATIVE NUMBERS.
R  INDICATES RECORD WAS SET OR TIED.
MM INDICATES DATA IS MISSING.
T  INDICATES TRACE AMOUNT.




$$
