000
CDUS45 KCYS 250737
CLICYS

CLIMATE REPORT
NATIONAL WEATHER SERVICE CHEYENNE WY
136 AM MDT MON JUL 25 2016...CORRECTION.


...................................

...THE CHEYENNE WYOMING AIRPORT CLIMATE SUMMARY FOR JULY 24 2016...

CLIMATE NORMAL PERIOD 1981 TO 2010
CLIMATE RECORD PERIOD 1871 TO 2016


WEATHER ITEM   OBSERVED TIME   RECORD YEAR NORMAL DEPARTURE LAST
                VALUE   (LST)  VALUE       VALUE  FROM      YEAR
                                                  NORMAL
..................................................................
TEMPERATURE (F)
 YESTERDAY
  MAXIMUM         83   1138 AM  97    2003  84     -3       87
  MINIMUM         59   1159 PM  44    1962  56      3       57
                                      1958
  AVERAGE         70                        70      0       72

PRECIPITATION (IN)
  YESTERDAY        0.07          1.61 1977   0.09  -0.02     0.00
  MONTH TO DATE    0.65                      1.65  -1.00     1.75
  SINCE JAN 1     11.35                      9.96   1.39    12.86

SNOWFALL (IN)
  YESTERDAY        0.0          MM      MM   0.0    0.0      0.0
  MONTH TO DATE    0.0                       0.0    0.0      0.0
  SINCE JUL 1      0.0                       0.0    0.0      0.0
  SNOW DEPTH       0

DEGREE DAYS
 HEATING
  YESTERDAY        0                         1     -1        0
  MONTH TO DATE    3                        24    -21       28
  SINCE JUN 1     29                       158   -129       64
  SINCE JUL 1      3                        24    -21       28

 COOLING
  YESTERDAY        5                         6     -1        7
  MONTH TO DATE  160                       123     37       80
  SINCE JUN 1    262                       170     92      141
  SINCE JAN 1    262                       173     89      141
..................................................................


WIND (MPH)
  HIGHEST WIND SPEED    23   HIGHEST WIND DIRECTION     N (350)
  HIGHEST GUST SPEED    36   HIGHEST GUST DIRECTION     N (350)
  AVERAGE WIND SPEED    12.2


SKY COVER
  AVERAGE SKY COVER 0.1


WEATHER CONDITIONS
 THE FOLLOWING WEATHER WAS RECORDED YESTERDAY.
  THUNDERSTORM
  LIGHT RAIN


RELATIVE HUMIDITY (PERCENT)
 HIGHEST    78           800 PM
 LOWEST     36          1100 AM
 AVERAGE    57

..........................................................


THE CHEYENNE WYOMING AIRPORT CLIMATE NORMALS FOR TODAY
                         NORMAL    RECORD    YEAR
 MAXIMUM TEMPERATURE (F)   84        95      2003
                                             1931
 MINIMUM TEMPERATURE (F)   56        42      1911


SUNRISE AND SUNSET
JULY 25 2016..........SUNRISE   549 AM MDT   SUNSET   822 PM MDT
JULY 26 2016..........SUNRISE   550 AM MDT   SUNSET   821 PM MDT


-  INDICATES NEGATIVE NUMBERS.
R  INDICATES RECORD WAS SET OR TIED.
MM INDICATES DATA IS MISSING.
T  INDICATES TRACE AMOUNT.




$$
