000
CDUS45 KCYS 160731
CLICYS


CLIMATE REPORT
NATIONAL WEATHER SERVICE CHEYENNE WY
130 AM MDT WED APR 16 2014


...................................

...THE CHEYENNE WYOMING CLIMATE SUMMARY FOR APRIL 15 2014...

CLIMATE NORMAL PERIOD 1981 TO 2010
CLIMATE RECORD PERIOD 1871 TO 2014


WEATHER ITEM   OBSERVED TIME   RECORD YEAR NORMAL DEPARTURE LAST
                VALUE   (LST)  VALUE       VALUE  FROM      YEAR
                                                  NORMAL
..................................................................
TEMPERATURE (F)
 YESTERDAY
  MAXIMUM         55    426 PM  77    1898  55      0       24
  MINIMUM         28   1201 AM   8    1945  30     -2       19
  AVERAGE         42                        42      0       22

PRECIPITATION (IN)
  YESTERDAY        0.01          0.91 1921   0.06  -0.05     0.60
  MONTH TO DATE    0.62                      0.77  -0.15     1.31
  SINCE JAN 1      3.68                      2.62   1.06     2.82

SNOWFALL (IN)
  YESTERDAY        T             6.9  2013   0.3   -0.3      6.9
  MONTH TO DATE    5.9                       5.9    0.0     16.9
  SINCE JUL 1     77.4                      53.7   23.7     62.1
  SNOW DEPTH       1

DEGREE DAYS
 HEATING
  YESTERDAY       23                        23      0       43
  MONTH TO DATE  355                       365    -10      445
  SINCE MAR 1   1228                      1266    -38     1375
  SINCE JUL 1   6432                      6285    147     6308

 COOLING
  YESTERDAY        0                         0      0        0
  MONTH TO DATE    0                         0      0        0
  SINCE MAR 1      0                         0      0        0
  SINCE JAN 1      0                         0      0        0
..................................................................


WIND (MPH)
  HIGHEST WIND SPEED    33   HIGHEST WIND DIRECTION    NW (300)
  HIGHEST GUST SPEED    43   HIGHEST GUST DIRECTION    NW (300)
  AVERAGE WIND SPEED    19.9


SKY COVER
  AVERAGE SKY COVER 0.1


WEATHER CONDITIONS
 THE FOLLOWING WEATHER WAS RECORDED YESTERDAY.
  LIGHT SNOW
  FOG


RELATIVE HUMIDITY (PERCENT)
 HIGHEST    62          1100 PM
 LOWEST     22           400 PM
 AVERAGE    42

..........................................................


THE CHEYENNE WYOMING CLIMATE NORMALS FOR TODAY
                         NORMAL    RECORD    YEAR
 MAXIMUM TEMPERATURE (F)   55        76      1985
 MINIMUM TEMPERATURE (F)   31         8      1901


SUNRISE AND SUNSET
APRIL 16 2014.........SUNRISE   618 AM MDT   SUNSET   740 PM MDT
APRIL 17 2014.........SUNRISE   617 AM MDT   SUNSET   741 PM MDT


-  INDICATES NEGATIVE NUMBERS.
R  INDICATES RECORD WAS SET OR TIED.
MM INDICATES DATA IS MISSING.
T  INDICATES TRACE AMOUNT.




$$
