000
CDUS45 KCYS 260326
CLICYS


CLIMATE REPORT
NATIONAL WEATHER SERVICE CHEYENNE WY
926 PM MDT SAT OCT 25 2014


...................................

...THE CHEYENNE WYOMING CLIMATE SUMMARY FOR OCTOBER 25 2014...
VALID TODAY AS OF 0900 PM LOCAL TIME.

CLIMATE NORMAL PERIOD 1981 TO 2010
CLIMATE RECORD PERIOD 1871 TO 2014


WEATHER ITEM   OBSERVED TIME   RECORD YEAR NORMAL DEPARTURE LAST
                VALUE   (LST)  VALUE       VALUE  FROM      YEAR
                                                  NORMAL
..................................................................
TEMPERATURE (F)
 TODAY
  MAXIMUM         74    223 PM  76    2007  56     18       66
  MINIMUM         38    536 AM   5    1873  31      7       32
  AVERAGE         56                        44     12       49

PRECIPITATION (IN)
  TODAY            0.00          0.60 2011   0.02  -0.02     0.00
  MONTH TO DATE    0.35                      0.79  -0.44     1.88
  SINCE SEP 1      2.09                      2.27  -0.18     8.83
  SINCE JAN 1     15.75                     14.72   1.03    17.26

SNOWFALL (IN)
  TODAY            0.0           5.7  2011   0.2   -0.2      0.0
  MONTH TO DATE    0.8                       3.9   -3.1     10.2
  SINCE JUL 1      1.5                       5.2   -3.7     10.2
  SNOW DEPTH       0

DEGREE DAYS
 HEATING
  TODAY            9                        21    -12       16
  MONTH TO DATE  313                       444   -131      527
  SINCE SEP 1    475                       669   -194      694
  SINCE JUL 1    533                       725   -192      709

 COOLING
  TODAY            0                         0      0        0
  MONTH TO DATE    0                         0      0        0
  SINCE SEP 1     35                        22     13       67
  SINCE JAN 1    301                       348    -47      520
..................................................................


WIND (MPH)
  HIGHEST WIND SPEED    21   HIGHEST WIND DIRECTION     S (200)
  HIGHEST GUST SPEED    27   HIGHEST GUST DIRECTION     S (200)
  AVERAGE WIND SPEED    10.4


SKY COVER
  AVERAGE SKY COVER 0.0


WEATHER CONDITIONS
 THE FOLLOWING WEATHER WAS RECORDED TODAY.
  NO SIGNIFICANT WEATHER WAS OBSERVED.


RELATIVE HUMIDITY (PERCENT)
 HIGHEST    51           500 AM
 LOWEST     12           100 PM
 AVERAGE    32

..........................................................


THE CHEYENNE WYOMING CLIMATE NORMALS FOR TOMORROW
                         NORMAL    RECORD    YEAR
 MAXIMUM TEMPERATURE (F)   55        75      1977
                                             1966
 MINIMUM TEMPERATURE (F)   31        -5      1878


SUNRISE AND SUNSET
OCTOBER 25 2014.......SUNRISE   722 AM MDT   SUNSET   604 PM MDT
OCTOBER 26 2014.......SUNRISE   723 AM MDT   SUNSET   603 PM MDT


-  INDICATES NEGATIVE NUMBERS.
R  INDICATES RECORD WAS SET OR TIED.
MM INDICATES DATA IS MISSING.
T  INDICATES TRACE AMOUNT.




$$
