000
CDUS45 KCYS 030730
CLICYS


CLIMATE REPORT
NATIONAL WEATHER SERVICE CHEYENNE WY
130 AM MDT TUE MAY 3 2016


...................................

...THE CHEYENNE WYOMING AIRPORT CLIMATE SUMMARY FOR MAY 2 2016...

CLIMATE NORMAL PERIOD 1981 TO 2010
CLIMATE RECORD PERIOD 1871 TO 2016


WEATHER ITEM   OBSERVED TIME   RECORD YEAR NORMAL DEPARTURE LAST
                VALUE   (LST)  VALUE       VALUE  FROM      YEAR
                                                  NORMAL
..................................................................
TEMPERATURE (F)
 YESTERDAY
  MAXIMUM         55    501 PM  84    1879  60     -5       73
  MINIMUM         25    505 AM   9    2013  36    -11       42
  AVERAGE         40                        48     -8       58

PRECIPITATION (IN)
  YESTERDAY        0.00          2.00 1942   0.07  -0.07     0.03
  MONTH TO DATE    0.01                      0.13  -0.12     0.05
  SINCE JAN 1      6.60                      3.76   2.84     3.64

SNOWFALL (IN)
  YESTERDAY        0.0          14.0  1942   0.1   -0.1      0.0
  MONTH TO DATE    T                         0.3   -0.3      0.0
  SINCE JUL 1     90.1                      58.3   31.8     50.1
  SNOW DEPTH       0

DEGREE DAYS
 HEATING
  YESTERDAY       25                        17      8        7
  MONTH TO DATE   55                        34     21       19
  SINCE MAR 1   1544                      1600    -56     1353
  SINCE JUL 1   6061                      6619   -558     6004

 COOLING
  YESTERDAY        0                         0      0        0
  MONTH TO DATE    0                         0      0        0
  SINCE MAR 1      0                         0      0        0
  SINCE JAN 1      0                         0      0        0
..................................................................


WIND (MPH)
  HIGHEST WIND SPEED    26   HIGHEST WIND DIRECTION    NW (330)
  HIGHEST GUST SPEED    36   HIGHEST GUST DIRECTION    NW (320)
  AVERAGE WIND SPEED    12.4


SKY COVER
  AVERAGE SKY COVER 0.0


WEATHER CONDITIONS
 THE FOLLOWING WEATHER WAS RECORDED YESTERDAY.
  NO SIGNIFICANT WEATHER WAS OBSERVED.


RELATIVE HUMIDITY (PERCENT)
 HIGHEST    75           200 AM
 LOWEST     15          1200 PM
 AVERAGE    45

..........................................................


THE CHEYENNE WYOMING AIRPORT CLIMATE NORMALS FOR TODAY
                         NORMAL    RECORD    YEAR
 MAXIMUM TEMPERATURE (F)   61        80      1947
                                             1940
 MINIMUM TEMPERATURE (F)   36         8      1907


SUNRISE AND SUNSET
MAY  3 2016...........SUNRISE   554 AM MDT   SUNSET   759 PM MDT
MAY  4 2016...........SUNRISE   553 AM MDT   SUNSET   800 PM MDT


-  INDICATES NEGATIVE NUMBERS.
R  INDICATES RECORD WAS SET OR TIED.
MM INDICATES DATA IS MISSING.
T  INDICATES TRACE AMOUNT.




$$
