000
CDUS45 KCYS 020741
CLICYS


CLIMATE REPORT
NATIONAL WEATHER SERVICE CHEYENNE WY
1240 AM MST MON MAR 2 2015


...................................

...THE CHEYENNE WYOMING CLIMATE SUMMARY FOR MARCH 1 2015...

CLIMATE NORMAL PERIOD 1981 TO 2010
CLIMATE RECORD PERIOD 1871 TO 2015


WEATHER ITEM   OBSERVED TIME   RECORD YEAR NORMAL DEPARTURE LAST
                VALUE   (LST)  VALUE       VALUE  FROM      YEAR
                                                  NORMAL
..................................................................
TEMPERATURE (F)
 YESTERDAY
  MAXIMUM         27    210 PM  67    2008  44    -17       22
  MINIMUM          9    556 AM -15    1922  21    -12       -1
  AVERAGE         18                        32    -14       11

PRECIPITATION (IN)
  YESTERDAY        0.01          0.42 1906   0.02  -0.01     0.07
  MONTH TO DATE    0.01                      0.02  -0.01     0.07
  SINCE JAN 1      0.77                      0.82  -0.05     2.23

SNOWFALL (IN)
  YESTERDAY        0.2           4.4  1906   0.3   -0.1      1.4
  MONTH TO DATE    0.2                       0.3   -0.1      1.4
  SINCE JUL 1     33.2                      36.8   -3.6     61.5
  SNOW DEPTH       0

DEGREE DAYS
 HEATING
  YESTERDAY       47                        33     14       54
  MONTH TO DATE   47                        33     14       54
  SINCE MAR 1     47                        33     14       54
  SINCE JUL 1   4693                      5052   -359     5258

 COOLING
  YESTERDAY        0                         0      0        0
  MONTH TO DATE    0                         0      0        0
  SINCE MAR 1      0                         0      0        0
  SINCE JAN 1      0                         0      0        0
..................................................................


WIND (MPH)
  HIGHEST WIND SPEED    18   HIGHEST WIND DIRECTION     S (200)
  HIGHEST GUST SPEED    21   HIGHEST GUST DIRECTION     S (200)
  AVERAGE WIND SPEED     7.3


SKY COVER
  AVERAGE SKY COVER 0.8


WEATHER CONDITIONS
 THE FOLLOWING WEATHER WAS RECORDED YESTERDAY.
  LIGHT SNOW
  FOG
  HAZE


RELATIVE HUMIDITY (PERCENT)
 HIGHEST    88          1200 AM
 LOWEST     59          1200 PM
 AVERAGE    74

..........................................................


THE CHEYENNE WYOMING CLIMATE NORMALS FOR TODAY
                         NORMAL    RECORD    YEAR
 MAXIMUM TEMPERATURE (F)   44        69      2009
 MINIMUM TEMPERATURE (F)   21       -21      1943


SUNRISE AND SUNSET
MARCH  2 2015.........SUNRISE   632 AM MST   SUNSET   551 PM MST
MARCH  3 2015.........SUNRISE   631 AM MST   SUNSET   552 PM MST


-  INDICATES NEGATIVE NUMBERS.
R  INDICATES RECORD WAS SET OR TIED.
MM INDICATES DATA IS MISSING.
T  INDICATES TRACE AMOUNT.




$$
