000
CDUS46 KSGX 301418
CLICZZ


CLIMATE REPORT
NATIONAL WEATHER SERVICE SAN DIEGO, CA
717 AM PDT SUN AUG 30 2015


...................................

...THE CAMPO ASOS CA CLIMATE SUMMARY FOR AUGUST 29 2015...

CLIMATE NORMAL PERIOD 1981 TO 2010
CLIMATE RECORD PERIOD 1948 TO 2015


WEATHER ITEM   OBSERVED TIME   RECORD YEAR NORMAL DEPARTURE LAST
                VALUE   (LST)  VALUE       VALUE  FROM      YEAR
                                                  NORMAL
..................................................................
TEMPERATURE (F)
 YESTERDAY
  MAXIMUM         99   1206 PM 105    1981  94      5       97
  MINIMUM         61    438 AM  32    2010  52      9       55
  AVERAGE         80                        73      7       76

PRECIPITATION (IN)
  YESTERDAY        0.00          0.20 1951   0.02  -0.02     0.00
  MONTH TO DATE    0.01                      0.66  -0.65     0.48
  SINCE OCT 1     10.12                     15.35  -5.23     5.63
  SINCE JAN 1      6.25                     11.13  -4.88     3.38

DEGREE DAYS
 HEATING
  YESTERDAY        0                         0      0        0
  MONTH TO DATE    0                         0      0        2
  SINCE JUN 1     60                        63     -3       30
  SINCE JUL 1     10                         7      3        2

 COOLING
  YESTERDAY       15                         8      7       11
  MONTH TO DATE  288                       258     30      214
  SINCE JUN 1    656                       600     56      560
  SINCE JAN 1    673                       630     43      612
..................................................................


WIND (MPH)
  RESULTANT WIND SPEED   4   RESULTANT WIND DIRECTION  NW (300)
  HIGHEST WIND SPEED    21   HIGHEST WIND DIRECTION     W (290)
  HIGHEST GUST SPEED    26   HIGHEST GUST DIRECTION     W (290)
  AVERAGE WIND SPEED     8.0


SKY COVER
  POSSIBLE SUNSHINE  MM
  AVERAGE SKY COVER 0.0



RELATIVE HUMIDITY (PERCENT)
 HIGHEST    56           200 AM
 LOWEST     16          1200 PM
 AVERAGE    36

..........................................................


THE CAMPO ASOS CA CLIMATE NORMALS FOR TODAY
                         NORMAL    RECORD    YEAR
 MAXIMUM TEMPERATURE (F)   94       104      1998
 MINIMUM TEMPERATURE (F)   52        38      1962


SUNRISE AND SUNSET
AUGUST 30 2015........SUNRISE   619 AM PDT   SUNSET   713 PM PDT
AUGUST 31 2015........SUNRISE   620 AM PDT   SUNSET   712 PM PDT


-  INDICATES NEGATIVE NUMBERS.
R  INDICATES RECORD WAS SET OR TIED.
MM INDICATES DATA IS MISSING.
T  INDICATES TRACE AMOUNT.




$$
