000
CDUS46 KSGX 301435
CLICZZ


CLIMATE REPORT
NATIONAL WEATHER SERVICE SAN DIEGO, CA
735 AM PDT SAT MAY 30 2015


...................................

...THE CAMPO ASOS CA CLIMATE SUMMARY FOR MAY 29 2015...

CLIMATE NORMAL PERIOD 1981 TO 2010
CLIMATE RECORD PERIOD 1948 TO 2015


WEATHER ITEM   OBSERVED TIME   RECORD YEAR NORMAL DEPARTURE LAST
                VALUE   (LST)  VALUE       VALUE  FROM      YEAR
                                                  NORMAL
..................................................................
TEMPERATURE (F)
 YESTERDAY
  MAXIMUM         89   1136 AM 102    1984  82      7       87
  MINIMUM         47    153 AM  32    2010  43      4       46
                                      1989
  AVERAGE         68                        63      5       67

PRECIPITATION (IN)
  YESTERDAY        0.00          0.13 1988   0.01  -0.01     0.00
  MONTH TO DATE    2.31                      0.18   2.13     0.01
  SINCE OCT 1      8.93                     14.26  -5.33     5.01
  SINCE JAN 1      5.06                     10.04  -4.98     2.76

SNOWFALL (IN)
  YESTERDAY        0.0
  MONTH TO DATE    0.0
  SINCE MAR 1      0.0
  SINCE JUL 1      0.0
  SNOW DEPTH       0

DEGREE DAYS
 HEATING
  YESTERDAY        0                         4     -4        0
  MONTH TO DATE  244                       151     93      137
  SINCE MAR 1    827                       868    -41      761
  SINCE JUL 1   2463                      2919   -456     2631

 COOLING
  YESTERDAY        3                         1      2        2
  MONTH TO DATE    5                        24    -19       37
  SINCE MAR 1     10                        27    -17       47
  SINCE JAN 1     10                        27    -17       47
..................................................................


WIND (MPH)
  RESULTANT WIND SPEED   3   RESULTANT WIND DIRECTION  SW (210)
  HIGHEST WIND SPEED    23   HIGHEST WIND DIRECTION    SW (220)
  HIGHEST GUST SPEED    25   HIGHEST GUST DIRECTION    SW (210)
  AVERAGE WIND SPEED     7.0


SKY COVER
  POSSIBLE SUNSHINE  MM
  AVERAGE SKY COVER 0.0



RELATIVE HUMIDITY (PERCENT)
 HIGHEST    89          1200 AM
 LOWEST     16          1000 AM
 AVERAGE    53

..........................................................


THE CAMPO ASOS CA CLIMATE NORMALS FOR TODAY
                         NORMAL    RECORD    YEAR
 MAXIMUM TEMPERATURE (F)   83        99      1984
 MINIMUM TEMPERATURE (F)   43        28      1959


SUNRISE AND SUNSET
MAY 30 2015...........SUNRISE   540 AM PDT   SUNSET   747 PM PDT
MAY 31 2015...........SUNRISE   539 AM PDT   SUNSET   748 PM PDT


-  INDICATES NEGATIVE NUMBERS.
R  INDICATES RECORD WAS SET OR TIED.
MM INDICATES DATA IS MISSING.
T  INDICATES TRACE AMOUNT.




$$
