000
CDUS46 KSGX 260018
CLICZZ


CLIMATE REPORT
NATIONAL WEATHER SERVICE SAN DIEGO, CA
517 PM PDT SUN JUN 25 2017


...................................

...THE CAMPO ASOS CA CLIMATE SUMMARY FOR JUNE 25 2017...
VALID TODAY AS OF 0500 PM LOCAL TIME.

CLIMATE NORMAL PERIOD 1981 TO 2010
CLIMATE RECORD PERIOD 1948 TO 2017


WEATHER ITEM   OBSERVED TIME   RECORD YEAR NORMAL DEPARTURE LAST
                VALUE   (LST)  VALUE       VALUE  FROM      YEAR
                                                  NORMAL
..................................................................
TEMPERATURE (F)
 TODAY
  MAXIMUM        106R   111 PM 104    2006  90     16       99
  MINIMUM         58    421 AM  35    1980  47     11       50
  AVERAGE         82                        69     13       75

PRECIPITATION (IN)
  TODAY            0.00          0.34 1984   0.00   0.00     0.00
  MONTH TO DATE    0.00                      0.09  -0.09     0.00
  SINCE OCT 1     16.58                     14.35   2.23     9.32
  SINCE JAN 1     11.35                     10.13   1.22     6.37

DEGREE DAYS
 HEATING
  TODAY            0                         1     -1        0
  MONTH TO DATE   37                        50    -13       27
  SINCE JUN 1     37                        50    -13       27
  SINCE JUL 1   2704                      2977   -273     2795

 COOLING
  TODAY           17                         5     12       10
  MONTH TO DATE  141                        68     73      143
  SINCE JUN 1    141                        68     73      143
  SINCE JAN 1    168                        98     70      146
..................................................................


WIND (MPH)
  RESULTANT WIND SPEED   6   RESULTANT WIND DIRECTION  NW (320)
  HIGHEST WIND SPEED    17   HIGHEST WIND DIRECTION     W (290)
  HIGHEST GUST SPEED    23   HIGHEST GUST DIRECTION     W (290)
  AVERAGE WIND SPEED     8.9


SKY COVER
  POSSIBLE SUNSHINE  MM
  AVERAGE SKY COVER 0.0



RELATIVE HUMIDITY (PERCENT)
 HIGHEST    69           200 AM
 LOWEST      8           200 PM
 AVERAGE    39

..........................................................


THE CAMPO ASOS CA CLIMATE NORMALS FOR TOMORROW
                         NORMAL    RECORD    YEAR
 MAXIMUM TEMPERATURE (F)   91       107      1994
 MINIMUM TEMPERATURE (F)   47        34      2005


SUNRISE AND SUNSET
JUNE 25 2017..........SUNRISE   540 AM PDT   SUNSET   757 PM PDT
JUNE 26 2017..........SUNRISE   540 AM PDT   SUNSET   757 PM PDT


-  INDICATES NEGATIVE NUMBERS.
R  INDICATES RECORD WAS SET OR TIED.
MM INDICATES DATA IS MISSING.
T  INDICATES TRACE AMOUNT.




$$
