000
CDUS46 KSGX 311426
CLICZZ


CLIMATE REPORT
NATIONAL WEATHER SERVICE SAN DIEGO, CA
726 AM PDT FRI OCT 31 2014


...................................

...THE CAMPO ASOS CA CLIMATE SUMMARY FOR OCTOBER 30 2014...

CLIMATE NORMAL PERIOD 1981 TO 2010
CLIMATE RECORD PERIOD 1948 TO 2014


WEATHER ITEM   OBSERVED TIME   RECORD YEAR NORMAL DEPARTURE LAST
                VALUE   (LST)  VALUE       VALUE  FROM      YEAR
                                                  NORMAL
..................................................................
TEMPERATURE (F)
 YESTERDAY
  MAXIMUM         81    104 PM  87    1965  75      6       65
  MINIMUM         40   1204 AM  24    1971  39      1       32
  AVERAGE         61                        57      4       49

PRECIPITATION (IN)
  YESTERDAY        0.00          0.39 1951   0.03  -0.03     0.00
  MONTH TO DATE    0.00                      0.78  -0.78     0.90
  SINCE JUL 1      2.03                      2.14  -0.11     2.84
  SINCE JAN 1      4.79                     12.29  -7.50     7.62

SNOWFALL (IN)
  YESTERDAY        0.0
  MONTH TO DATE    0.0
  SINCE JAN 1      0.0
  SINCE JUL 1      0.0
  SNOW DEPTH       0

DEGREE DAYS
 HEATING
  YESTERDAY        4                         8     -4       16
  MONTH TO DATE   60                       153    -93      226
  SINCE SEP 1     75                       189   -114      267
  SINCE JUL 1     77                       203   -126      269

 COOLING
  YESTERDAY        0                         0      0        0
  MONTH TO DATE   38                        27     11        2
  SINCE SEP 1    268                       188     80      192
  SINCE JAN 1    900                       838     62      909
..................................................................


WIND (MPH)
  RESULTANT WIND SPEED   1   RESULTANT WIND DIRECTION  SE (150)
  HIGHEST WIND SPEED    17   HIGHEST WIND DIRECTION    SW (220)
  HIGHEST GUST SPEED    21   HIGHEST GUST DIRECTION    SW (220)
  AVERAGE WIND SPEED     6.5


SKY COVER
  POSSIBLE SUNSHINE  MM
  AVERAGE SKY COVER 0.0



RELATIVE HUMIDITY (PERCENT)
 HIGHEST    71           900 PM
 LOWEST     11           100 PM
 AVERAGE    41

..........................................................


THE CAMPO ASOS CA CLIMATE NORMALS FOR TODAY
                         NORMAL    RECORD    YEAR
 MAXIMUM TEMPERATURE (F)   75        90      1997
 MINIMUM TEMPERATURE (F)   39        24      1971


SUNRISE AND SUNSET
OCTOBER 31 2014.......SUNRISE   703 AM PDT   SUNSET   556 PM PDT
NOVEMBER  1 2014......SUNRISE   703 AM PDT   SUNSET   555 PM PDT


-  INDICATES NEGATIVE NUMBERS.
R  INDICATES RECORD WAS SET OR TIED.
MM INDICATES DATA IS MISSING.
T  INDICATES TRACE AMOUNT.




$$
