000
CDUS43 KUNR 180832
CLID07


CLIMATE REPORT
NATIONAL WEATHER SERVICE RAPID CITY SD
132 AM MST THU DEC 18 2014


...................................

...THE FAITH SD CLIMATE SUMMARY FOR DECEMBER 17 2014...

CLIMATE NORMAL PERIOD 1981 TO 2010
CLIMATE RECORD PERIOD 9999 TO 9999


WEATHER ITEM   OBSERVED TIME   NORMAL DEPARTURE LAST
                VALUE   (LST)  VALUE  FROM      YEAR
                                      NORMAL
......................................................
TEMPERATURE (F)
 YESTERDAY
  MAXIMUM         21   1159 PM  30     -9       35
  MINIMUM         16   1152 AM  11      5       20
  AVERAGE         19            20     -1       28

PRECIPITATION (IN)
  YESTERDAY        0.00          0.01  -0.01     0.00
  MONTH TO DATE    0.04          0.20  -0.16     0.37
  SINCE DEC 1      0.04          0.20  -0.16     0.37
  SINCE JAN 1     18.58         17.46   1.12    16.70

DEGREE DAYS
 HEATING
  YESTERDAY       46            45      1       37
  MONTH TO DATE  594           733   -139      875
  SINCE DEC 1    594           733   -139      875
  SINCE JUL 1   2470          2516    -46     2625

 COOLING
  YESTERDAY        0             0      0        0
  MONTH TO DATE    0             0      0        0
  SINCE DEC 1      0             0      0        0
  SINCE JAN 1    445           635   -190      720
......................................................


WIND (MPH)
  HIGHEST WIND SPEED    18   HIGHEST WIND DIRECTION    SE (130)
  HIGHEST GUST SPEED    23   HIGHEST GUST DIRECTION    SE (130)
  AVERAGE WIND SPEED    12.8




RELATIVE HUMIDITY (PERCENT)
 HIGHEST    92          1000 AM
 LOWEST     80          1200 AM
 AVERAGE    86

..........................................................




SUNRISE AND SUNSET
DECEMBER 18 2014......SUNRISE   722 AM MST   SUNSET   408 PM MST
DECEMBER 19 2014......SUNRISE   722 AM MST   SUNSET   408 PM MST


-  INDICATES NEGATIVE NUMBERS.
R  INDICATES RECORD WAS SET OR TIED.
MM INDICATES DATA IS MISSING.
T  INDICATES TRACE AMOUNT.




$$
