000
CDUS43 KUNR 160831
CLID07


CLIMATE REPORT
NATIONAL WEATHER SERVICE RAPID CITY SD
131 AM MST TUE JAN 16 2018


...................................

...THE FAITH SD CLIMATE SUMMARY FOR JANUARY 15 2018...

CLIMATE NORMAL PERIOD 1981 TO 2010
CLIMATE RECORD PERIOD 9999 TO 9999


WEATHER ITEM   OBSERVED TIME   NORMAL DEPARTURE LAST
                VALUE   (LST)  VALUE  FROM      YEAR
                                      NORMAL
......................................................
TEMPERATURE (F)
 YESTERDAY
  MAXIMUM         -2    325 PM  30    -32       27
  MINIMUM        -16   1159 PM  11    -27        7
  AVERAGE         -9            20    -29       17

PRECIPITATION (IN)
  YESTERDAY        0.00          0.00   0.00     0.00
  MONTH TO DATE    0.13          0.09   0.04     0.45
  SINCE DEC 1      0.74          0.49   0.25     0.89
  SINCE JAN 1      0.13          0.09   0.04     0.45

DEGREE DAYS
 HEATING
  YESTERDAY       74            45     29       48
  MONTH TO DATE  786           675    111      925
  SINCE DEC 1   2122          2035     87     2407
  SINCE JUL 1   3745          3818    -73     3658

 COOLING
  YESTERDAY        0             0      0        0
  MONTH TO DATE    0             0      0        0
  SINCE DEC 1      0             0      0        0
  SINCE JAN 1      0             0      0        0
......................................................


WIND (MPH)
  HIGHEST WIND SPEED    29   HIGHEST WIND DIRECTION    NW (330)
  HIGHEST GUST SPEED    33   HIGHEST GUST DIRECTION    NW (330)
  AVERAGE WIND SPEED    14.4




RELATIVE HUMIDITY (PERCENT)
 HIGHEST    87           700 AM
 LOWEST     65          1200 PM
 AVERAGE    76

..........................................................




SUNRISE AND SUNSET
JANUARY 16 2018.......SUNRISE   722 AM MST   SUNSET   434 PM MST
JANUARY 17 2018.......SUNRISE   722 AM MST   SUNSET   435 PM MST


-  INDICATES NEGATIVE NUMBERS.
R  INDICATES RECORD WAS SET OR TIED.
MM INDICATES DATA IS MISSING.
T  INDICATES TRACE AMOUNT.




$$
