000
CDUS43 KUNR 240837
CLID07


CLIMATE REPORT
NATIONAL WEATHER SERVICE RAPID CITY SD
236 AM MDT MON APR 24 2017


...................................

...THE FAITH SD CLIMATE SUMMARY FOR APRIL 23 2017...

CLIMATE NORMAL PERIOD 1981 TO 2010
CLIMATE RECORD PERIOD 9999 TO 9999


WEATHER ITEM   OBSERVED TIME   NORMAL DEPARTURE LAST
                VALUE   (LST)  VALUE  FROM      YEAR
                                      NORMAL
......................................................
TEMPERATURE (F)
 YESTERDAY
  MAXIMUM         65    306 PM  60      5       78
  MINIMUM         34   1159 PM  36     -2       50
  AVERAGE         50            48      2       64

PRECIPITATION (IN)
  YESTERDAY        0.00          0.06  -0.06     0.00
  MONTH TO DATE    1.46          1.05   0.41     2.68
  SINCE MAR 1      1.96          2.03  -0.07     3.51
  SINCE JAN 1      2.98          2.65   0.33     5.02

DEGREE DAYS
 HEATING
  YESTERDAY       15            17     -2        1
  MONTH TO DATE  390           500   -110      404
  SINCE MAR 1   1300          1503   -203     1174
  SINCE JUL 1   6651          7191   -540     6120

 COOLING
  YESTERDAY        0             0      0        0
  MONTH TO DATE    0             0      0        0
  SINCE MAR 1      0             0      0        0
  SINCE JAN 1      0             0      0        0
......................................................


WIND (MPH)
  HIGHEST WIND SPEED    29   HIGHEST WIND DIRECTION    NE (50)
  HIGHEST GUST SPEED    35   HIGHEST GUST DIRECTION    NE (50)
  AVERAGE WIND SPEED    14.9




RELATIVE HUMIDITY (PERCENT)
 HIGHEST   100           500 AM
 LOWEST     44           200 PM
 AVERAGE    72

..........................................................




SUNRISE AND SUNSET
APRIL 24 2017.........SUNRISE   548 AM MDT   SUNSET   745 PM MDT
APRIL 25 2017.........SUNRISE   546 AM MDT   SUNSET   747 PM MDT


-  INDICATES NEGATIVE NUMBERS.
R  INDICATES RECORD WAS SET OR TIED.
MM INDICATES DATA IS MISSING.
T  INDICATES TRACE AMOUNT.




$$
