000
CDUS43 KUNR 290833
CLID07


CLIMATE REPORT
NATIONAL WEATHER SERVICE RAPID CITY SD
232 AM MDT SUN MAY 29 2016


...................................

...THE FAITH SD CLIMATE SUMMARY FOR MAY 28 2016...

CLIMATE NORMAL PERIOD 1981 TO 2010
CLIMATE RECORD PERIOD 9999 TO 9999


WEATHER ITEM   OBSERVED TIME   NORMAL DEPARTURE LAST
                VALUE   (LST)  VALUE  FROM      YEAR
                                      NORMAL
......................................................
TEMPERATURE (F)
 YESTERDAY
  MAXIMUM         75    136 PM  70      5       78
  MINIMUM         46    414 AM  47     -1       51
  AVERAGE         61            58      3       65

PRECIPITATION (IN)
  YESTERDAY        0.08          0.11  -0.03     0.26
  MONTH TO DATE    0.45          2.75  -2.30     6.01
  SINCE MAR 1      5.30          5.36  -0.06     6.66
  SINCE JAN 1      6.81          5.98   0.83     7.09

DEGREE DAYS
 HEATING
  YESTERDAY        4             7     -3        0
  MONTH TO DATE  267           299    -32      342
  SINCE MAR 1   1604          1910   -306     1607
  SINCE JUL 1   6550          7598  -1048     7106

 COOLING
  YESTERDAY        0             1     -1        0
  MONTH TO DATE    2             2      0        0
  SINCE MAR 1      2             3     -1        2
  SINCE JAN 1      2             3     -1        2
......................................................


WIND (MPH)
  HIGHEST WIND SPEED    17   HIGHEST WIND DIRECTION    NW (300)
  HIGHEST GUST SPEED    22   HIGHEST GUST DIRECTION     W (290)
  AVERAGE WIND SPEED     5.3




RELATIVE HUMIDITY (PERCENT)
 HIGHEST    93           200 AM
 LOWEST     35          1200 PM
 AVERAGE    64

..........................................................




SUNRISE AND SUNSET
MAY 29 2016...........SUNRISE   506 AM MDT   SUNSET   826 PM MDT
MAY 30 2016...........SUNRISE   505 AM MDT   SUNSET   827 PM MDT


-  INDICATES NEGATIVE NUMBERS.
R  INDICATES RECORD WAS SET OR TIED.
MM INDICATES DATA IS MISSING.
T  INDICATES TRACE AMOUNT.




$$
