000
CDUS43 KUNR 210840
CLID07


CLIMATE REPORT
NATIONAL WEATHER SERVICE RAPID CITY SD
239 AM MDT THU SEP 21 2017


...................................

...THE FAITH SD CLIMATE SUMMARY FOR SEPTEMBER 20 2017...

CLIMATE NORMAL PERIOD 1981 TO 2010
CLIMATE RECORD PERIOD 9999 TO 9999


WEATHER ITEM   OBSERVED TIME   NORMAL DEPARTURE LAST
                VALUE   (LST)  VALUE  FROM      YEAR
                                      NORMAL
......................................................
TEMPERATURE (F)
 YESTERDAY
  MAXIMUM         72    418 PM  71      1       79
  MINIMUM         37    541 AM  45     -8       54
  AVERAGE         55            58     -3       67

PRECIPITATION (IN)
  YESTERDAY        0.00          0.05  -0.05     0.00
  MONTH TO DATE    0.24          0.96  -0.72     1.17
  SINCE SEP 1      0.24          0.96  -0.72     1.17
  SINCE JAN 1      8.71         14.78  -6.07    12.79

DEGREE DAYS
 HEATING
  YESTERDAY       10             8      2        0
  MONTH TO DATE   86            95     -9       66
  SINCE SEP 1     86            95     -9       66
  SINCE JUL 1     98           128    -30       95

 COOLING
  YESTERDAY        0             1     -1        2
  MONTH TO DATE   84            55     29       46
  SINCE SEP 1     84            55     29       46
  SINCE JAN 1    748           630    118      732
......................................................


WIND (MPH)
  HIGHEST WIND SPEED    23   HIGHEST WIND DIRECTION    SW (230)
  HIGHEST GUST SPEED    33   HIGHEST GUST DIRECTION    SW (240)
  AVERAGE WIND SPEED    11.1




RELATIVE HUMIDITY (PERCENT)
 HIGHEST    93           300 AM
 LOWEST     17           300 PM
 AVERAGE    55

..........................................................




SUNRISE AND SUNSET
SEPTEMBER 21 2017.....SUNRISE   634 AM MDT   SUNSET   647 PM MDT
SEPTEMBER 22 2017.....SUNRISE   635 AM MDT   SUNSET   645 PM MDT


-  INDICATES NEGATIVE NUMBERS.
R  INDICATES RECORD WAS SET OR TIED.
MM INDICATES DATA IS MISSING.
T  INDICATES TRACE AMOUNT.




$$
