000
CDUS43 KUNR 240911
CLID07


CLIMATE REPORT
NATIONAL WEATHER SERVICE RAPID CITY SD
307 AM MDT FRI MAR 24 2017


...................................

...THE FAITH SD CLIMATE SUMMARY FOR MARCH 23 2017...

CLIMATE NORMAL PERIOD 1981 TO 2010
CLIMATE RECORD PERIOD 9999 TO 9999


WEATHER ITEM   OBSERVED TIME   NORMAL DEPARTURE LAST
                VALUE   (LST)  VALUE  FROM      YEAR
                                      NORMAL
......................................................
TEMPERATURE (F)
 YESTERDAY
  MAXIMUM         57    108 PM  46     11       37
  MINIMUM         36    535 AM  25     11       25
  AVERAGE         47            35     12       31

PRECIPITATION (IN)
  YESTERDAY        0.00          0.03  -0.03     0.02
  MONTH TO DATE    0.38          0.63  -0.25     0.51
  SINCE MAR 1      0.38          0.63  -0.25     0.51
  SINCE JAN 1      1.40          1.25   0.15     2.02

DEGREE DAYS
 HEATING
  YESTERDAY       18            30    -12       34
  MONTH TO DATE  748           779    -31      565
  SINCE MAR 1    748           779    -31      565
  SINCE JUL 1   6099          6467   -368     5511

 COOLING
  YESTERDAY        0             0      0        0
  MONTH TO DATE    0             0      0        0
  SINCE MAR 1      0             0      0        0
  SINCE JAN 1      0             0      0        0
......................................................


WIND (MPH)
  HIGHEST WIND SPEED    30   HIGHEST WIND DIRECTION     N (350)
  HIGHEST GUST SPEED    35   HIGHEST GUST DIRECTION     N (360)
  AVERAGE WIND SPEED    12.3




RELATIVE HUMIDITY (PERCENT)
 HIGHEST   100           400 AM
 LOWEST     59           100 PM
 AVERAGE    80

..........................................................




SUNRISE AND SUNSET
MARCH 24 2017.........SUNRISE   643 AM MDT   SUNSET   706 PM MDT
MARCH 25 2017.........SUNRISE   641 AM MDT   SUNSET   707 PM MDT


-  INDICATES NEGATIVE NUMBERS.
R  INDICATES RECORD WAS SET OR TIED.
MM INDICATES DATA IS MISSING.
T  INDICATES TRACE AMOUNT.




$$
