000
CDUS43 KUNR 190859
CLID07


CLIMATE REPORT
NATIONAL WEATHER SERVICE RAPID CITY SD
159 AM MST THU JAN 19 2017


...................................

...THE FAITH SD CLIMATE SUMMARY FOR JANUARY 18 2017...

CLIMATE NORMAL PERIOD 1981 TO 2010
CLIMATE RECORD PERIOD 9999 TO 9999


WEATHER ITEM   OBSERVED TIME   NORMAL DEPARTURE LAST
                VALUE   (LST)  VALUE  FROM      YEAR
                                      NORMAL
......................................................
TEMPERATURE (F)
 YESTERDAY
  MAXIMUM         40   1207 PM  30     10       10
  MINIMUM         21   1159 PM  11     10       -9
  AVERAGE         31            20     11        1

PRECIPITATION (IN)
  YESTERDAY        0.00          0.01  -0.01     0.06
  MONTH TO DATE    0.45          0.11   0.34     0.16
  SINCE DEC 1      0.89          0.51   0.38     0.69
  SINCE JAN 1      0.45          0.11   0.34     0.16

DEGREE DAYS
 HEATING
  YESTERDAY       34            45    -11       64
  MONTH TO DATE 1053           810    243      875
  SINCE DEC 1   2535          2170    365     2144
  SINCE JUL 1   3786          3953   -167     3530

 COOLING
  YESTERDAY        0             0      0        0
  MONTH TO DATE    0             0      0        0
  SINCE DEC 1      0             0      0        0
  SINCE JAN 1      0             0      0        0
......................................................


WIND (MPH)
  HIGHEST WIND SPEED    18   HIGHEST WIND DIRECTION     S (170)
  HIGHEST GUST SPEED    19   HIGHEST GUST DIRECTION     S (160)
  AVERAGE WIND SPEED     8.0




RELATIVE HUMIDITY (PERCENT)
 HIGHEST    88          1100 PM
 LOWEST     59          1200 PM
 AVERAGE    74

..........................................................




SUNRISE AND SUNSET
JANUARY 19 2017.......SUNRISE   720 AM MST   SUNSET   438 PM MST
JANUARY 20 2017.......SUNRISE   719 AM MST   SUNSET   440 PM MST


-  INDICATES NEGATIVE NUMBERS.
R  INDICATES RECORD WAS SET OR TIED.
MM INDICATES DATA IS MISSING.
T  INDICATES TRACE AMOUNT.




$$
