000
CDUS43 KUNR 280836
CLID07


CLIMATE REPORT
NATIONAL WEATHER SERVICE RAPID CITY SD
236 AM MDT FRI JUL 28 2017


...................................

...THE FAITH SD CLIMATE SUMMARY FOR JULY 27 2017...

CLIMATE NORMAL PERIOD 1981 TO 2010
CLIMATE RECORD PERIOD 9999 TO 9999


WEATHER ITEM   OBSERVED TIME   NORMAL DEPARTURE LAST
                VALUE   (LST)  VALUE  FROM      YEAR
                                      NORMAL
......................................................
TEMPERATURE (F)
 YESTERDAY
  MAXIMUM         88   1115 AM  87      1       78
  MINIMUM         60   1039 PM  60      0       59
  AVERAGE         74            74      0       69

PRECIPITATION (IN)
  YESTERDAY        0.07          0.06   0.01     0.01
  MONTH TO DATE    0.58          2.57  -1.99     0.78
  SINCE JUN 1      3.06          5.66  -2.60     2.47
  SINCE JAN 1      7.34         11.96  -4.62     9.32

DEGREE DAYS
 HEATING
  YESTERDAY        0             0      0        0
  MONTH TO DATE    0             5     -5        3
  SINCE JUN 1     30            95    -65       18
  SINCE JUL 1      0             5     -5        3

 COOLING
  YESTERDAY        9             9      0        4
  MONTH TO DATE  349           212    137      255
  SINCE JUN 1    475           300    175      430
  SINCE JAN 1    487           312    175      432
......................................................


WIND (MPH)
  HIGHEST WIND SPEED    24   HIGHEST WIND DIRECTION     S (160)
  HIGHEST GUST SPEED    32   HIGHEST GUST DIRECTION    SE (150)
  AVERAGE WIND SPEED    12.0




RELATIVE HUMIDITY (PERCENT)
 HIGHEST    93          1000 PM
 LOWEST     30          1200 PM
 AVERAGE    62

..........................................................




SUNRISE AND SUNSET
JULY 28 2017..........SUNRISE   529 AM MDT   SUNSET   819 PM MDT
JULY 29 2017..........SUNRISE   530 AM MDT   SUNSET   818 PM MDT


-  INDICATES NEGATIVE NUMBERS.
R  INDICATES RECORD WAS SET OR TIED.
MM INDICATES DATA IS MISSING.
T  INDICATES TRACE AMOUNT.




$$
