000
CDUS42 KMLB 120631
CLIDAB


CLIMATE REPORT
NATIONAL WEATHER SERVICE MELBOURNE FL
131 AM EST TUE DEC 12 2017


...................................

...THE DAYTONA BEACH CLIMATE SUMMARY FOR DECEMBER 11 2017...

CLIMATE NORMAL PERIOD 1981 TO 2010
CLIMATE RECORD PERIOD 1923 TO 2017


WEATHER ITEM   OBSERVED TIME   RECORD YEAR NORMAL DEPARTURE LAST
                VALUE   (LST)  VALUE       VALUE  FROM      YEAR
                                                  NORMAL
..................................................................
TEMPERATURE (F)
 YESTERDAY
  MAXIMUM         62    358 PM  83    1961  71     -9       75
  MINIMUM         38    712 AM  28    1981  52    -14       49
                                      1962
  AVERAGE         50                        61    -11       62

PRECIPITATION (IN)
  YESTERDAY        0.00          3.65 1983   0.08  -0.08     0.02
  MONTH TO DATE    1.16                      0.84   0.32     0.62
  SINCE DEC 1      1.16                      0.84   0.32     0.62
  SINCE JAN 1     49.94                     47.83   2.11    44.56

SNOWFALL (IN)
  YESTERDAY        0.0
  MONTH TO DATE    0.0
  SINCE JUL 1      0.0

DEGREE DAYS
 HEATING
  YESTERDAY       15                         6      9        3
  MONTH TO DATE   44                        52     -8       32
  SINCE DEC 1     44                        52     -8       32
  SINCE JUL 1     78                       126    -48       69

 COOLING
  YESTERDAY        0                         2     -2        0
  MONTH TO DATE   34                        22     12       32
  SINCE DEC 1     34                        22     12       32
  SINCE JAN 1   3443                      2934    509     3411
..................................................................


WIND (MPH)
  HIGHEST WIND SPEED    10   HIGHEST WIND DIRECTION     W (260)
  HIGHEST GUST SPEED    14   HIGHEST GUST DIRECTION     N (340)
  AVERAGE WIND SPEED     4.4


SKY COVER
  AVERAGE SKY COVER 0.0


WEATHER CONDITIONS
 THE FOLLOWING WEATHER WAS RECORDED YESTERDAY.
  NO SIGNIFICANT WEATHER WAS OBSERVED.


RELATIVE HUMIDITY (PERCENT)
 HIGHEST    92          1200 AM
 LOWEST     27           300 PM
 AVERAGE    60

..........................................................


THE DAYTONA BEACH CLIMATE NORMALS FOR TODAY
                         NORMAL    RECORD    YEAR
 MAXIMUM TEMPERATURE (F)   71        83      1986
                                             1976
                                             1953
 MINIMUM TEMPERATURE (F)   51        24      1957


SUNRISE AND SUNSET
DECEMBER 12 2017......SUNRISE   709 AM EST   SUNSET   527 PM EST
DECEMBER 13 2017......SUNRISE   709 AM EST   SUNSET   528 PM EST


-  INDICATES NEGATIVE NUMBERS.
R  INDICATES RECORD WAS SET OR TIED.
MM INDICATES DATA IS MISSING.
T  INDICATES TRACE AMOUNT.




$$
