000
CDUS42 KMLB 270635
CLIDAB


CLIMATE REPORT
NATIONAL WEATHER SERVICE MELBOURNE FL
235 AM EDT FRI MAY 27 2016


...................................

...THE DAYTONA BEACH CLIMATE SUMMARY FOR MAY 26 2016...

CLIMATE NORMAL PERIOD 1981 TO 2010
CLIMATE RECORD PERIOD 1923 TO 2016


WEATHER ITEM   OBSERVED TIME   RECORD YEAR NORMAL DEPARTURE LAST
                VALUE   (LST)  VALUE       VALUE  FROM      YEAR
                                                  NORMAL
..................................................................
TEMPERATURE (F)
 YESTERDAY
  MAXIMUM         84    241 PM 100    1953  86     -2       87
  MINIMUM         64    538 AM  57    1979  68     -4       76
                                      1935
  AVERAGE         74                        77     -3       82

PRECIPITATION (IN)
  YESTERDAY        0.00          4.22 1947   0.13  -0.13     0.00
  MONTH TO DATE    4.52                      2.35   2.17     2.60
  SINCE MAR 1      8.11                      8.77  -0.66     8.89
  SINCE JAN 1     18.82                     14.29   4.53    14.32

SNOWFALL (IN)
  YESTERDAY        0.0
  MONTH TO DATE    0.0
  SINCE JUL 1      0.0

DEGREE DAYS
 HEATING
  YESTERDAY        0                         0      0        0
  MONTH TO DATE    0                         0      0        0
  SINCE MAR 1     43                       125    -82       35
  SINCE JUL 1    508                       807   -299      682

 COOLING
  YESTERDAY        9                        12     -3       17
  MONTH TO DATE  269                       249     20      301
  SINCE MAR 1    653                       471    182      806
  SINCE JAN 1    703                       536    167      846
..................................................................


WIND (MPH)
  HIGHEST WIND SPEED    20   HIGHEST WIND DIRECTION    NE (40)
  HIGHEST GUST SPEED    25   HIGHEST GUST DIRECTION    NE (50)
  AVERAGE WIND SPEED     8.4


SKY COVER
  AVERAGE SKY COVER 0.4


WEATHER CONDITIONS
 THE FOLLOWING WEATHER WAS RECORDED YESTERDAY.
  NO SIGNIFICANT WEATHER WAS OBSERVED.


RELATIVE HUMIDITY (PERCENT)
 HIGHEST    93           600 AM
 LOWEST     51          1100 AM
 AVERAGE    72

..........................................................


THE DAYTONA BEACH CLIMATE NORMALS FOR TODAY
                         NORMAL    RECORD    YEAR
 MAXIMUM TEMPERATURE (F)   87        97      1967
 MINIMUM TEMPERATURE (F)   68        53      1935


SUNRISE AND SUNSET
MAY 27 2016...........SUNRISE   627 AM EDT   SUNSET   816 PM EDT
MAY 28 2016...........SUNRISE   626 AM EDT   SUNSET   817 PM EDT


-  INDICATES NEGATIVE NUMBERS.
R  INDICATES RECORD WAS SET OR TIED.
MM INDICATES DATA IS MISSING.
T  INDICATES TRACE AMOUNT.




$$
