042
CDUS42 KMLB 202118
CLIDAB


CLIMATE REPORT
NATIONAL WEATHER SERVICE MELBOURNE FL
417 PM EST FRI JAN 20 2017


...................................

...THE DAYTONA BEACH CLIMATE SUMMARY FOR JANUARY 20 2017...
VALID TODAY AS OF 0400 PM LOCAL TIME.

CLIMATE NORMAL PERIOD 1981 TO 2010
CLIMATE RECORD PERIOD 1923 TO 2017


WEATHER ITEM   OBSERVED TIME   RECORD YEAR NORMAL DEPARTURE LAST
                VALUE   (LST)  VALUE       VALUE  FROM      YEAR
                                                  NORMAL
..................................................................
TEMPERATURE (F)
 TODAY
  MAXIMUM         83    321 PM  84    1963  68     15       64
  MINIMUM         58    440 AM  23    1977  47     11       34
  AVERAGE         71                        58     13       49

PRECIPITATION (IN)
  TODAY            0.00          1.27 1983   0.09  -0.09     0.00
  MONTH TO DATE    1.32                      1.73  -0.41     3.19
  SINCE DEC 1      2.02                      4.36  -2.34     3.76
  SINCE JAN 1      1.32                      1.73  -0.41     3.19

SNOWFALL (IN)
  TODAY            0.0
  MONTH TO DATE    0.0
  SINCE JUL 1      0.0

DEGREE DAYS
 HEATING
  TODAY            0                         8     -8       16
  MONTH TO DATE   64                       160    -96      141
  SINCE DEC 1    143                       352   -209      166
  SINCE JUL 1    180                       426   -246      178

 COOLING
  TODAY            6                         1      5        0
  MONTH TO DATE   46                        20     26       13
  SINCE DEC 1    154                        71     83      222
  SINCE JAN 1     46                        20     26       13
..................................................................


WIND (MPH)
  HIGHEST WIND SPEED    18   HIGHEST WIND DIRECTION     W (250)
  HIGHEST GUST SPEED    23   HIGHEST GUST DIRECTION    SW (210)
  AVERAGE WIND SPEED     7.2


SKY COVER
  AVERAGE SKY COVER 0.4


WEATHER CONDITIONS
 THE FOLLOWING WEATHER WAS RECORDED TODAY.
  FOG
  FOG W/VISIBILITY <= 1/4 MILE


RELATIVE HUMIDITY (PERCENT)
 HIGHEST   100          1200 AM
 LOWEST     47           300 PM
 AVERAGE    74

..........................................................


THE DAYTONA BEACH CLIMATE NORMALS FOR TOMORROW
                         NORMAL    RECORD    YEAR
 MAXIMUM TEMPERATURE (F)   69        83      1990
                                             1959
 MINIMUM TEMPERATURE (F)   47        15      1985


SUNRISE AND SUNSET
JANUARY 20 2017.......SUNRISE   718 AM EST   SUNSET   553 PM EST
JANUARY 21 2017.......SUNRISE   718 AM EST   SUNSET   554 PM EST


-  INDICATES NEGATIVE NUMBERS.
R  INDICATES RECORD WAS SET OR TIED.
MM INDICATES DATA IS MISSING.
T  INDICATES TRACE AMOUNT.




$$
