000
CDUS41 KRNK 290707
CLIDAN


CLIMATE REPORT
NATIONAL WEATHER SERVICE BLACKSBURG VA
300 AM EDT SAT APR 29 2017


...................................

...THE DANVILLE VA CLIMATE SUMMARY FOR APRIL 28 2017...

CLIMATE NORMAL PERIOD 1981 TO 2010
CLIMATE RECORD PERIOD 1948 TO 2017


WEATHER ITEM   OBSERVED TIME   RECORD YEAR NORMAL DEPARTURE LAST
                VALUE   (LST)  VALUE       VALUE  FROM      YEAR
                                                  NORMAL
..................................................................
TEMPERATURE (F)
 YESTERDAY
  MAXIMUM         84    407 PM  95    1990  74     10       80
  MINIMUM         61    607 AM  32    2004  50     11       58
  AVERAGE         73                        62     11       69

PRECIPITATION (IN)
  YESTERDAY        T             1.89 1958   0.10  -0.10     0.59
  MONTH TO DATE    7.54                      3.25   4.29     2.62
  SINCE MAR 1     10.19                      7.36   2.83     4.95
  SINCE JAN 1     14.96                     13.79   1.17    11.80

SNOWFALL (IN)
  YESTERDAY        0.0                                       0.0
  MONTH TO DATE    0.0                                       0.0
  SINCE MAR 1      T                                         0.0
  SINCE JUL 1      8.8                                      11.1
  SNOW DEPTH       0

DEGREE DAYS
 HEATING
  YESTERDAY        0                         5     -5        0
  MONTH TO DATE  136                       222    -86      220
  SINCE MAR 1    614                       732   -118      513
  SINCE JUL 1   3070                      3733   -663     2975

 COOLING
  YESTERDAY        8                         1      7        4
  MONTH TO DATE   53                        27     26       23
  SINCE MAR 1     56                        30     26       44
  SINCE JAN 1     61                        30     31       44
..................................................................


WIND (MPH)
  HIGHEST WIND SPEED    17   HIGHEST WIND DIRECTION    SW (230)
  HIGHEST GUST SPEED    25   HIGHEST GUST DIRECTION     S (180)
  AVERAGE WIND SPEED     4.0


SKY COVER
  AVERAGE SKY COVER 0.4


WEATHER CONDITIONS
 THE FOLLOWING WEATHER WAS RECORDED YESTERDAY.
  LIGHT RAIN
  FOG
  FOG W/VISIBILITY <= 1/4 MILE


RELATIVE HUMIDITY (PERCENT)
 HIGHEST   100           100 AM
 LOWEST     55           300 PM
 AVERAGE    78

..........................................................


THE DANVILLE VA CLIMATE NORMALS FOR TODAY
                         NORMAL    RECORD    YEAR
 MAXIMUM TEMPERATURE (F)   74        91      1981
 MINIMUM TEMPERATURE (F)   50        35      2010
                                             1973


SUNRISE AND SUNSET
APRIL 29 2017.........SUNRISE   626 AM EDT   SUNSET   804 PM EDT
APRIL 30 2017.........SUNRISE   625 AM EDT   SUNSET   805 PM EDT


-  INDICATES NEGATIVE NUMBERS.
R  INDICATES RECORD WAS SET OR TIED.
MM INDICATES DATA IS MISSING.
T  INDICATES TRACE AMOUNT.




$$
