000
CDUS41 KRNK 232124
CLIDAN


CLIMATE REPORT
NATIONAL WEATHER SERVICE BLACKSBURG VA
521 PM EDT FRI JUN 23 2017


...................................

...THE DANVILLE VA CLIMATE SUMMARY FOR JUNE 23 2017...
VALID TODAY AS OF 0500 PM LOCAL TIME.

CLIMATE NORMAL PERIOD 1981 TO 2010
CLIMATE RECORD PERIOD 1948 TO 2017


WEATHER ITEM   OBSERVED TIME   RECORD YEAR NORMAL DEPARTURE LAST
                VALUE   (LST)  VALUE       VALUE  FROM      YEAR
                                                  NORMAL
..................................................................
TEMPERATURE (F)
 TODAY
  MAXIMUM         88    403 PM 100    1988  87      1       89
  MINIMUM         71    500 AM  48    1992  67      4       67
  AVERAGE         80                        77      3       78

PRECIPITATION (IN)
  TODAY            0.09          1.87 1950   0.12  -0.03     1.08
  MONTH TO DATE    4.36                      3.01   1.35     6.76
  SINCE JUN 1      4.36                      3.01   1.35     6.76
  SINCE JAN 1     25.36                     20.89   4.47    26.31

SNOWFALL (IN)
  TODAY            0.0                                       0.0
  MONTH TO DATE    0.0                                       0.0
  SINCE JUN 1      0.0                                       0.0
  SINCE JUL 1      8.8                                      11.1
  SNOW DEPTH       0

DEGREE DAYS
 HEATING
  TODAY            0                         0      0        0
  MONTH TO DATE    3                         0      3        0
  SINCE JUN 1      3                         0      3        0
  SINCE JUL 1   3145                      3811   -666     3061

 COOLING
  TODAY           15                        12      3       13
  MONTH TO DATE  199                       210    -11      207
  SINCE JUN 1    199                       210    -11      207
  SINCE JAN 1    395                       354     41      346
..................................................................


WIND (MPH)
  HIGHEST WIND SPEED    23   HIGHEST WIND DIRECTION    SW (240)
  HIGHEST GUST SPEED    30   HIGHEST GUST DIRECTION    SW (240)
  AVERAGE WIND SPEED    10.9


SKY COVER
  AVERAGE SKY COVER 0.7


WEATHER CONDITIONS
 THE FOLLOWING WEATHER WAS RECORDED TODAY.
  LIGHT RAIN


RELATIVE HUMIDITY (PERCENT)
 HIGHEST   100          1200 AM
 LOWEST     59           200 PM
 AVERAGE    80

..........................................................


THE DANVILLE VA CLIMATE NORMALS FOR TOMORROW
                         NORMAL    RECORD    YEAR
 MAXIMUM TEMPERATURE (F)   87       102      1988
 MINIMUM TEMPERATURE (F)   67        51      1992


SUNRISE AND SUNSET
JUNE 23 2017..........SUNRISE   600 AM EDT   SUNSET   839 PM EDT
JUNE 24 2017..........SUNRISE   600 AM EDT   SUNSET   840 PM EDT


-  INDICATES NEGATIVE NUMBERS.
R  INDICATES RECORD WAS SET OR TIED.
MM INDICATES DATA IS MISSING.
T  INDICATES TRACE AMOUNT.




$$
