000
CDUS41 KRNK 010629
CLIDAN


CLIMATE REPORT
NATIONAL WEATHER SERVICE BLACKSBURG VA
226 AM EDT SUN MAY 1 2016


...................................

...THE DANVILLE VA CLIMATE SUMMARY FOR APRIL 30 2016...

CLIMATE NORMAL PERIOD 1981 TO 2010
CLIMATE RECORD PERIOD 1948 TO 2016


WEATHER ITEM   OBSERVED TIME   RECORD YEAR NORMAL DEPARTURE LAST
                VALUE   (LST)  VALUE       VALUE  FROM      YEAR
                                                  NORMAL
..................................................................
TEMPERATURE (F)
 YESTERDAY
  MAXIMUM         60    124 PM  92    1974  74    -14       74
  MINIMUM         56   1159 PM  30    1961  51      5       45
  AVERAGE         58                        62     -4       60

PRECIPITATION (IN)
  YESTERDAY        0.18          2.29 2014   0.10   0.08     0.17
  MONTH TO DATE    2.80                      3.46  -0.66     2.85
  SINCE MAR 1      5.13                      7.57  -2.44     4.97
  SINCE JAN 1     11.98                     14.00  -2.02     8.76

SNOWFALL (IN)
  YESTERDAY        0.0                                       0.0
  MONTH TO DATE    0.0                                       0.0
  SINCE MAR 1      0.0                                        T
  SINCE JUL 1     11.1                                       9.8
  SNOW DEPTH       0

DEGREE DAYS
 HEATING
  YESTERDAY        7                         4      3        5
  MONTH TO DATE  227                       231     -4      184
  SINCE MAR 1    520                       742   -222      656
  SINCE JUL 1   2982                      3743   -761     3750

 COOLING
  YESTERDAY        0                         2     -2        0
  MONTH TO DATE   26                        31     -5       34
  SINCE MAR 1     47                        34     13       34
  SINCE JAN 1     47                        34     13       34
..................................................................


WIND (MPH)
  HIGHEST WIND SPEED    12   HIGHEST WIND DIRECTION     E (70)
  HIGHEST GUST SPEED    15   HIGHEST GUST DIRECTION    NE (50)
  AVERAGE WIND SPEED     6.4


SKY COVER
  AVERAGE SKY COVER 1.0


WEATHER CONDITIONS
 THE FOLLOWING WEATHER WAS RECORDED YESTERDAY.
  THUNDERSTORM
  HEAVY RAIN
  RAIN
  LIGHT RAIN
  FOG


RELATIVE HUMIDITY (PERCENT)
 HIGHEST   100           900 PM
 LOWEST     86           500 PM
 AVERAGE    93

..........................................................


THE DANVILLE VA CLIMATE NORMALS FOR TODAY
                         NORMAL    RECORD    YEAR
 MAXIMUM TEMPERATURE (F)   74        91      1962
 MINIMUM TEMPERATURE (F)   51        37      2006
                                             1996


SUNRISE AND SUNSET
MAY  1 2016...........SUNRISE   623 AM EDT   SUNSET   806 PM EDT
MAY  2 2016...........SUNRISE   622 AM EDT   SUNSET   807 PM EDT


-  INDICATES NEGATIVE NUMBERS.
R  INDICATES RECORD WAS SET OR TIED.
MM INDICATES DATA IS MISSING.
T  INDICATES TRACE AMOUNT.

REMARKS:

DUE TO A SENSOR FAILURE CAUSING MISSING TEMPERATURES ON FEBRUARY
25...THE SEASONAL HEATING DEGREE DAY TOTAL AND DEPARTURE FROM
NORMAL WILL BE CALCULATED WITHOUT DATA FROM THIS DATE.

$$

RAB
