000
CDUS41 KRNK 310703
CLIDAN


CLIMATE REPORT
NATIONAL WEATHER SERVICE BLACKSBURG VA
301 AM EDT TUE MAY 31 2016


...................................

...THE DANVILLE VA CLIMATE SUMMARY FOR MAY 30 2016...

CLIMATE NORMAL PERIOD 1981 TO 2010
CLIMATE RECORD PERIOD 1948 TO 2016


WEATHER ITEM   OBSERVED TIME   RECORD YEAR NORMAL DEPARTURE LAST
                VALUE   (LST)  VALUE       VALUE  FROM      YEAR
                                                  NORMAL
..................................................................
TEMPERATURE (F)
 YESTERDAY
  MAXIMUM         85    410 PM  97    1953  80      5       88
  MINIMUM         62    119 AM  48    1958  60      2       61
  AVERAGE         74                        70      4       75

PRECIPITATION (IN)
  YESTERDAY        0.04          1.40 1963   0.14  -0.10     0.00
  MONTH TO DATE    7.57                      3.74   3.83     1.11
  SINCE MAR 1     12.70                     11.31   1.39     6.08
  SINCE JAN 1     19.55                     17.74   1.81     9.87

SNOWFALL (IN)
  YESTERDAY        0.0                                       0.0
  MONTH TO DATE    0.0                                       0.0
  SINCE MAR 1      0.0                                        T
  SINCE JUL 1     11.1                                       9.8
  SNOW DEPTH       0

DEGREE DAYS
 HEATING
  YESTERDAY        0                         1     -1        0
  MONTH TO DATE   79                        68     11       24
  SINCE MAR 1    599                       810   -211      680
  SINCE JUL 1   3061                      3811   -750     3774

 COOLING
  YESTERDAY        9                         6      3       10
  MONTH TO DATE   81                       104    -23      179
  SINCE MAR 1    128                       138    -10      213
  SINCE JAN 1    128                       138    -10      213
..................................................................


WIND (MPH)
  HIGHEST WIND SPEED     9   HIGHEST WIND DIRECTION    NE (40)
  HIGHEST GUST SPEED    20   HIGHEST GUST DIRECTION     S (180)
  AVERAGE WIND SPEED     3.1


SKY COVER
  AVERAGE SKY COVER 0.5


WEATHER CONDITIONS
 THE FOLLOWING WEATHER WAS RECORDED YESTERDAY.
  LIGHT RAIN
  FOG


RELATIVE HUMIDITY (PERCENT)
 HIGHEST   100          1200 AM
 LOWEST     55           400 PM
 AVERAGE    78

..........................................................


THE DANVILLE VA CLIMATE NORMALS FOR TODAY
                         NORMAL    RECORD    YEAR
 MAXIMUM TEMPERATURE (F)   81        97      1953
 MINIMUM TEMPERATURE (F)   61        44      1961


SUNRISE AND SUNSET
MAY 31 2016...........SUNRISE   601 AM EDT   SUNSET   830 PM EDT
JUNE  1 2016..........SUNRISE   600 AM EDT   SUNSET   831 PM EDT


-  INDICATES NEGATIVE NUMBERS.
R  INDICATES RECORD WAS SET OR TIED.
MM INDICATES DATA IS MISSING.
T  INDICATES TRACE AMOUNT.

REMARKS:
DUE TO A SENSOR FAILURE CAUSING MISSING TEMPERATURES ON FEBRUARY
25...THE SEASONAL HEATING DEGREE DAY TOTAL AND DEPARTURE FROM
NORMAL WILL BE CALCULATED WITHOUT DATA FROM THIS DATE.


$$
RCS
