000
CDUS41 KRNK 270632
CLIDAN


CLIMATE REPORT
NATIONAL WEATHER SERVICE BLACKSBURG VA
231 AM EDT WED JUL 27 2016


...................................

...THE DANVILLE VA CLIMATE SUMMARY FOR JULY 26 2016...

CLIMATE NORMAL PERIOD 1981 TO 2010
CLIMATE RECORD PERIOD 1948 TO 2016


WEATHER ITEM   OBSERVED TIME   RECORD YEAR NORMAL DEPARTURE LAST
                VALUE   (LST)  VALUE       VALUE  FROM      YEAR
                                                  NORMAL
..................................................................
TEMPERATURE (F)
 YESTERDAY
  MAXIMUM         97    235 PM  99    2012  88      9       88
                                      1987
  MINIMUM         73   1159 PM  55    1969  69      4       66
  AVERAGE         85                        78      7       77

PRECIPITATION (IN)
  YESTERDAY        0.25          2.89 1996   0.14   0.11     0.00
  MONTH TO DATE    3.09                      3.89  -0.80     5.60
  SINCE JUN 1     10.79                      7.74   3.05    13.72
  SINCE JAN 1     30.34                     25.62   4.72    23.60

SNOWFALL (IN)
  YESTERDAY        0.0                                       0.0
  MONTH TO DATE    0.0                                       0.0
  SINCE JUN 1      0.0                                       0.0
  SINCE JUL 1      0.0                                       0.0
  SNOW DEPTH       0

DEGREE DAYS
 HEATING
  YESTERDAY        0                         0      0        0
  MONTH TO DATE    0                         0      0        0
  SINCE JUN 1      0                         3     -3        5
  SINCE JUL 1      0                         0      0        0

 COOLING
  YESTERDAY       20                        13      7       12
  MONTH TO DATE  365                       338     27      349
  SINCE JUN 1    641                       635      6      727
  SINCE JAN 1    780                       779      1      954
..................................................................


WIND (MPH)
  HIGHEST WIND SPEED    21   HIGHEST WIND DIRECTION    NE (40)
  HIGHEST GUST SPEED    25   HIGHEST GUST DIRECTION    NE (50)
  AVERAGE WIND SPEED     4.3


SKY COVER
  AVERAGE SKY COVER 0.1


WEATHER CONDITIONS
 THE FOLLOWING WEATHER WAS RECORDED YESTERDAY.
  THUNDERSTORM
  HEAVY RAIN
  RAIN
  LIGHT RAIN
  FOG


RELATIVE HUMIDITY (PERCENT)
 HIGHEST    94           100 AM
 LOWEST     46           200 PM
 AVERAGE    70

..........................................................


THE DANVILLE VA CLIMATE NORMALS FOR TODAY
                         NORMAL    RECORD    YEAR
 MAXIMUM TEMPERATURE (F)   88       102      1952
 MINIMUM TEMPERATURE (F)   69        50      1962


SUNRISE AND SUNSET
JULY 27 2016..........SUNRISE   620 AM EDT   SUNSET   827 PM EDT
JULY 28 2016..........SUNRISE   621 AM EDT   SUNSET   826 PM EDT


-  INDICATES NEGATIVE NUMBERS.
R  INDICATES RECORD WAS SET OR TIED.
MM INDICATES DATA IS MISSING.
T  INDICATES TRACE AMOUNT.




$$
