000
CDUS41 KILN 012155
CLIDAY


CLIMATE REPORT
NATIONAL WEATHER SERVICE WILMINGTON OH
455 PM EST SUN FEB 1 2015


...................................

...THE DAYTON OH CLIMATE SUMMARY FOR FEBRUARY 1 2015...
VALID TODAY AS OF 0400 PM LOCAL TIME.

CLIMATE NORMAL PERIOD 1981 TO 2010
CLIMATE RECORD PERIOD 1869 TO 2015


WEATHER ITEM   OBSERVED TIME   RECORD YEAR NORMAL DEPARTURE LAST
                VALUE   (LST)  VALUE       VALUE  FROM      YEAR
                                                  NORMAL
..................................................................
TEMPERATURE (F)
 TODAY
  MAXIMUM         40    331 PM  64    1989  36      4       47
  MINIMUM         33    849 AM  -5    1929  21     12       33
  AVERAGE         37                        28      9       40

PRECIPITATION (IN)
  TODAY            0.20          1.68 1988   0.08   0.12     0.13
  MONTH TO DATE    0.20                      0.08   0.12     0.13
  SINCE DEC 1      5.96                      5.91   0.05     7.55
  SINCE JAN 1      3.17                      2.79   0.38     2.97

SNOWFALL (IN)
  TODAY            0.2           7.2  1966   0.2    0.0       T
  MONTH TO DATE    0.2                       0.2    0.0       T
  SINCE DEC 1      8.0                      12.6   -4.6     33.9
  SINCE JUL 1     12.1                      13.6   -1.5     35.9
  SNOW DEPTH       0

DEGREE DAYS
 HEATING
  TODAY           28                        37     -9       25
  MONTH TO DATE   28                        37     -9       25
  SINCE DEC 1   2134                      2249   -115     2367
  SINCE JUL 1   3350                      3360    -10     3491

 COOLING
  TODAY            0                         0      0        0
  MONTH TO DATE    0                         0      0        0
  SINCE DEC 1      0                         0      0        0
  SINCE JAN 1      0                         0      0        0
..................................................................


WIND (MPH)
  RESULTANT WIND SPEED   9   RESULTANT WIND DIRECTION  SE (130)
  HIGHEST WIND SPEED    20   HIGHEST WIND DIRECTION    SE (150)
  HIGHEST GUST SPEED    27   HIGHEST GUST DIRECTION    SE (140)
  AVERAGE WIND SPEED    10.5


SKY COVER
  POSSIBLE SUNSHINE  MM
  AVERAGE SKY COVER 0.7


WEATHER CONDITIONS
 THE FOLLOWING WEATHER WAS RECORDED TODAY.
  LIGHT RAIN
  LT FREEZING RAIN
  LIGHT SNOW
  SLEET
  FOG


RELATIVE HUMIDITY (PERCENT)
 HIGHEST    96          1000 AM
 LOWEST     64           100 PM
 AVERAGE    80

..........................................................


THE DAYTON OH CLIMATE NORMALS FOR TOMORROW
                         NORMAL    RECORD    YEAR
 MAXIMUM TEMPERATURE (F)   36        65      1903
 MINIMUM TEMPERATURE (F)   21       -16      1951


SUNRISE AND SUNSET
FEBRUARY  1 2015......SUNRISE   745 AM EST   SUNSET   556 PM EST
FEBRUARY  2 2015......SUNRISE   744 AM EST   SUNSET   557 PM EST


-  INDICATES NEGATIVE NUMBERS.
R  INDICATES RECORD WAS SET OR TIED.
MM INDICATES DATA IS MISSING.
T  INDICATES TRACE AMOUNT.




$$
