402
CDUS41 KILN 240553
CLIDAY


CLIMATE REPORT
NATIONAL WEATHER SERVICE WILMINGTON OH
152 AM EDT SAT JUN 24 2017


...................................

...THE DAYTON OH CLIMATE SUMMARY FOR JUNE 23 2017...

CLIMATE NORMAL PERIOD 1981 TO 2010
CLIMATE RECORD PERIOD 1869 TO 2017


WEATHER ITEM   OBSERVED TIME   RECORD YEAR NORMAL DEPARTURE LAST
                VALUE   (LST)  VALUE       VALUE  FROM      YEAR
                                                  NORMAL
..................................................................
TEMPERATURE (F)
 YESTERDAY
  MAXIMUM         75    812 AM  98    1899  82     -7       90
  MINIMUM         61   1159 PM  43    1902  63     -2       68
  AVERAGE         68                        73     -5       79

PRECIPITATION (IN)
  YESTERDAY        2.86R         1.04 1896   0.13   2.73     0.40
  MONTH TO DATE    6.27                      3.22   3.05     2.64
  SINCE JUN 1      6.27                      3.22   3.05     2.64
  SINCE JAN 1     28.12                     20.26   7.86    18.86

SNOWFALL (IN)
  YESTERDAY        0.0                       0.0    0.0      0.0
  MONTH TO DATE    0.0                       0.0    0.0      0.0
  SINCE JUN 1      0.0                       0.0    0.0      0.0
  SINCE JUL 1      8.5                      23.3  -14.8     12.7
  SNOW DEPTH       0

DEGREE DAYS
 HEATING
  YESTERDAY        0                         0      0        0
  MONTH TO DATE   10                        22    -12        4
  SINCE JUN 1     10                        22    -12        4
  SINCE JUL 1   4565                      5642  -1077     4681

 COOLING
  YESTERDAY        3                         8     -5       14
  MONTH TO DATE  161                       131     30      181
  SINCE JUN 1    161                       131     30      181
  SINCE JAN 1    253                       201     52      260
..................................................................


WIND (MPH)
  RESULTANT WIND SPEED   8   RESULTANT WIND DIRECTION  SW (220)
  HIGHEST WIND SPEED    21   HIGHEST WIND DIRECTION    NW (330)
  HIGHEST GUST SPEED    24   HIGHEST GUST DIRECTION    SW (220)
  AVERAGE WIND SPEED     9.7



WEATHER CONDITIONS
 THE FOLLOWING WEATHER WAS RECORDED YESTERDAY.
  THUNDERSTORM
  HEAVY RAIN
  RAIN
  LIGHT RAIN
  FOG


RELATIVE HUMIDITY (PERCENT)
 HIGHEST   100          1200 PM
 LOWEST     84          1200 AM
 AVERAGE    92

..........................................................


THE DAYTON OH CLIMATE NORMALS FOR TODAY
                         NORMAL    RECORD    YEAR
 MAXIMUM TEMPERATURE (F)   83        96      1943
                                             1914
                                             1911
 MINIMUM TEMPERATURE (F)   63        46      1972


SUNRISE AND SUNSET
JUNE 24 2017..........SUNRISE   609 AM EDT   SUNSET   909 PM EDT
JUNE 25 2017..........SUNRISE   610 AM EDT   SUNSET   909 PM EDT


-  INDICATES NEGATIVE NUMBERS.
R  INDICATES RECORD WAS SET OR TIED.
MM INDICATES DATA IS MISSING.
T  INDICATES TRACE AMOUNT.




$$
