000
CDUS41 KILN 150648
CLIDAY


CLIMATE REPORT
NATIONAL WEATHER SERVICE WILMINGTON OH
248 AM EDT MON SEP 15 2014


...................................

...THE DAYTON OH CLIMATE SUMMARY FOR SEPTEMBER 14 2014...

CLIMATE NORMAL PERIOD 1981 TO 2010
CLIMATE RECORD PERIOD 1869 TO 2014


WEATHER ITEM   OBSERVED TIME   RECORD YEAR NORMAL DEPARTURE LAST
                VALUE   (LST)  VALUE       VALUE  FROM      YEAR
                                                  NORMAL
..................................................................
TEMPERATURE (F)
 YESTERDAY
  MAXIMUM         70    502 PM 101    1897  77     -7       72
  MINIMUM         45    550 AM  34    1902  56    -11       41
  AVERAGE         58                        66     -8       57

PRECIPITATION (IN)
  YESTERDAY        0.00          2.60 1981   0.11  -0.11     0.00
  MONTH TO DATE    0.75                      1.58  -0.83     0.37
  SINCE SEP 1      0.75                      1.58  -0.83     0.37
  SINCE JAN 1     28.65                     29.89  -1.24    22.75

SNOWFALL (IN)
  YESTERDAY        0.0                       0.0    0.0      0.0
  MONTH TO DATE    0.0                       0.0    0.0      0.0
  SINCE SEP 1      0.0                       0.0    0.0      0.0
  SINCE JUL 1      0.0                       0.0    0.0      0.0
  SNOW DEPTH       0

DEGREE DAYS
 HEATING
  YESTERDAY        7                         2      5        8
  MONTH TO DATE   18                        18      0       16
  SINCE SEP 1     18                        18      0       16
  SINCE JUL 1     25                        20      5       28

 COOLING
  YESTERDAY        0                         3     -3        0
  MONTH TO DATE   80                        65     15      113
  SINCE SEP 1     80                        65     15      113
  SINCE JAN 1    950                       847    103     1000
..................................................................


WIND (MPH)
  RESULTANT WIND SPEED   2   RESULTANT WIND DIRECTION   E (90)
  HIGHEST WIND SPEED    14   HIGHEST WIND DIRECTION     E (100)
  HIGHEST GUST SPEED    16   HIGHEST GUST DIRECTION     E (100)
  AVERAGE WIND SPEED     4.2



WEATHER CONDITIONS
 THE FOLLOWING WEATHER WAS RECORDED YESTERDAY.
  NO SIGNIFICANT WEATHER WAS OBSERVED.


RELATIVE HUMIDITY (PERCENT)
 HIGHEST    86          1200 AM
 LOWEST     42           400 PM
 AVERAGE    64

..........................................................


THE DAYTON OH CLIMATE NORMALS FOR TODAY
                         NORMAL    RECORD    YEAR
 MAXIMUM TEMPERATURE (F)   76        99      1897
 MINIMUM TEMPERATURE (F)   55        35      1902


SUNRISE AND SUNSET
SEPTEMBER 15 2014.....SUNRISE   718 AM EDT   SUNSET   745 PM EDT
SEPTEMBER 16 2014.....SUNRISE   719 AM EDT   SUNSET   744 PM EDT


-  INDICATES NEGATIVE NUMBERS.
R  INDICATES RECORD WAS SET OR TIED.
MM INDICATES DATA IS MISSING.
T  INDICATES TRACE AMOUNT.




$$
