000
CDUS41 KILN 172216
CLIDAY


CLIMATE REPORT
NATIONAL WEATHER SERVICE WILMINGTON OH
506 PM EST WED JAN 17 2018


...................................

...THE DAYTON OH CLIMATE SUMMARY FOR JANUARY 17 2018...
VALID TODAY AS OF 0500 PM LOCAL TIME.

CLIMATE NORMAL PERIOD 1981 TO 2010
CLIMATE RECORD PERIOD 1869 TO 2018


WEATHER ITEM   OBSERVED TIME   RECORD YEAR NORMAL DEPARTURE LAST
                VALUE   (LST)  VALUE       VALUE  FROM      YEAR
                                                  NORMAL
..................................................................
TEMPERATURE (F)
 TODAY
  MAXIMUM         17    415 PM  63    1952  35    -18       57
  MINIMUM          6   1247 AM -21    1977  20    -14       42
  AVERAGE         12                        27    -15       50

PRECIPITATION (IN)
  TODAY            T             1.17 1932   0.09  -0.09     0.24
  MONTH TO DATE    1.53                      1.58  -0.05     2.47
  SINCE DEC 1      3.07                      4.70  -1.63     5.46
  SINCE JAN 1      1.53                      1.58  -0.05     2.47

SNOWFALL (IN)
  TODAY            T             4.9  1978   0.3   -0.3      0.0
  MONTH TO DATE    5.8                       4.3    1.5      1.2
  SINCE DEC 1     14.4                       8.8    5.6      5.3
  SINCE JUL 1     14.4                       9.8    4.6      5.3
  SNOW DEPTH       4

DEGREE DAYS
 HEATING
  TODAY           53                        38     15       15
  MONTH TO DATE  795                       640    155      575
  SINCE DEC 1   1908                      1688    220     1643
  SINCE JUL 1   2915                      2799    116     2416

 COOLING
  TODAY            0                         0      0        0
  MONTH TO DATE    0                         0      0        0
  SINCE DEC 1      0                         0      0        0
  SINCE JAN 1      0                         0      0        0
..................................................................


WIND (MPH)
  RESULTANT WIND SPEED   7   RESULTANT WIND DIRECTION  SW (240)
  HIGHEST WIND SPEED    12   HIGHEST WIND DIRECTION     W (250)
  HIGHEST GUST SPEED    14   HIGHEST GUST DIRECTION     W (250)
  AVERAGE WIND SPEED     7.5


SKY COVER
  POSSIBLE SUNSHINE  MM
  AVERAGE SKY COVER 0.8


WEATHER CONDITIONS
 THE FOLLOWING WEATHER WAS RECORDED TODAY.
  LIGHT SNOW
  FOG


RELATIVE HUMIDITY (PERCENT)
 HIGHEST    91           700 AM
 LOWEST     73           200 PM
 AVERAGE    82

..........................................................


THE DAYTON OH CLIMATE NORMALS FOR TOMORROW
                         NORMAL    RECORD    YEAR
 MAXIMUM TEMPERATURE (F)   35        67      1929
 MINIMUM TEMPERATURE (F)   20       -25      1994


SUNRISE AND SUNSET
JANUARY 17 2018.......SUNRISE   756 AM EST   SUNSET   539 PM EST
JANUARY 18 2018.......SUNRISE   755 AM EST   SUNSET   540 PM EST


-  INDICATES NEGATIVE NUMBERS.
R  INDICATES RECORD WAS SET OR TIED.
MM INDICATES DATA IS MISSING.
T  INDICATES TRACE AMOUNT.




$$
