000
CDUS41 KILN 260543
CLIDAY


CLIMATE REPORT
NATIONAL WEATHER SERVICE WILMINGTON OH
142 AM EDT FRI AUG 26 2016


...................................

...THE DAYTON OH CLIMATE SUMMARY FOR AUGUST 25 2016...

CLIMATE NORMAL PERIOD 1981 TO 2010
CLIMATE RECORD PERIOD 1869 TO 2016


WEATHER ITEM   OBSERVED TIME   RECORD YEAR NORMAL DEPARTURE LAST
                VALUE   (LST)  VALUE       VALUE  FROM      YEAR
                                                  NORMAL
..................................................................
TEMPERATURE (F)
 YESTERDAY
  MAXIMUM         89    348 PM  99    1903  82      7       67
  MINIMUM         71   1258 AM  49    1984  62      9       51
                                      1942
                                      1927
  AVERAGE         80                        72      8       59

PRECIPITATION (IN)
  YESTERDAY        T             1.51 1993   0.09  -0.09     0.00
  MONTH TO DATE    2.95                      2.37   0.58     1.75
  SINCE JUN 1      9.52                     10.65  -1.13    14.23
  SINCE JAN 1     25.74                     27.69  -1.95    29.55

SNOWFALL (IN)
  YESTERDAY        0.0           0.0         0.0    0.0      0.0
  MONTH TO DATE    0.0                       0.0    0.0      0.0
  SINCE JUN 1      0.0                       0.0    0.0      0.0
  SINCE JUL 1      0.0                       0.0    0.0      0.0
  SNOW DEPTH       0

DEGREE DAYS
 HEATING
  YESTERDAY        0                         0      0        6
  MONTH TO DATE    0                         0      0        6
  SINCE JUN 1      7                        22    -15       26
  SINCE JUL 1      3                         0      3        6

 COOLING
  YESTERDAY       15                         7      8        0
  MONTH TO DATE  291                       203     88      157
  SINCE JUN 1    868                       672    196      690
  SINCE JAN 1    947                       742    205      865
..................................................................


WIND (MPH)
  RESULTANT WIND SPEED   9   RESULTANT WIND DIRECTION  SW (230)
  HIGHEST WIND SPEED    18   HIGHEST WIND DIRECTION    SW (230)
  HIGHEST GUST SPEED    23   HIGHEST GUST DIRECTION    SW (240)
  AVERAGE WIND SPEED     9.1



WEATHER CONDITIONS
 THE FOLLOWING WEATHER WAS RECORDED YESTERDAY.
  THUNDERSTORM
  LIGHT RAIN
  FOG


RELATIVE HUMIDITY (PERCENT)
 HIGHEST   100           600 AM
 LOWEST     59           300 PM
 AVERAGE    80

..........................................................


THE DAYTON OH CLIMATE NORMALS FOR TODAY
                         NORMAL    RECORD    YEAR
 MAXIMUM TEMPERATURE (F)   82        96      1948
 MINIMUM TEMPERATURE (F)   62        48      1963


SUNRISE AND SUNSET
AUGUST 26 2016........SUNRISE   659 AM EDT   SUNSET   817 PM EDT
AUGUST 27 2016........SUNRISE   700 AM EDT   SUNSET   815 PM EDT


-  INDICATES NEGATIVE NUMBERS.
R  INDICATES RECORD WAS SET OR TIED.
MM INDICATES DATA IS MISSING.
T  INDICATES TRACE AMOUNT.




$$
