000
CDUS41 KILN 300545
CLIDAY


CLIMATE REPORT
NATIONAL WEATHER SERVICE WILMINGTON OH
144 AM EDT SAT APR 30 2016


...................................

...THE DAYTON OH CLIMATE SUMMARY FOR APRIL 29 2016...

CLIMATE NORMAL PERIOD 1981 TO 2010
CLIMATE RECORD PERIOD 1869 TO 2016


WEATHER ITEM   OBSERVED TIME   RECORD YEAR NORMAL DEPARTURE LAST
                VALUE   (LST)  VALUE       VALUE  FROM      YEAR
                                                  NORMAL
..................................................................
TEMPERATURE (F)
 YESTERDAY
  MAXIMUM         60    414 PM  87    1899  67     -7       68
  MINIMUM         48    800 AM  30    1977  46      2       41
  AVERAGE         54                        56     -2       55

PRECIPITATION (IN)
  YESTERDAY        0.00          2.53 1996   0.14  -0.14     0.00
  MONTH TO DATE    2.38                      3.95  -1.57     5.26
  SINCE MAR 1      7.88                      7.29   0.59     9.17
  SINCE JAN 1     12.70                     12.24   0.46    13.53

SNOWFALL (IN)
  YESTERDAY        0.0           0.0    MM   0.0    0.0      0.0
  MONTH TO DATE    0.7                       0.6    0.1      0.0
  SINCE MAR 1      2.1                       4.0   -1.9      5.7
  SINCE JUL 1     12.7                      23.3  -10.6     27.7
  SNOW DEPTH       0

DEGREE DAYS
 HEATING
  YESTERDAY       11                         9      2       10
  MONTH TO DATE  399                       403     -4      314
  SINCE MAR 1    936                      1167   -231     1121
  SINCE JUL 1   4477                      5442   -965     5684

 COOLING
  YESTERDAY        0                         1     -1        0
  MONTH TO DATE    4                         9     -5        4
  SINCE MAR 1      4                         9     -5        4
  SINCE JAN 1      4                         9     -5        4
..................................................................


WIND (MPH)
  RESULTANT WIND SPEED   6   RESULTANT WIND DIRECTION   N (0)
  HIGHEST WIND SPEED    17   HIGHEST WIND DIRECTION     N (340)
  HIGHEST GUST SPEED    23   HIGHEST GUST DIRECTION     N (340)
  AVERAGE WIND SPEED     8.1



WEATHER CONDITIONS
 THE FOLLOWING WEATHER WAS RECORDED YESTERDAY.
  FOG
  HAZE


RELATIVE HUMIDITY (PERCENT)
 HIGHEST   100           500 AM
 LOWEST     64           400 PM
 AVERAGE    82

..........................................................


THE DAYTON OH CLIMATE NORMALS FOR TODAY
                         NORMAL    RECORD    YEAR
 MAXIMUM TEMPERATURE (F)   67        90      1899
 MINIMUM TEMPERATURE (F)   46        33      1963
                                             1908


SUNRISE AND SUNSET
APRIL 30 2016.........SUNRISE   638 AM EDT   SUNSET   831 PM EDT
MAY  1 2016...........SUNRISE   636 AM EDT   SUNSET   832 PM EDT


-  INDICATES NEGATIVE NUMBERS.
R  INDICATES RECORD WAS SET OR TIED.
MM INDICATES DATA IS MISSING.
T  INDICATES TRACE AMOUNT.




$$
