000
CDUS41 KILN 310629
CLIDAY


CLIMATE REPORT
NATIONAL WEATHER SERVICE WILMINGTON OH
229 AM EDT MON AUG 31 2015


...................................

...THE DAYTON OH CLIMATE SUMMARY FOR AUGUST 30 2015...

CLIMATE NORMAL PERIOD 1981 TO 2010
CLIMATE RECORD PERIOD 1869 TO 2015


WEATHER ITEM   OBSERVED TIME   RECORD YEAR NORMAL DEPARTURE LAST
                VALUE   (LST)  VALUE       VALUE  FROM      YEAR
                                                  NORMAL
..................................................................
TEMPERATURE (F)
 YESTERDAY
  MAXIMUM         86    249 PM  96    1953  81      5       86
                                      1898
  MINIMUM         67    628 AM  43    1986  61      6       71
                                      1976
  AVERAGE         77                        71      6       79

PRECIPITATION (IN)
  YESTERDAY        0.11          2.29 2005   0.10   0.01      T
  MONTH TO DATE    1.86                      2.88  -1.02     2.81
  SINCE JUN 1     14.34                     11.16   3.18     9.57
  SINCE JAN 1     29.66                     28.20   1.46    27.65

SNOWFALL (IN)
  YESTERDAY        0.0                       0.0    0.0      0.0
  MONTH TO DATE    0.0                       0.0    0.0      0.0
  SINCE JUN 1      0.0                       0.0    0.0      0.0
  SINCE JUL 1      0.0                       0.0    0.0      0.0
  SNOW DEPTH       0

DEGREE DAYS
 HEATING
  YESTERDAY        0                         1     -1        0
  MONTH TO DATE    9                         1      8        3
  SINCE JUN 1     29                        23      6        9
  SINCE JUL 1      9                         1      8        7

 COOLING
  YESTERDAY       12                         6      6       14
  MONTH TO DATE  183                       237    -54      274
  SINCE JUN 1    716                       706     10      729
  SINCE JAN 1    891                       776    115      858
..................................................................


WIND (MPH)
  RESULTANT WIND SPEED   8   RESULTANT WIND DIRECTION  SW (210)
  HIGHEST WIND SPEED    20   HIGHEST WIND DIRECTION     S (180)
  HIGHEST GUST SPEED    24   HIGHEST GUST DIRECTION     S (180)
  AVERAGE WIND SPEED     8.3



WEATHER CONDITIONS
 THE FOLLOWING WEATHER WAS RECORDED YESTERDAY.
  THUNDERSTORM
  LIGHT RAIN


RELATIVE HUMIDITY (PERCENT)
 HIGHEST    97           800 AM
 LOWEST     55           300 PM
 AVERAGE    76

..........................................................


THE DAYTON OH CLIMATE NORMALS FOR TODAY
                         NORMAL    RECORD    YEAR
 MAXIMUM TEMPERATURE (F)   81       100      1951
 MINIMUM TEMPERATURE (F)   60        42      1915


SUNRISE AND SUNSET
AUGUST 31 2015........SUNRISE   703 AM EDT   SUNSET   810 PM EDT
SEPTEMBER  1 2015.....SUNRISE   704 AM EDT   SUNSET   809 PM EDT


-  INDICATES NEGATIVE NUMBERS.
R  INDICATES RECORD WAS SET OR TIED.
MM INDICATES DATA IS MISSING.
T  INDICATES TRACE AMOUNT.




$$
