000
CDUS41 KILN 230546
CLIDAY


CLIMATE REPORT
NATIONAL WEATHER SERVICE WILMINGTON OH
137 AM EDT MON OCT 23 2017


...................................

...THE DAYTON OH CLIMATE SUMMARY FOR OCTOBER 22 2017...

CLIMATE NORMAL PERIOD 1981 TO 2010
CLIMATE RECORD PERIOD 1869 TO 2017


WEATHER ITEM   OBSERVED TIME   RECORD YEAR NORMAL DEPARTURE LAST
                VALUE   (LST)  VALUE       VALUE  FROM      YEAR
                                                  NORMAL
..................................................................
TEMPERATURE (F)
 YESTERDAY
  MAXIMUM         75    336 PM  82    1920  62     13       56
  MINIMUM         51    546 AM  26    1976  42      9       43
                                      1930
  AVERAGE         63                        52     11       50

PRECIPITATION (IN)
  YESTERDAY        0.00          1.26 1912   0.09  -0.09     0.00
  MONTH TO DATE    2.52                      2.09   0.43     1.85
  SINCE SEP 1      4.68                      5.39  -0.71     5.13
  SINCE JAN 1     41.79                     33.70   8.09    31.66

SNOWFALL (IN)
  YESTERDAY        0.0                       0.0    0.0      0.0
  MONTH TO DATE    0.0                       0.1   -0.1      0.0
  SINCE SEP 1      0.0                       0.1   -0.1      0.0
  SINCE JUL 1      0.0                       0.1   -0.1      0.0
  SNOW DEPTH       0

DEGREE DAYS
 HEATING
  YESTERDAY        2                        13    -11       15
  MONTH TO DATE   75                       224   -149      112
  SINCE SEP 1    148                       312   -164      142
  SINCE JUL 1    153                       314   -161      145

 COOLING
  YESTERDAY        0                         0      0        0
  MONTH TO DATE   28                        10     18       38
  SINCE SEP 1    150                       109     41      213
  SINCE JAN 1    899                       891      8     1241
..................................................................


WIND (MPH)
  RESULTANT WIND SPEED  10   RESULTANT WIND DIRECTION   S (170)
  HIGHEST WIND SPEED    23   HIGHEST WIND DIRECTION     S (190)
  HIGHEST GUST SPEED    30   HIGHEST GUST DIRECTION     S (190)
  AVERAGE WIND SPEED    11.1



WEATHER CONDITIONS
 THE FOLLOWING WEATHER WAS RECORDED YESTERDAY.
  NO SIGNIFICANT WEATHER WAS OBSERVED.


RELATIVE HUMIDITY (PERCENT)
 HIGHEST    96           600 AM
 LOWEST     47           500 PM
 AVERAGE    72

..........................................................


THE DAYTON OH CLIMATE NORMALS FOR TODAY
                         NORMAL    RECORD    YEAR
 MAXIMUM TEMPERATURE (F)   61        83      1947
 MINIMUM TEMPERATURE (F)   42        25      1982


SUNRISE AND SUNSET
OCTOBER 23 2017.......SUNRISE   756 AM EDT   SUNSET   646 PM EDT
OCTOBER 24 2017.......SUNRISE   757 AM EDT   SUNSET   644 PM EDT


-  INDICATES NEGATIVE NUMBERS.
R  INDICATES RECORD WAS SET OR TIED.
MM INDICATES DATA IS MISSING.
T  INDICATES TRACE AMOUNT.




$$
