000
CDUS41 KILN 290556
CLIDAY


CLIMATE REPORT
NATIONAL WEATHER SERVICE WILMINGTON OH
156 AM EDT SUN MAR 29 2015


...................................

...THE DAYTON OH CLIMATE SUMMARY FOR MARCH 28 2015...

CLIMATE NORMAL PERIOD 1981 TO 2010
CLIMATE RECORD PERIOD 1869 TO 2015


WEATHER ITEM   OBSERVED TIME   RECORD YEAR NORMAL DEPARTURE LAST
                VALUE   (LST)  VALUE       VALUE  FROM      YEAR
                                                  NORMAL
..................................................................
TEMPERATURE (F)
 YESTERDAY
  MAXIMUM         35    513 PM  85    1910  55    -20       56
  MINIMUM         18    559 AM  16    1955  35    -17       37
  AVERAGE         27                        45    -18       47

PRECIPITATION (IN)
  YESTERDAY        0.00          1.50 1924   0.13  -0.13     0.03
  MONTH TO DATE    3.79                      2.96   0.83     1.33
  SINCE MAR 1      3.79                      2.96   0.83     1.33
  SINCE JAN 1      8.15                      7.91   0.24     6.31

SNOWFALL (IN)
  YESTERDAY        0.0           1.0  1899   0.0    0.0      0.0
  MONTH TO DATE    5.7                       3.2    2.5      5.8
  SINCE MAR 1      5.7                       3.2    2.5      5.8
  SINCE JUL 1     27.7                      22.5    5.2     51.2
  SNOW DEPTH       0

DEGREE DAYS
 HEATING
  YESTERDAY       38                        20     18       18
  MONTH TO DATE  744                       706     38      809
  SINCE MAR 1    744                       706     38      809
  SINCE JUL 1   5307                      4981    326     5408

 COOLING
  YESTERDAY        0                         0      0        0
  MONTH TO DATE    0                         0      0        0
  SINCE MAR 1      0                         0      0        0
  SINCE JAN 1      0                         0      0        0
..................................................................


WIND (MPH)
  RESULTANT WIND SPEED   6   RESULTANT WIND DIRECTION   N (360)
  HIGHEST WIND SPEED    16   HIGHEST WIND DIRECTION     N (20)
  HIGHEST GUST SPEED    23   HIGHEST GUST DIRECTION     N (20)
  AVERAGE WIND SPEED     6.6



WEATHER CONDITIONS
 THE FOLLOWING WEATHER WAS RECORDED YESTERDAY.
  NO SIGNIFICANT WEATHER WAS OBSERVED.


RELATIVE HUMIDITY (PERCENT)
 HIGHEST    84           700 AM
 LOWEST     41           300 PM
 AVERAGE    63

..........................................................


THE DAYTON OH CLIMATE NORMALS FOR TODAY
                         NORMAL    RECORD    YEAR
 MAXIMUM TEMPERATURE (F)   55        82      1910
 MINIMUM TEMPERATURE (F)   35        18      1923


SUNRISE AND SUNSET
MARCH 29 2015.........SUNRISE   726 AM EDT   SUNSET   758 PM EDT
MARCH 30 2015.........SUNRISE   724 AM EDT   SUNSET   759 PM EDT


-  INDICATES NEGATIVE NUMBERS.
R  INDICATES RECORD WAS SET OR TIED.
MM INDICATES DATA IS MISSING.
T  INDICATES TRACE AMOUNT.




$$
