000
CDUS41 KILN 192051
CLIDAY


CLIMATE REPORT
NATIONAL WEATHER SERVICE WILMINGTON OH
450 PM EDT SUN OCT 19 2014


...................................

...THE DAYTON OH CLIMATE SUMMARY FOR OCTOBER 19 2014...
VALID TODAY AS OF 0400 PM LOCAL TIME.

CLIMATE NORMAL PERIOD 1981 TO 2010
CLIMATE RECORD PERIOD 1869 TO 2014


WEATHER ITEM   OBSERVED TIME   RECORD YEAR NORMAL DEPARTURE LAST
                VALUE   (LST)  VALUE       VALUE  FROM      YEAR
                                                  NORMAL
..................................................................
TEMPERATURE (F)
 TODAY
  MAXIMUM         57    328 PM  84    1953  63     -6       51
                                      1910
  MINIMUM         37    639 AM  23    1992  43     -6       41
  AVERAGE         47                        53     -6       46

PRECIPITATION (IN)
  TODAY            0.00          1.92 2011   0.09  -0.09     0.22
  MONTH TO DATE    1.86                      1.83   0.03     3.92
  SINCE SEP 1      2.74                      5.13  -2.39     6.15
  SINCE JAN 1     30.64                     33.44  -2.80    28.53

SNOWFALL (IN)
  TODAY            0.0           4.8  1989   0.1   -0.1      0.0
  MONTH TO DATE    0.0                       0.1   -0.1      0.0
  SINCE SEP 1      0.0                       0.1   -0.1      0.0
  SINCE JUL 1      0.0                       0.1   -0.1      0.0
  SNOW DEPTH       0

DEGREE DAYS
 HEATING
  TODAY           18                        12      6       19
  MONTH TO DATE  176                       185     -9      102
  SINCE SEP 1    250                       273    -23      157
  SINCE JUL 1    257                       275    -18      169

 COOLING
  TODAY            0                         0      0        0
  MONTH TO DATE    9                        10     -1       35
  SINCE SEP 1    107                       109     -2      175
  SINCE JAN 1    977                       891     86     1062
..................................................................


WIND (MPH)
  RESULTANT WIND SPEED   6   RESULTANT WIND DIRECTION  NW (300)
  HIGHEST WIND SPEED    13   HIGHEST WIND DIRECTION    NW (330)
  HIGHEST GUST SPEED    16   HIGHEST GUST DIRECTION    NW (330)
  AVERAGE WIND SPEED     7.7


SKY COVER
  POSSIBLE SUNSHINE  MM
  AVERAGE SKY COVER 0.8


WEATHER CONDITIONS
 THE FOLLOWING WEATHER WAS RECORDED TODAY.
  NO SIGNIFICANT WEATHER WAS OBSERVED.


RELATIVE HUMIDITY (PERCENT)
 HIGHEST    92           200 AM
 LOWEST     47           200 PM
 AVERAGE    70

..........................................................


THE DAYTON OH CLIMATE NORMALS FOR TOMORROW
                         NORMAL    RECORD    YEAR
 MAXIMUM TEMPERATURE (F)   62        84      1953
 MINIMUM TEMPERATURE (F)   43        24      1952


SUNRISE AND SUNSET
OCTOBER 19 2014.......SUNRISE   751 AM EDT   SUNSET   652 PM EDT
OCTOBER 20 2014.......SUNRISE   752 AM EDT   SUNSET   650 PM EDT


-  INDICATES NEGATIVE NUMBERS.
R  INDICATES RECORD WAS SET OR TIED.
MM INDICATES DATA IS MISSING.
T  INDICATES TRACE AMOUNT.




$$
