000
CDUS43 KDVN 280931
CLIDBQ


CLIMATE REPORT
NATIONAL WEATHER SERVICE QUAD CITIES IA IL
429 AM CDT FRI APR 28 2017


...................................

...THE DUBUQUE IA CLIMATE SUMMARY FOR APRIL 27 2017...

CLIMATE NORMAL PERIOD 1981 TO 2010
CLIMATE RECORD PERIOD 1873 TO 2017


WEATHER ITEM   OBSERVED TIME   RECORD YEAR NORMAL DEPARTURE LAST
                VALUE   (LST)  VALUE       VALUE  FROM      YEAR
                                                  NORMAL
..................................................................
TEMPERATURE (F)
 YESTERDAY
  MAXIMUM         41    159 PM  82    1981  63    -22       47
                                      1977
                                      1962
  MINIMUM         32   1159 PM  28    1958  42    -10       42
  AVERAGE         37                        52    -15       45

PRECIPITATION (IN)
  YESTERDAY        0.45          2.38 1942   0.13   0.32     0.10
  MONTH TO DATE    4.38                      3.25   1.13     1.72
  SINCE MAR 1      6.51                      5.66   0.85     4.74
  SINCE JAN 1     10.32                      8.27   2.05     5.82

SNOWFALL (IN)
  YESTERDAY        T            MM      MM   0.0    0.0      0.0
  MONTH TO DATE    T                         1.9   -1.9      0.5
  SINCE MAR 1      4.5                       8.2   -3.7      3.3
  SINCE JUL 1     27.1                      41.8  -14.7     34.8
  SNOW DEPTH       0

DEGREE DAYS
 HEATING
  YESTERDAY       28                        13     15       20
  MONTH TO DATE  355                       474   -119      454
  SINCE MAR 1   1244                      1392   -148     1199
  SINCE JUL 1   5725                      6785  -1060     5676

 COOLING
  YESTERDAY        0                         0      0        0
  MONTH TO DATE    5                         0      5        3
  SINCE MAR 1      5                         0      5        3
  SINCE JAN 1      5                         0      5        3
..................................................................


WIND (MPH)
  HIGHEST WIND SPEED    24   HIGHEST WIND DIRECTION     W (250)
  HIGHEST GUST SPEED    32   HIGHEST GUST DIRECTION     W (250)
  AVERAGE WIND SPEED    13.4


SKY COVER
  POSSIBLE SUNSHINE  MM
  AVERAGE SKY COVER 0.8


WEATHER CONDITIONS
 THE FOLLOWING WEATHER WAS RECORDED YESTERDAY.
  RAIN
  LIGHT RAIN
  LIGHT SNOW
  FOG


RELATIVE HUMIDITY (PERCENT)
 HIGHEST    92           100 AM
 LOWEST     70           300 PM
 AVERAGE    81

..........................................................


THE DUBUQUE IA CLIMATE NORMALS FOR TODAY
                         NORMAL    RECORD    YEAR
 MAXIMUM TEMPERATURE (F)   63        87      1915
 MINIMUM TEMPERATURE (F)   42        30      2008


SUNRISE AND SUNSET
APRIL 28 2017.........SUNRISE   602 AM CDT   SUNSET   759 PM CDT
APRIL 29 2017.........SUNRISE   600 AM CDT   SUNSET   801 PM CDT


-  INDICATES NEGATIVE NUMBERS.
R  INDICATES RECORD WAS SET OR TIED.
MM INDICATES DATA IS MISSING.
T  INDICATES TRACE AMOUNT.




$$
