000
CDUS43 KDVN 032225
CLIDBQ


CLIMATE REPORT
NATIONAL WEATHER SERVICE QUAD CITIES IA IL
425 PM CST SAT DEC 3 2016


...................................

...THE DUBUQUE IA CLIMATE SUMMARY FOR DECEMBER 3 2016...
VALID TODAY AS OF 0400 PM LOCAL TIME.

CLIMATE NORMAL PERIOD 1981 TO 2010
CLIMATE RECORD PERIOD 1873 TO 2016


WEATHER ITEM   OBSERVED TIME   RECORD YEAR NORMAL DEPARTURE LAST
                VALUE   (LST)  VALUE       VALUE  FROM      YEAR
                                                  NORMAL
..................................................................
TEMPERATURE (F)
 TODAY
  MAXIMUM         35    359 PM  64    2012  35      0       35
                                      1970
                                      1951
  MINIMUM         29    804 AM -15    1985  20      9       27
  AVERAGE         32                        27      5       31

PRECIPITATION (IN)
  TODAY            0.00          1.35 1990   0.08  -0.08     0.00
  MONTH TO DATE    0.01                      0.23  -0.22     0.04
  SINCE DEC 1      0.01                      0.23  -0.22     0.04
  SINCE JAN 1     39.44                     34.68   4.76    35.03

SNOWFALL (IN)
  TODAY            0.0          MM      MM   0.3   -0.3      0.0
  MONTH TO DATE    T                         1.0   -1.0      0.9
  SINCE DEC 1      T                         1.0   -1.0      0.9
  SINCE JUL 1      T                         3.8   -3.8     12.7
  SNOW DEPTH       0

DEGREE DAYS
 HEATING
  TODAY           33                        38     -5       34
  MONTH TO DATE   94                       112    -18      100
  SINCE DEC 1     94                       112    -18      100
  SINCE JUL 1   1086                      1612   -526     1307

 COOLING
  TODAY            0                         0      0        0
  MONTH TO DATE    0                         0      0        0
  SINCE DEC 1      0                         0      0        0
  SINCE JAN 1    781                       643    138      637
..................................................................


WIND (MPH)
  HIGHEST WIND SPEED    15   HIGHEST WIND DIRECTION    NW (300)
  HIGHEST GUST SPEED    19   HIGHEST GUST DIRECTION    NW (300)
  AVERAGE WIND SPEED     6.4


SKY COVER
  POSSIBLE SUNSHINE  MM
  AVERAGE SKY COVER 1.0


WEATHER CONDITIONS
 THE FOLLOWING WEATHER WAS RECORDED TODAY.
  NO SIGNIFICANT WEATHER WAS OBSERVED.


RELATIVE HUMIDITY (PERCENT)
 HIGHEST    78           500 AM
 LOWEST     69          1200 PM
 AVERAGE    74

..........................................................


THE DUBUQUE IA CLIMATE NORMALS FOR TOMORROW
                         NORMAL    RECORD    YEAR
 MAXIMUM TEMPERATURE (F)   34        67      1998
 MINIMUM TEMPERATURE (F)   19        -6      1991


SUNRISE AND SUNSET
DECEMBER  3 2016......SUNRISE   715 AM CST   SUNSET   430 PM CST
DECEMBER  4 2016......SUNRISE   716 AM CST   SUNSET   430 PM CST


-  INDICATES NEGATIVE NUMBERS.
R  INDICATES RECORD WAS SET OR TIED.
MM INDICATES DATA IS MISSING.
T  INDICATES TRACE AMOUNT.




$$
