000
CDUS43 KDVN 220908
CLIDBQ


CLIMATE REPORT
NATIONAL WEATHER SERVICE QUAD CITIES IA IL
408 AM CDT FRI MAY 22 2015


...................................

...THE DUBUQUE IA CLIMATE SUMMARY FOR MAY 21 2015...

CLIMATE NORMAL PERIOD 1981 TO 2010
CLIMATE RECORD PERIOD 1873 TO 2015


WEATHER ITEM   OBSERVED TIME   RECORD YEAR NORMAL DEPARTURE LAST
                VALUE   (LST)  VALUE       VALUE  FROM      YEAR
                                                  NORMAL
..................................................................
TEMPERATURE (F)
 YESTERDAY
  MAXIMUM         70    429 PM  91    1934  71     -1       80
  MINIMUM         39    448 AM  32    1883  50    -11       55
  AVERAGE         55                        60     -5       68

PRECIPITATION (IN)
  YESTERDAY        0.00          2.05 1974   0.14  -0.14     0.00
  MONTH TO DATE    3.08                      2.81   0.27     2.22
  SINCE MAR 1      5.78                      8.88  -3.10     9.35
  SINCE JAN 1      8.07                     11.49  -3.42    11.83

SNOWFALL (IN)
  YESTERDAY        0.0          MM      MM   0.0    0.0      0.0
  MONTH TO DATE    0.0                       0.1   -0.1       T
  SINCE MAR 1      4.1                       8.4   -4.3     11.6
  SINCE JUL 1     33.7                      42.0   -8.3     63.3
  SNOW DEPTH       0

DEGREE DAYS
 HEATING
  YESTERDAY       10                         6      4        0
  MONTH TO DATE  154                       178    -24      214
  SINCE MAR 1   1509                      1606    -97     1938
  SINCE JUL 1   7357                      6999    358     8314

 COOLING
  YESTERDAY        0                         1     -1        3
  MONTH TO DATE   19                        13      6       18
  SINCE MAR 1     19                        18      1       18
  SINCE JAN 1     19                        18      1       18
..................................................................


WIND (MPH)
  HIGHEST WIND SPEED    20   HIGHEST WIND DIRECTION     W (280)
  HIGHEST GUST SPEED    32   HIGHEST GUST DIRECTION     W (290)
  AVERAGE WIND SPEED    10.5


SKY COVER
  POSSIBLE SUNSHINE  MM
  AVERAGE SKY COVER 0.1


WEATHER CONDITIONS
 THE FOLLOWING WEATHER WAS RECORDED YESTERDAY.
  NO SIGNIFICANT WEATHER WAS OBSERVED.


RELATIVE HUMIDITY (PERCENT)
 HIGHEST    92           200 AM
 LOWEST     39           500 PM
 AVERAGE    66

..........................................................


THE DUBUQUE IA CLIMATE NORMALS FOR TODAY
                         NORMAL    RECORD    YEAR
 MAXIMUM TEMPERATURE (F)   71        94      1925
 MINIMUM TEMPERATURE (F)   50        33      1882


SUNRISE AND SUNSET
MAY 22 2015...........SUNRISE   535 AM CDT   SUNSET   824 PM CDT
MAY 23 2015...........SUNRISE   534 AM CDT   SUNSET   825 PM CDT


-  INDICATES NEGATIVE NUMBERS.
R  INDICATES RECORD WAS SET OR TIED.
MM INDICATES DATA IS MISSING.
T  INDICATES TRACE AMOUNT.




$$
