084
CDUS43 KDVN 241023
CLIDBQ


CLIMATE REPORT
NATIONAL WEATHER SERVICE QUAD CITIES IA IL
420 AM CST TUE JAN 24 2017


...................................

...THE DUBUQUE IA CLIMATE SUMMARY FOR JANUARY 23 2017...

CLIMATE NORMAL PERIOD 1981 TO 2010
CLIMATE RECORD PERIOD 1873 TO 2017


WEATHER ITEM   OBSERVED TIME   RECORD YEAR NORMAL DEPARTURE LAST
                VALUE   (LST)  VALUE       VALUE  FROM      YEAR
                                                  NORMAL
..................................................................
TEMPERATURE (F)
 YESTERDAY
  MAXIMUM         38   1215 PM  55    1909  27     11       MM
  MINIMUM         32   1159 PM -25    1936  11     21        8
  AVERAGE         35                        19     16       MM

PRECIPITATION (IN)
  YESTERDAY        0.00          1.14 1887   0.03  -0.03     0.00
  MONTH TO DATE    1.59                      0.85   0.74     0.30
  SINCE DEC 1      3.13                      2.69   0.44     4.49
  SINCE JAN 1      1.59                      0.85   0.74     0.30

SNOWFALL (IN)
  YESTERDAY        0.0          MM      MM   0.3   -0.3      0.0
  MONTH TO DATE    0.2                       7.3   -7.1      2.1
  SINCE DEC 1     17.6                      19.1   -1.5     10.5
  SINCE JUL 1     17.6                      21.9   -4.3     22.3
  SNOW DEPTH       T

DEGREE DAYS
 HEATING
  YESTERDAY       30                        46    -16       MM
  MONTH TO DATE  965                      1058    -93     1058
  SINCE DEC 1   2320                      2368    -48     2004
  SINCE JUL 1   3312                      3868   -556     3211

 COOLING
  YESTERDAY        0                         0      0       MM
  MONTH TO DATE    0                         0      0        0
  SINCE DEC 1      0                         0      0        0
  SINCE JAN 1      0                         0      0        0
..................................................................


WIND (MPH)
  HIGHEST WIND SPEED    13   HIGHEST WIND DIRECTION    NW (300)
  HIGHEST GUST SPEED    15   HIGHEST GUST DIRECTION    NW (320)
  AVERAGE WIND SPEED     7.1


SKY COVER
  POSSIBLE SUNSHINE  MM
  AVERAGE SKY COVER 1.0


WEATHER CONDITIONS
 THE FOLLOWING WEATHER WAS RECORDED YESTERDAY.
  FOG


RELATIVE HUMIDITY (PERCENT)
 HIGHEST   100           700 AM
 LOWEST     85          1200 PM
 AVERAGE    93

..........................................................


THE DUBUQUE IA CLIMATE NORMALS FOR TODAY
                         NORMAL    RECORD    YEAR
 MAXIMUM TEMPERATURE (F)   27        59      1967
 MINIMUM TEMPERATURE (F)   11       -19      1936
                                             1904
                                             1897


SUNRISE AND SUNSET
JANUARY 24 2017.......SUNRISE   724 AM CST   SUNSET   507 PM CST
JANUARY 25 2017.......SUNRISE   723 AM CST   SUNSET   508 PM CST


-  INDICATES NEGATIVE NUMBERS.
R  INDICATES RECORD WAS SET OR TIED.
MM INDICATES DATA IS MISSING.
T  INDICATES TRACE AMOUNT.




$$
