000
CDUS43 KDVN 170919
CLIDBQ


CLIMATE REPORT
NATIONAL WEATHER SERVICE QUAD CITIES IA IL
417 AM CDT THU APR 17 2014


...................................

...THE DUBUQUE IA CLIMATE SUMMARY FOR APRIL 16 2014...

CLIMATE NORMAL PERIOD 1981 TO 2010
CLIMATE RECORD PERIOD 1873 TO 2014


WEATHER ITEM   OBSERVED TIME   RECORD YEAR NORMAL DEPARTURE LAST
                VALUE   (LST)  VALUE       VALUE  FROM      YEAR
                                                  NORMAL
..................................................................
TEMPERATURE (F)
 YESTERDAY
  MAXIMUM         55    238 PM  85    1896  59     -4       52
  MINIMUM         29    314 AM  14    1875  38     -9       31
  AVERAGE         42                        48     -6       42

PRECIPITATION (IN)
  YESTERDAY        0.00          1.84 1972   0.12  -0.12      T
  MONTH TO DATE    3.71                      1.83   1.88     5.15
  SINCE MAR 1      4.85                      4.24   0.61     7.72
  SINCE JAN 1      7.33                      6.85   0.48    11.14

SNOWFALL (IN)
  YESTERDAY        0.0          MM      MM   0.1   -0.1      0.0
  MONTH TO DATE    0.7                       1.5   -0.8      0.0
  SINCE MAR 1     11.6                       7.8    3.8     12.6
  SINCE JUL 1     63.3                      41.4   21.9     54.5
  SNOW DEPTH       0

DEGREE DAYS
 HEATING
  YESTERDAY       23                        17      6       23
  MONTH TO DATE  347                       314     33      382
  SINCE MAR 1   1506                      1232    274     1555
  SINCE JUL 1   7882                      6625   1257     6805

 COOLING
  YESTERDAY        0                         0      0        0
  MONTH TO DATE    0                         0      0        0
  SINCE MAR 1      0                         0      0        0
  SINCE JAN 1      0                         0      0        0
..................................................................


WIND (MPH)
  HIGHEST WIND SPEED    36   HIGHEST WIND DIRECTION     S (170)
  HIGHEST GUST SPEED    45   HIGHEST GUST DIRECTION     S (170)
  AVERAGE WIND SPEED    22.2


SKY COVER
  POSSIBLE SUNSHINE  MM
  AVERAGE SKY COVER 0.3


WEATHER CONDITIONS
 THE FOLLOWING WEATHER WAS RECORDED YESTERDAY.
  NO SIGNIFICANT WEATHER WAS OBSERVED.


RELATIVE HUMIDITY (PERCENT)
 HIGHEST    75           200 AM
 LOWEST     35           200 PM
 AVERAGE    55

..........................................................


THE DUBUQUE IA CLIMATE NORMALS FOR TODAY
                         NORMAL    RECORD    YEAR
 MAXIMUM TEMPERATURE (F)   59        84      1977
                                             1896
 MINIMUM TEMPERATURE (F)   38        16      1875


SUNRISE AND SUNSET
APRIL 17 2014.........SUNRISE   619 AM CDT   SUNSET   747 PM CDT
APRIL 18 2014.........SUNRISE   617 AM CDT   SUNSET   748 PM CDT


-  INDICATES NEGATIVE NUMBERS.
R  INDICATES RECORD WAS SET OR TIED.
MM INDICATES DATA IS MISSING.
T  INDICATES TRACE AMOUNT.




$$
