000
CDUS43 KDVN 280918
CLIDBQ


CLIMATE REPORT
NATIONAL WEATHER SERVICE QUAD CITIES IA IL
416 AM CDT TUE JUL 28 2015


...................................

...THE DUBUQUE IA CLIMATE SUMMARY FOR JULY 27 2015...

CLIMATE NORMAL PERIOD 1981 TO 2010
CLIMATE RECORD PERIOD 1873 TO 2015


WEATHER ITEM   OBSERVED TIME   RECORD YEAR NORMAL DEPARTURE LAST
                VALUE   (LST)  VALUE       VALUE  FROM      YEAR
                                                  NORMAL
..................................................................
TEMPERATURE (F)
 YESTERDAY
  MAXIMUM         84    149 PM  99    1916  82      2       74
                                      1894
  MINIMUM         66    532 AM  48    1971  62      4       64
  AVERAGE         75                        72      3       69

PRECIPITATION (IN)
  YESTERDAY        0.00          7.47 2011   0.14  -0.14     0.00
  MONTH TO DATE    0.94                      3.75  -2.81     2.08
  SINCE JUN 1      9.28                      8.15   1.13    14.65
  SINCE JAN 1     20.05                     21.02  -0.97    27.03

SNOWFALL (IN)
  YESTERDAY        0.0          MM      MM   0.0    0.0      0.0
  MONTH TO DATE    0.0                       0.0    0.0      0.0
  SINCE JUN 1      T                         0.0    0.0      0.0
  SINCE JUL 1      0.0                       0.0    0.0      0.0
  SNOW DEPTH       0

DEGREE DAYS
 HEATING
  YESTERDAY        0                         0      0        0
  MONTH TO DATE   13                         0     13       25
  SINCE JUN 1     36                        40     -4       35
  SINCE JUL 1     13                         0     13       25

 COOLING
  YESTERDAY       10                         7      3        4
  MONTH TO DATE  158                       190    -32       99
  SINCE JUN 1    277                       329    -52      253
  SINCE JAN 1    313                       366    -53      307
..................................................................


WIND (MPH)
  HIGHEST WIND SPEED    14   HIGHEST WIND DIRECTION    SE (150)
  HIGHEST GUST SPEED    22   HIGHEST GUST DIRECTION     W (270)
  AVERAGE WIND SPEED     5.7


SKY COVER
  POSSIBLE SUNSHINE  MM
  AVERAGE SKY COVER 0.0


WEATHER CONDITIONS
 THE FOLLOWING WEATHER WAS RECORDED YESTERDAY.
  FOG


RELATIVE HUMIDITY (PERCENT)
 HIGHEST    93           300 AM
 LOWEST     55           100 PM
 AVERAGE    74

..........................................................


THE DUBUQUE IA CLIMATE NORMALS FOR TODAY
                         NORMAL    RECORD    YEAR
 MAXIMUM TEMPERATURE (F)   81       100      1916
 MINIMUM TEMPERATURE (F)   62        50      2013


SUNRISE AND SUNSET
JULY 28 2015..........SUNRISE   551 AM CDT   SUNSET   827 PM CDT
JULY 29 2015..........SUNRISE   552 AM CDT   SUNSET   826 PM CDT


-  INDICATES NEGATIVE NUMBERS.
R  INDICATES RECORD WAS SET OR TIED.
MM INDICATES DATA IS MISSING.
T  INDICATES TRACE AMOUNT.




$$
