000
CDUS43 KDVN 210920
CLIDBQ


CLIMATE REPORT
NATIONAL WEATHER SERVICE QUAD CITIES IA IL
419 AM CDT TUE OCT 21 2014


...................................

...THE DUBUQUE IA CLIMATE SUMMARY FOR OCTOBER 20 2014...

CLIMATE NORMAL PERIOD 1981 TO 2010
CLIMATE RECORD PERIOD 1873 TO 2014


WEATHER ITEM   OBSERVED TIME   RECORD YEAR NORMAL DEPARTURE LAST
                VALUE   (LST)  VALUE       VALUE  FROM      YEAR
                                                  NORMAL
..................................................................
TEMPERATURE (F)
 YESTERDAY
  MAXIMUM         64    310 PM  82    1953  58      6       53
  MINIMUM         39   1157 PM  22    1972  39      0       29
                                      1952
                                      1930
  AVERAGE         52                        49      3       41

PRECIPITATION (IN)
  YESTERDAY        0.00          1.42 1936   0.08  -0.08     0.03
  MONTH TO DATE    2.78                      1.71   1.07     1.38
  SINCE SEP 1      4.92                      5.17  -0.25     3.75
  SINCE JAN 1     35.07                     31.15   3.92    34.44

SNOWFALL (IN)
  YESTERDAY        0.0          MM      MM   0.0    0.0      0.0
  MONTH TO DATE    T                         0.0    0.0      0.0
  SINCE SEP 1      T                         0.0    0.0      0.0
  SINCE JUL 1      T                         0.0    0.0      0.0
  SNOW DEPTH       0

DEGREE DAYS
 HEATING
  YESTERDAY       13                        16     -3       24
  MONTH TO DATE  306                       266     40      218
  SINCE SEP 1    477                       417     60      324
  SINCE JUL 1    506                       444     62      356

 COOLING
  YESTERDAY        0                         0      0        0
  MONTH TO DATE    0                         4     -4        8
  SINCE SEP 1     44                        65    -21      104
  SINCE JAN 1    526                       641   -115      640
..................................................................


WIND (MPH)
  HIGHEST WIND SPEED    20   HIGHEST WIND DIRECTION    NW (330)
  HIGHEST GUST SPEED    26   HIGHEST GUST DIRECTION     N (340)
  AVERAGE WIND SPEED    11.2


SKY COVER
  POSSIBLE SUNSHINE  MM
  AVERAGE SKY COVER 0.0


WEATHER CONDITIONS
 THE FOLLOWING WEATHER WAS RECORDED YESTERDAY.
  NO SIGNIFICANT WEATHER WAS OBSERVED.


RELATIVE HUMIDITY (PERCENT)
 HIGHEST    93           300 AM
 LOWEST     48           300 PM
 AVERAGE    71

..........................................................


THE DUBUQUE IA CLIMATE NORMALS FOR TODAY
                         NORMAL    RECORD    YEAR
 MAXIMUM TEMPERATURE (F)   58        86      1947
 MINIMUM TEMPERATURE (F)   39        16      1952


SUNRISE AND SUNSET
OCTOBER 21 2014.......SUNRISE   723 AM CDT   SUNSET   611 PM CDT
OCTOBER 22 2014.......SUNRISE   724 AM CDT   SUNSET   610 PM CDT


-  INDICATES NEGATIVE NUMBERS.
R  INDICATES RECORD WAS SET OR TIED.
MM INDICATES DATA IS MISSING.
T  INDICATES TRACE AMOUNT.




$$
