000
CDUS43 KDVN 102222
CLIDBQ


CLIMATE REPORT
NATIONAL WEATHER SERVICE QUAD CITIES IA IL
420 PM CST WED FEB 10 2016


...................................

...THE DUBUQUE IA CLIMATE SUMMARY FOR FEBRUARY 10 2016...
VALID TODAY AS OF 0400 PM LOCAL TIME.

CLIMATE NORMAL PERIOD 1981 TO 2010
CLIMATE RECORD PERIOD 1873 TO 2016


WEATHER ITEM   OBSERVED TIME   RECORD YEAR NORMAL DEPARTURE LAST
                VALUE   (LST)  VALUE       VALUE  FROM      YEAR
                                                  NORMAL
..................................................................
TEMPERATURE (F)
 TODAY
  MAXIMUM         14    359 PM  60    1876  30    -16       28
  MINIMUM          4    705 AM -21    1899  14    -10       13
  AVERAGE          9                        22    -13       21

PRECIPITATION (IN)
  TODAY            0.00          0.56 1960   0.05  -0.05      T
  MONTH TO DATE    0.32                      0.44  -0.12     1.09
  SINCE DEC 1      4.97                      3.45   1.52     2.95
  SINCE JAN 1      0.78                      1.61  -0.83     2.02

SNOWFALL (IN)
  TODAY            0.0          MM      MM   0.4   -0.4       T
  MONTH TO DATE    3.7                       3.6    0.1     10.6
  SINCE DEC 1     15.8                      25.4   -9.6     21.3
  SINCE JUL 1     27.6                      28.2   -0.6     24.8
  SNOW DEPTH       3

DEGREE DAYS
 HEATING
  TODAY           56                        43     13       44
  MONTH TO DATE  417                       440    -23      493
  SINCE DEC 1   2595                      3177   -582     3039
  SINCE JUL 1   3802                      4677   -875     4821

 COOLING
  TODAY            0                         0      0        0
  MONTH TO DATE    0                         0      0        0
  SINCE DEC 1      0                         0      0        0
  SINCE JAN 1      0                         0      0        0
..................................................................


WIND (MPH)
  HIGHEST WIND SPEED    20   HIGHEST WIND DIRECTION    NW (320)
  HIGHEST GUST SPEED    24   HIGHEST GUST DIRECTION     N (340)
  AVERAGE WIND SPEED    10.4


SKY COVER
  POSSIBLE SUNSHINE  MM
  AVERAGE SKY COVER 0.1


WEATHER CONDITIONS
 THE FOLLOWING WEATHER WAS RECORDED TODAY.
  NO SIGNIFICANT WEATHER WAS OBSERVED.


RELATIVE HUMIDITY (PERCENT)
 HIGHEST    76           400 AM
 LOWEST     55           200 PM
 AVERAGE    66

..........................................................


THE DUBUQUE IA CLIMATE NORMALS FOR TOMORROW
                         NORMAL    RECORD    YEAR
 MAXIMUM TEMPERATURE (F)   30        61      1999
 MINIMUM TEMPERATURE (F)   14       -18      2014
                                             1899


SUNRISE AND SUNSET
FEBRUARY 10 2016......SUNRISE   707 AM CST   SUNSET   528 PM CST
FEBRUARY 11 2016......SUNRISE   705 AM CST   SUNSET   529 PM CST


-  INDICATES NEGATIVE NUMBERS.
R  INDICATES RECORD WAS SET OR TIED.
MM INDICATES DATA IS MISSING.
T  INDICATES TRACE AMOUNT.




$$
