000
CDUS43 KDVN 201018
CLIDBQ


CLIMATE REPORT
NATIONAL WEATHER SERVICE QUAD CITIES IA IL
416 AM CST SAT DEC 20 2014


...................................

...THE DUBUQUE IA CLIMATE SUMMARY FOR DECEMBER 19 2014...

CLIMATE NORMAL PERIOD 1981 TO 2010
CLIMATE RECORD PERIOD 1873 TO 2014


WEATHER ITEM   OBSERVED TIME   RECORD YEAR NORMAL DEPARTURE LAST
                VALUE   (LST)  VALUE       VALUE  FROM      YEAR
                                                  NORMAL
..................................................................
TEMPERATURE (F)
 YESTERDAY
  MAXIMUM         34   1055 AM  57    1877  29      5       32
  MINIMUM         22    839 PM -21    1983  14      8       21
  AVERAGE         28                        21      7       27

PRECIPITATION (IN)
  YESTERDAY        0.00          0.89 2008   0.05  -0.05     0.02
  MONTH TO DATE    0.47                      1.26  -0.79     0.43
  SINCE DEC 1      0.47                      1.26  -0.79     0.43
  SINCE JAN 1     36.99                     35.71   1.28    37.24

SNOWFALL (IN)
  YESTERDAY        0.0          MM      MM   0.4   -0.4      0.0
  MONTH TO DATE    T                         7.2   -7.2      6.4
  SINCE DEC 1      T                         7.2   -7.2      6.4
  SINCE JUL 1      3.5                      10.0   -6.5     10.3
  SNOW DEPTH       0

DEGREE DAYS
 HEATING
  YESTERDAY       37                        44     -7       38
  MONTH TO DATE  693                       772    -79      907
  SINCE DEC 1    693                       772    -79      907
  SINCE JUL 1   2475                      2272    203     2506

 COOLING
  YESTERDAY        0                         0      0        0
  MONTH TO DATE    0                         0      0        0
  SINCE DEC 1      0                         0      0        0
  SINCE JAN 1    526                       643   -117      640
..................................................................


WIND (MPH)
  HIGHEST WIND SPEED    10   HIGHEST WIND DIRECTION     S (170)
  HIGHEST GUST SPEED    13   HIGHEST GUST DIRECTION     S (170)
  AVERAGE WIND SPEED     3.1


SKY COVER
  POSSIBLE SUNSHINE  MM
  AVERAGE SKY COVER 1.0


WEATHER CONDITIONS
 THE FOLLOWING WEATHER WAS RECORDED YESTERDAY.
  NO SIGNIFICANT WEATHER WAS OBSERVED.


RELATIVE HUMIDITY (PERCENT)
 HIGHEST    88          1200 AM
 LOWEST     69           100 PM
 AVERAGE    79

..........................................................


THE DUBUQUE IA CLIMATE NORMALS FOR TODAY
                         NORMAL    RECORD    YEAR
 MAXIMUM TEMPERATURE (F)   29        64      1877
 MINIMUM TEMPERATURE (F)   14       -14      1983
                                             1963


SUNRISE AND SUNSET
DECEMBER 20 2014......SUNRISE   728 AM CST   SUNSET   433 PM CST
DECEMBER 21 2014......SUNRISE   729 AM CST   SUNSET   433 PM CST


-  INDICATES NEGATIVE NUMBERS.
R  INDICATES RECORD WAS SET OR TIED.
MM INDICATES DATA IS MISSING.
T  INDICATES TRACE AMOUNT.




$$
