000
CDUS41 KLWX 270529
CLIDCA


CLIMATE REPORT
NATIONAL WEATHER SERVICE BALTIMORE MD/WASHINGTON DC
1228 AM EST THU NOV 27 2014


...................................

...THE WASHINGTON NATIONAL DC CLIMATE SUMMARY FOR NOVEMBER 26 2014...

CLIMATE NORMAL PERIOD 1981 TO 2010
CLIMATE RECORD PERIOD 1871 TO 2014


WEATHER ITEM   OBSERVED TIME   RECORD YEAR NORMAL DEPARTURE LAST
                VALUE   (LST)  VALUE       VALUE  FROM      YEAR
                                                  NORMAL
..................................................................
TEMPERATURE (F)
 YESTERDAY
  MAXIMUM         51    139 AM  74    1979  54     -3       49
  MINIMUM         36   1144 AM  17    1950  38     -2       35
  AVERAGE         44                        46     -2       42

PRECIPITATION (IN)
  YESTERDAY        1.06          1.52 1999   0.10   0.96     1.46
  MONTH TO DATE    2.64                      2.74  -0.10     2.18
  SINCE SEP 1      7.24                      9.86  -2.62     9.65
  SINCE JAN 1     40.91                     36.26   4.65    37.97

SNOWFALL (IN)
  YESTERDAY        T             2.2  1898   0.0    0.0
  MONTH TO DATE    T                         0.4   -0.4
  SINCE JUL 1      T                         0.4   -0.4
  SNOW DEPTH       0

DEGREE DAYS
 HEATING
  YESTERDAY       21                        19      2       23
  MONTH TO DATE  423                       386     37      425
  SINCE SEP 1    525                       615    -90      590
  SINCE JUL 1    525                       615    -90      590

 COOLING
  YESTERDAY        0                         0      0        0
  MONTH TO DATE    0                         0      0        2
  SINCE SEP 1    319                       236     83      289
  SINCE JAN 1   1712                      1547    165     1719
..................................................................


WIND (MPH)
  HIGHEST WIND SPEED    23   HIGHEST WIND DIRECTION    NE (40)
  HIGHEST GUST SPEED    28   HIGHEST GUST DIRECTION    NE (40)
  AVERAGE WIND SPEED     9.0


SKY COVER
  POSSIBLE SUNSHINE  MM
  AVERAGE SKY COVER 1.0


WEATHER CONDITIONS
 THE FOLLOWING WEATHER WAS RECORDED YESTERDAY.
  RAIN
  LIGHT RAIN
  SNOW
  LIGHT SNOW
  SLEET
  FOG


RELATIVE HUMIDITY (PERCENT)
 HIGHEST    85           500 PM
 LOWEST     54          1200 AM
 AVERAGE    70

..........................................................


THE WASHINGTON NATIONAL DC CLIMATE NORMALS FOR TODAY
                         NORMAL    RECORD    YEAR
 MAXIMUM TEMPERATURE (F)   53        75      1896
 MINIMUM TEMPERATURE (F)   38        14      1938


SUNRISE AND SUNSET
NOVEMBER 27 2014......SUNRISE   704 AM EST   SUNSET   448 PM EST
NOVEMBER 28 2014......SUNRISE   705 AM EST   SUNSET   447 PM EST


-  INDICATES NEGATIVE NUMBERS.
R  INDICATES RECORD WAS SET OR TIED.
MM INDICATES DATA IS MISSING.
T  INDICATES TRACE AMOUNT.




$$
