000
CDUS41 KALY 030626
CLIDDH


CLIMATE REPORT
NATIONAL WEATHER SERVICE ALBANY NY
226 AM EDT FRI JUL 3 2015


...................................

...THE BENNINGTON VT CLIMATE SUMMARY FOR JULY 2 2015...

CLIMATE NORMAL PERIOD 1981 TO 2010
CLIMATE RECORD PERIOD 9999 TO 9999


WEATHER ITEM   OBSERVED TIME   NORMAL DEPARTURE LAST
                VALUE   (LST)  VALUE  FROM      YEAR
                                      NORMAL
......................................................
TEMPERATURE (F)
 YESTERDAY
  MAXIMUM         74    423 PM  79     -5       89
  MINIMUM         51   1159 PM  56     -5       67
  AVERAGE         63            67     -4       78

PRECIPITATION (IN)
  YESTERDAY        0.00          0.13  -0.13     0.19
  MONTH TO DATE    0.60          0.26   0.34     0.19
  SINCE JUN 1      3.55          4.39  -0.84     3.52
  SINCE JAN 1     11.11         19.46  -8.35    16.35

DEGREE DAYS
 HEATING
  YESTERDAY        2             1      1        0
  MONTH TO DATE    2             2      0        0
  SINCE JUN 1     97            99     -2       47
  SINCE JUL 1      2             2      0        0

 COOLING
  YESTERDAY        0             4     -4       13
  MONTH TO DATE    4             7     -3       25
  SINCE JUN 1     51            65    -14       87
  SINCE JAN 1    115            79     36      103
......................................................


WIND (MPH)
  HIGHEST WIND SPEED    13   HIGHEST WIND DIRECTION     W (270)
  HIGHEST GUST SPEED    25   HIGHEST GUST DIRECTION    SW (220)
  AVERAGE WIND SPEED     5.2


SKY COVER
  AVERAGE SKY COVER 0.3



RELATIVE HUMIDITY (PERCENT)
 HIGHEST    96          1100 PM
 LOWEST     46           400 PM
 AVERAGE    71

..........................................................


THE BENNINGTON VT CLIMATE NORMALS FOR TODAY
                         NORMAL
 MAXIMUM TEMPERATURE (F)   79
 MINIMUM TEMPERATURE (F)   56


SUNRISE AND SUNSET
JULY  3 2015..........SUNRISE   519 AM EDT   SUNSET   835 PM EDT
JULY  4 2015..........SUNRISE   520 AM EDT   SUNSET   835 PM EDT


-  INDICATES NEGATIVE NUMBERS.
R  INDICATES RECORD WAS SET OR TIED.
MM INDICATES DATA IS MISSING.
T  INDICATES TRACE AMOUNT.




$$
