000
CDUS43 KILX 030633
CLIDEC


CLIMATE REPORT
NATIONAL WEATHER SERVICE LINCOLN IL
133 AM CDT WED JUN 3 2015


...................................

...THE DECATUR IL AIRPORT CLIMATE SUMMARY FOR JUNE 2 2015...

CLIMATE NORMAL PERIOD 1981 TO 2010
CLIMATE RECORD PERIOD 9999 TO 9999


WEATHER ITEM   OBSERVED TIME   RECORD YEAR NORMAL DEPARTURE LAST
                VALUE   (LST)  VALUE       VALUE  FROM      YEAR
                                                  NORMAL
..................................................................
TEMPERATURE (F)
 YESTERDAY
  MAXIMUM         74    551 PM  MM      MM  79     -5       80
  MINIMUM         50    505 AM  MM      MM  57     -7       71
  AVERAGE         62                        68     -6       76

PRECIPITATION (IN)
  YESTERDAY        0.00         MM      MM   0.15  -0.15     0.39
  MONTH TO DATE    0.00                      0.30  -0.30     0.41
  SINCE JUN 1      0.00                      0.30  -0.30     0.41
  SINCE JAN 1     10.70                     14.75  -4.05    10.07

DEGREE DAYS
 HEATING
  YESTERDAY        3                         2      1        0
  MONTH TO DATE    7                         4      3        0
  SINCE JUN 1      7                         4      3        0
  SINCE JUL 1   5834                      5508    326     6151

 COOLING
  YESTERDAY        0                         5     -5       11
  MONTH TO DATE    0                        10    -10       24
  SINCE JUN 1      0                        10    -10       24
  SINCE JAN 1    144                        97     47      169
..................................................................


WIND (MPH)
  HIGHEST WIND SPEED    14   HIGHEST WIND DIRECTION     E (80)
  HIGHEST GUST SPEED    21   HIGHEST GUST DIRECTION     E (70)
  AVERAGE WIND SPEED     6.5


SKY COVER
  POSSIBLE SUNSHINE  MM
  AVERAGE SKY COVER 0.1


WEATHER CONDITIONS
 THE FOLLOWING WEATHER WAS RECORDED YESTERDAY.
  FOG


RELATIVE HUMIDITY (PERCENT)
 HIGHEST    96           200 AM
 LOWEST     49           300 PM
 AVERAGE    73

..........................................................


THE DECATUR IL AIRPORT CLIMATE NORMALS FOR TODAY
                         NORMAL    RECORD    YEAR
 MAXIMUM TEMPERATURE (F)   79        MM        MM
 MINIMUM TEMPERATURE (F)   57        MM        MM


SUNRISE AND SUNSET
JUNE  3 2015..........SUNRISE   529 AM CDT   SUNSET   819 PM CDT
JUNE  4 2015..........SUNRISE   528 AM CDT   SUNSET   820 PM CDT


-  INDICATES NEGATIVE NUMBERS.
R  INDICATES RECORD WAS SET OR TIED.
MM INDICATES DATA IS MISSING.
T  INDICATES TRACE AMOUNT.




$$
