000
CDUS43 KILX 032127
CLIDEC


CLIMATE REPORT
NATIONAL WEATHER SERVICE LINCOLN IL
427 PM CDT TUE MAY 3 2016


...................................

...THE DECATUR IL AIRPORT CLIMATE SUMMARY FOR MAY 3 2016...
VALID TODAY AS OF 0400 PM LOCAL TIME.

CLIMATE NORMAL PERIOD 1981 TO 2010
CLIMATE RECORD PERIOD 9999 TO 9999


WEATHER ITEM   OBSERVED TIME   RECORD YEAR NORMAL DEPARTURE LAST
                VALUE   (LST)  VALUE       VALUE  FROM      YEAR
                                                  NORMAL
..................................................................
TEMPERATURE (F)
 TODAY
  MAXIMUM         66    222 PM  MM      MM  70     -4       83
  MINIMUM         44    511 AM  MM      MM  48     -4       60
  AVERAGE         55                        59     -4       72

PRECIPITATION (IN)
  TODAY            0.00         MM      MM   0.16  -0.16     0.00
  MONTH TO DATE    0.00                      0.48  -0.48     0.00
  SINCE MAR 1      6.52                      6.92  -0.40     3.63
  SINCE JAN 1      7.71                     10.64  -2.93     4.88

DEGREE DAYS
 HEATING
  TODAY           10                         7      3        0
  MONTH TO DATE   25                        21      4       17
  SINCE MAR 1    880                      1127   -247     1107
  SINCE JUL 1   4372                      5384  -1012     5753

 COOLING
  TODAY            0                         1     -1        7
  MONTH TO DATE    0                         3     -3        7
  SINCE MAR 1      7                        17    -10       10
  SINCE JAN 1      7                        17    -10       10
..................................................................


WIND (MPH)
  HIGHEST WIND SPEED    15   HIGHEST WIND DIRECTION    NW (320)
  HIGHEST GUST SPEED    19   HIGHEST GUST DIRECTION    NW (320)
  AVERAGE WIND SPEED     6.7


SKY COVER
  POSSIBLE SUNSHINE  MM
  AVERAGE SKY COVER 0.5


WEATHER CONDITIONS
 THE FOLLOWING WEATHER WAS RECORDED TODAY.
  NO SIGNIFICANT WEATHER WAS OBSERVED.


RELATIVE HUMIDITY (PERCENT)
 HIGHEST    92           400 AM
 LOWEST     46           100 PM
 AVERAGE    69

..........................................................


THE DECATUR IL AIRPORT CLIMATE NORMALS FOR TOMORROW
                         NORMAL    RECORD    YEAR
 MAXIMUM TEMPERATURE (F)   71        MM        MM
 MINIMUM TEMPERATURE (F)   48        MM        MM


SUNRISE AND SUNSET
MAY  3 2016...........SUNRISE   553 AM CDT   SUNSET   752 PM CDT
MAY  4 2016...........SUNRISE   552 AM CDT   SUNSET   753 PM CDT


-  INDICATES NEGATIVE NUMBERS.
R  INDICATES RECORD WAS SET OR TIED.
MM INDICATES DATA IS MISSING.
T  INDICATES TRACE AMOUNT.




$$
