000
CDUS43 KILX 260646
CLIDEC


CLIMATE REPORT
NATIONAL WEATHER SERVICE LINCOLN IL
145 AM CDT MON JUN 26 2017


...................................

...THE DECATUR IL AIRPORT CLIMATE SUMMARY FOR JUNE 25 2017...

CLIMATE NORMAL PERIOD 1981 TO 2010
CLIMATE RECORD PERIOD 9999 TO 9999


WEATHER ITEM   OBSERVED TIME   RECORD YEAR NORMAL DEPARTURE LAST
                VALUE   (LST)  VALUE       VALUE  FROM      YEAR
                                                  NORMAL
..................................................................
TEMPERATURE (F)
 YESTERDAY
  MAXIMUM         76    313 PM  MM      MM  85     -9       94
  MINIMUM         56   1129 PM  MM      MM  65     -9       65
  AVERAGE         66                        75     -9       80

PRECIPITATION (IN)
  YESTERDAY        0.00         MM      MM   0.14  -0.14     0.00
  MONTH TO DATE    1.33                      3.77  -2.44     2.16
  SINCE JUN 1      1.33                      3.77  -2.44     2.16
  SINCE JAN 1     20.26                     18.22   2.04    13.02

DEGREE DAYS
 HEATING
  YESTERDAY        0                         0      0        0
  MONTH TO DATE    0                        14    -14        0
  SINCE JUN 1      0                        14    -14        0
  SINCE JUL 1   4411                      5518  -1107     4485

 COOLING
  YESTERDAY        1                        10     -9       15
  MONTH TO DATE  222                       178     44      280
  SINCE JUN 1    222                       178     44      280
  SINCE JAN 1    319                       265     54      370
..................................................................


WIND (MPH)
  HIGHEST WIND SPEED    21   HIGHEST WIND DIRECTION     W (290)
  HIGHEST GUST SPEED    28   HIGHEST GUST DIRECTION     W (290)
  AVERAGE WIND SPEED     9.2


SKY COVER
  POSSIBLE SUNSHINE  MM
  AVERAGE SKY COVER 0.1


WEATHER CONDITIONS
 THE FOLLOWING WEATHER WAS RECORDED YESTERDAY.
  NO SIGNIFICANT WEATHER WAS OBSERVED.


RELATIVE HUMIDITY (PERCENT)
 HIGHEST    72          1200 AM
 LOWEST     33          1200 PM
 AVERAGE    53

..........................................................


THE DECATUR IL AIRPORT CLIMATE NORMALS FOR TODAY
                         NORMAL    RECORD    YEAR
 MAXIMUM TEMPERATURE (F)   85        MM        MM
 MINIMUM TEMPERATURE (F)   65        MM        MM


SUNRISE AND SUNSET
JUNE 26 2017..........SUNRISE   529 AM CDT   SUNSET   828 PM CDT
JUNE 27 2017..........SUNRISE   529 AM CDT   SUNSET   828 PM CDT


-  INDICATES NEGATIVE NUMBERS.
R  INDICATES RECORD WAS SET OR TIED.
MM INDICATES DATA IS MISSING.
T  INDICATES TRACE AMOUNT.




$$
