000
CDUS45 KBOU 301303
CLIDEN


CLIMATE REPORT
NATIONAL WEATHER SERVICE DENVER CO
703 AM MDT THU OCT 30 2014


...................................

...THE DENVER CO CLIMATE SUMMARY FOR OCTOBER 29 2014...
VALID AS OF 0600 AM LOCAL TIME.

CLIMATE NORMAL PERIOD 1981 TO 2010
CLIMATE RECORD PERIOD 1872 TO 2014


WEATHER ITEM   OBSERVED TIME   RECORD YEAR NORMAL DEPARTURE LAST
                VALUE   (LST)  VALUE       VALUE  FROM      YEAR
                                                  NORMAL
..................................................................
TEMPERATURE (F)
 TODAY
  MAXIMUM         41   1202 AM  84    1950  60    -19       41
  MINIMUM         32    149 AM  -2    1917  32      0       31
  AVERAGE         37                        46     -9       36

PRECIPITATION (IN)
  TODAY            0.00          0.91 1889   0.02  -0.02     0.01
  MONTH TO DATE    0.52                      0.97  -0.45     0.71
  SINCE SEP 1      2.31                      1.93   0.38     6.32
  SINCE JAN 1     17.42                     13.29   4.13    17.07

..................................................................


WIND (MPH)
  HIGHEST WIND SPEED    13   HIGHEST WIND DIRECTION     S (180)
  HIGHEST GUST SPEED    14   HIGHEST GUST DIRECTION     S (180)
  AVERAGE WIND SPEED     9.4




RELATIVE HUMIDITY (PERCENT)
 HIGHEST    64           200 AM
 LOWEST     46          1200 AM
 AVERAGE    55

..........................................................


THE DENVER CO CLIMATE NORMALS FOR TOMORROW
                         NORMAL    RECORD    YEAR
 MAXIMUM TEMPERATURE (F)   60        80      1950
 MINIMUM TEMPERATURE (F)   32         7      1991


SUNRISE AND SUNSET
OCTOBER 29 2014.......SUNRISE   724 AM MDT   SUNSET   600 PM MDT
OCTOBER 30 2014.......SUNRISE   725 AM MDT   SUNSET   559 PM MDT


-  INDICATES NEGATIVE NUMBERS.
R  INDICATES RECORD WAS SET OR TIED.
MM INDICATES DATA IS MISSING.
T  INDICATES TRACE AMOUNT.




$$
