193
CDUS45 KBOU 202330
CLIDEN


CLIMATE REPORT
NATIONAL WEATHER SERVICE DENVER/BOULDER CO
530 PM MDT FRI OCT 20 2017


...................................

...THE DENVER CO CLIMATE SUMMARY FOR OCTOBER 20 2017...
VALID TODAY AS OF 0500 PM LOCAL TIME.

CLIMATE NORMAL PERIOD 1981 TO 2010
CLIMATE RECORD PERIOD 1872 TO 2017


WEATHER ITEM   OBSERVED TIME   RECORD YEAR NORMAL DEPARTURE LAST
                VALUE   (LST)  VALUE       VALUE  FROM      YEAR
                                                  NORMAL
..................................................................
TEMPERATURE (F)
 TODAY
  MAXIMUM         77    304 PM  83    1950  64     13       63
  MINIMUM         46    316 AM  21    1995  35     11       25
  AVERAGE         62                        49     13       44

PRECIPITATION (IN)
  TODAY            0.00          0.70 1936   0.03  -0.03     0.00
  MONTH TO DATE    0.94                      0.71   0.23     0.26
  SINCE SEP 1      2.20                      1.67   0.53     0.54
  SINCE JAN 1     11.17                     13.03  -1.86    10.55

DEGREE DAYS
 HEATING
  TODAY            3                        16    -13       21
  MONTH TO DATE  238                       244     -6      178
  SINCE SEP 1    360                       369     -9      242
  SINCE JUL 1    368                       385    -17      257

 COOLING
  TODAY            0                         0      0        0
  MONTH TO DATE    0                         1     -1       13
  SINCE SEP 1    131                        77     54      112
  SINCE JAN 1    880                       765    115      874
..................................................................


WIND (MPH)
  HIGHEST WIND SPEED    18   HIGHEST WIND DIRECTION    SW (210)
  HIGHEST GUST SPEED    23   HIGHEST GUST DIRECTION     S (200)
  AVERAGE WIND SPEED    10.6


SKY COVER **
  POSSIBLE SUNSHINE  MM
  AVERAGE SKY COVER 0.2


WEATHER CONDITIONS
 THE FOLLOWING WEATHER WAS RECORDED TODAY.
  NO SIGNIFICANT WEATHER WAS OBSERVED.


RELATIVE HUMIDITY (PERCENT)
 HIGHEST    46           100 AM
 LOWEST     16           300 PM
 AVERAGE    31

..........................................................


THE DENVER CO CLIMATE NORMALS FOR TOMORROW
                         NORMAL    RECORD    YEAR
 MAXIMUM TEMPERATURE (F)   63        83      2003
 MINIMUM TEMPERATURE (F)   35        17      1911


SUNRISE AND SUNSET
OCTOBER 20 2017.......SUNRISE   715 AM MDT   SUNSET   612 PM MDT
OCTOBER 21 2017.......SUNRISE   716 AM MDT   SUNSET   610 PM MDT


-  INDICATES NEGATIVE NUMBERS.
R  INDICATES RECORD WAS SET OR TIED.
MM INDICATES DATA IS MISSING.
T  INDICATES TRACE AMOUNT.




$$
