000
CDUS45 KBOU 302330
CLIDEN


CLIMATE REPORT
NATIONAL WEATHER SERVICE DENVER/BOULDER CO
529 PM MDT FRI SEP 30 2016


...................................

...THE DENVER CO CLIMATE SUMMARY FOR SEPTEMBER 30 2016...
VALID TODAY AS OF 0500 PM LOCAL TIME.

CLIMATE NORMAL PERIOD 1981 TO 2010
CLIMATE RECORD PERIOD 1872 TO 2016


WEATHER ITEM   OBSERVED TIME   RECORD YEAR NORMAL DEPARTURE LAST
                VALUE   (LST)  VALUE       VALUE  FROM      YEAR
                                                  NORMAL
..................................................................
TEMPERATURE (F)
 TODAY
  MAXIMUM         74    343 PM  90    1980  72      2       81
  MINIMUM         56    739 AM  25    1985  42     14       53
  AVERAGE         65                        57      8       67

PRECIPITATION (IN)
  TODAY            0.00          0.73 1904   0.04  -0.04     0.00
  MONTH TO DATE    0.28                      0.96  -0.68     0.11
  SINCE SEP 1      0.28                      0.96  -0.68     0.11
  SINCE JAN 1     10.29                     12.32  -2.03    13.71

DEGREE DAYS
 HEATING
  TODAY            0                         8     -8        0
  MONTH TO DATE   62                       123    -61        9
  SINCE SEP 1     62                       125    -63        9
  SINCE JUL 1     77                       141    -64       27

 COOLING
  TODAY            0                         1     -1        2
  MONTH TO DATE   99                        76     23      148
  SINCE SEP 1     99                        76     23      148
  SINCE JAN 1    861                       764     97      861
..................................................................


WIND (MPH)
  HIGHEST WIND SPEED    21   HIGHEST WIND DIRECTION    NE (30)
  HIGHEST GUST SPEED    24   HIGHEST GUST DIRECTION     N (20)
  AVERAGE WIND SPEED    11.0


SKY COVER **
  POSSIBLE SUNSHINE  MM
  AVERAGE SKY COVER 0.7


WEATHER CONDITIONS
 THE FOLLOWING WEATHER WAS RECORDED TODAY.
  NO SIGNIFICANT WEATHER WAS OBSERVED.


RELATIVE HUMIDITY (PERCENT)
 HIGHEST    57           800 AM
 LOWEST     33           400 PM
 AVERAGE    45

..........................................................


THE DENVER CO CLIMATE NORMALS FOR TOMORROW
                         NORMAL    RECORD    YEAR
 MAXIMUM TEMPERATURE (F)   72        90      1892
 MINIMUM TEMPERATURE (F)   42        27      1985


SUNRISE AND SUNSET
SEPTEMBER 30 2016.....SUNRISE   655 AM MDT   SUNSET   642 PM MDT
OCTOBER  1 2016.......SUNRISE   656 AM MDT   SUNSET   640 PM MDT


-  INDICATES NEGATIVE NUMBERS.
R  INDICATES RECORD WAS SET OR TIED.
MM INDICATES DATA IS MISSING.
T  INDICATES TRACE AMOUNT.




$$
