000
CDUS45 KBOU 232332
CLIDEN


CLIMATE REPORT
NATIONAL WEATHER SERVICE DENVER/BOULDER CO
531 PM MDT THU MAR 23 2017


...................................

...THE DENVER CO CLIMATE SUMMARY FOR MARCH 23 2017...
VALID TODAY AS OF 0500 PM LOCAL TIME.

CLIMATE NORMAL PERIOD 1981 TO 2010
CLIMATE RECORD PERIOD 1872 TO 2017


WEATHER ITEM   OBSERVED TIME   RECORD YEAR NORMAL DEPARTURE LAST
                VALUE   (LST)  VALUE       VALUE  FROM      YEAR
                                                  NORMAL
..................................................................
TEMPERATURE (F)
 TODAY
  MAXIMUM         77R   303 PM  76    2012  57     20       42
                                      1967
  MINIMUM         45    557 AM   1    1898  28     17       13
  AVERAGE         61                        42     19       28

PRECIPITATION (IN)
  TODAY            0.00          1.20 1909   0.03  -0.03     0.77
  MONTH TO DATE    0.02                      0.61  -0.59     1.06
  SINCE MAR 1      0.02                      0.61  -0.59     1.06
  SINCE JAN 1      0.79                      1.39  -0.60     2.04

DEGREE DAYS
 HEATING
  TODAY            4                        23    -19       37
  MONTH TO DATE  356                       589   -233      492
  SINCE MAR 1    356                       589   -233      492
  SINCE JUL 1   4158                      5028   -870     4480

 COOLING
  TODAY            0                         0      0        0
  MONTH TO DATE    0                         0      0        0
  SINCE MAR 1      0                         0      0        0
  SINCE JAN 1      0                         0      0        0
..................................................................


WIND (MPH)
  HIGHEST WIND SPEED    40   HIGHEST WIND DIRECTION    SW (210)
  HIGHEST GUST SPEED    51   HIGHEST GUST DIRECTION    SW (210)
  AVERAGE WIND SPEED    16.6


SKY COVER **
  POSSIBLE SUNSHINE  MM
  AVERAGE SKY COVER 0.4


WEATHER CONDITIONS
 THE FOLLOWING WEATHER WAS RECORDED TODAY.
  NO SIGNIFICANT WEATHER WAS OBSERVED.


RELATIVE HUMIDITY (PERCENT)
 HIGHEST    60           200 AM
 LOWEST      7           200 PM
 AVERAGE    34

..........................................................


THE DENVER CO CLIMATE NORMALS FOR TOMORROW
                         NORMAL    RECORD    YEAR
 MAXIMUM TEMPERATURE (F)   57        76      1896
 MINIMUM TEMPERATURE (F)   29        -3      1965


SUNRISE AND SUNSET
MARCH 23 2017.........SUNRISE   656 AM MDT   SUNSET   714 PM MDT
MARCH 24 2017.........SUNRISE   655 AM MDT   SUNSET   715 PM MDT


-  INDICATES NEGATIVE NUMBERS.
R  INDICATES RECORD WAS SET OR TIED.
MM INDICATES DATA IS MISSING.
T  INDICATES TRACE AMOUNT.




$$
