000
CDUS45 KBOU 260757
CLIDEN


CLIMATE REPORT
NATIONAL WEATHER SERVICE DENVER CO
1257 AM MST FRI DEC 26 2014


...................................

...THE DENVER CO CLIMATE SUMMARY FOR DECEMBER 25 2014...

CLIMATE NORMAL PERIOD 1981 TO 2010
CLIMATE RECORD PERIOD 1872 TO 2014


WEATHER ITEM   OBSERVED TIME   RECORD YEAR NORMAL DEPARTURE LAST
                VALUE   (LST)  VALUE       VALUE  FROM      YEAR
                                                  NORMAL
..................................................................
TEMPERATURE (F)
 YESTERDAY
  MAXIMUM         46    901 AM  69    2005  42      4       42
  MINIMUM         19   1159 PM -15    1876  17      2       15
  AVERAGE         33                        30      3       29

PRECIPITATION (IN)
  YESTERDAY        0.10          0.61 1922   0.01   0.09     0.00
  MONTH TO DATE    0.30                      0.29   0.01     0.21
  SINCE DEC 1      0.30                      0.29   0.01     0.21
  SINCE JAN 1     18.48                     14.24   4.24    17.56

SNOWFALL (IN)
  YESTERDAY        3.4
  MONTH TO DATE    4.4
  SINCE DEC 1      4.4
  SINCE JUL 1      8.4
  SNOW DEPTH       0


DEGREE DAYS
 HEATING
  YESTERDAY       32                        35     -3       36
  MONTH TO DATE  711                       877   -166      961
  SINCE DEC 1    711                       877   -166      961
  SINCE JUL 1   1965                      2259   -294     2284

 COOLING
  YESTERDAY        0                         0      0        0
  MONTH TO DATE    0                         0      0        0
  SINCE DEC 1      0                         0      0        0
  SINCE JAN 1    701                       769    -68      999
..................................................................


WIND (MPH)
  HIGHEST WIND SPEED    25   HIGHEST WIND DIRECTION    NE (30)
  HIGHEST GUST SPEED    29   HIGHEST GUST DIRECTION    NE (30)
  AVERAGE WIND SPEED    13.6


SKY COVER **
  POSSIBLE SUNSHINE  MM
  AVERAGE SKY COVER 0.8


WEATHER CONDITIONS
 THE FOLLOWING WEATHER WAS RECORDED YESTERDAY.
  SNOW
  LIGHT SNOW
  FOG


RELATIVE HUMIDITY (PERCENT)
 HIGHEST    92           600 PM
 LOWEST     37          1200 AM
 AVERAGE    65

..........................................................


THE DENVER CO CLIMATE NORMALS FOR TODAY
                         NORMAL    RECORD    YEAR
 MAXIMUM TEMPERATURE (F)   42        68      1980
 MINIMUM TEMPERATURE (F)   17        -5      1982
                                             1916
                                             1878


SUNRISE AND SUNSET
DECEMBER 26 2014......SUNRISE   719 AM MST   SUNSET   440 PM MST
DECEMBER 27 2014......SUNRISE   719 AM MST   SUNSET   441 PM MST


-  INDICATES NEGATIVE NUMBERS.
R  INDICATES RECORD WAS SET OR TIED.
MM INDICATES DATA IS MISSING.
T  INDICATES TRACE AMOUNT.

&&

** SUNSHINE DATA WILL NO LONGER BE AVAILABLE EFFECTIVE OCTOBER 1ST 2009.




$$
