000
CDUS45 KBOU 282330
CLIDEN


CLIMATE REPORT
NATIONAL WEATHER SERVICE DENVER/BOULDER CO
529 PM MDT SAT MAY 28 2016


...................................

...THE DENVER CO CLIMATE SUMMARY FOR MAY 28 2016...
VALID TODAY AS OF 0500 PM LOCAL TIME.

CLIMATE NORMAL PERIOD 1981 TO 2010
CLIMATE RECORD PERIOD 1872 TO 2016


WEATHER ITEM   OBSERVED TIME   RECORD YEAR NORMAL DEPARTURE LAST
                VALUE   (LST)  VALUE       VALUE  FROM      YEAR
                                                  NORMAL
..................................................................
TEMPERATURE (F)
 TODAY
  MAXIMUM         72    255 PM  93    1974  76     -4       73
  MINIMUM         43    400 AM  32    1947  47     -4       50
  AVERAGE         58                        61     -3       62

PRECIPITATION (IN)
  TODAY            T             1.24 1898   0.07  -0.07     0.02
  MONTH TO DATE    2.32                      1.88   0.44     3.74
  SINCE MAR 1      6.06                      4.51   1.55     7.18
  SINCE JAN 1      7.04                      5.29   1.75     8.81

DEGREE DAYS
 HEATING
  TODAY            7                         5      2        3
  MONTH TO DATE  310                       250     60      350
  SINCE MAR 1   1552                      1542     10     1442
  SINCE JUL 1   5540                      5981   -441     5555

 COOLING
  TODAY            0                         1     -1        0
  MONTH TO DATE    3                        13    -10        0
  SINCE MAR 1      3                        14    -11        0
  SINCE JAN 1      3                        14    -11        0
..................................................................


WIND (MPH)
  HIGHEST WIND SPEED    25   HIGHEST WIND DIRECTION    NW (330)
  HIGHEST GUST SPEED    29   HIGHEST GUST DIRECTION     N (350)
  AVERAGE WIND SPEED     8.8


SKY COVER **
  POSSIBLE SUNSHINE  MM
  AVERAGE SKY COVER 0.4


WEATHER CONDITIONS
 THE FOLLOWING WEATHER WAS RECORDED TODAY.
  THUNDERSTORM
  LIGHT RAIN


RELATIVE HUMIDITY (PERCENT)
 HIGHEST    83          1200 AM
 LOWEST     32          1200 PM
 AVERAGE    58

..........................................................


THE DENVER CO CLIMATE NORMALS FOR TOMORROW
                         NORMAL    RECORD    YEAR
 MAXIMUM TEMPERATURE (F)   76        94      2003
 MINIMUM TEMPERATURE (F)   47        32      1883


SUNRISE AND SUNSET
MAY 28 2016...........SUNRISE   533 AM MDT   SUNSET   819 PM MDT
MAY 29 2016...........SUNRISE   533 AM MDT   SUNSET   819 PM MDT


-  INDICATES NEGATIVE NUMBERS.
R  INDICATES RECORD WAS SET OR TIED.
MM INDICATES DATA IS MISSING.
T  INDICATES TRACE AMOUNT.




$$
