000
CDUS45 KBOU 261237
CLIDEN


CLIMATE REPORT
NATIONAL WEATHER SERVICE DENVER/BOULDER CO
637 AM MDT MON JUN 26 2017


...................................

...THE DENVER CO CLIMATE SUMMARY FOR JUNE 26 2017...
VALID AS OF 0600 AM LOCAL TIME.

CLIMATE NORMAL PERIOD 1981 TO 2010
CLIMATE RECORD PERIOD 1872 TO 2017


WEATHER ITEM   OBSERVED TIME   RECORD YEAR NORMAL DEPARTURE LAST
                VALUE   (LST)  VALUE       VALUE  FROM      YEAR
                                                  NORMAL
..................................................................
TEMPERATURE (F)
 TODAY
  MAXIMUM         60   1206 AM 105    2012  86    -26       92
  MINIMUM         54    420 AM  40    1968  55     -1       53
  AVERAGE         57                        71    -14       73

PRECIPITATION (IN)
  TODAY            0.00          1.37 1983   0.07  -0.07     0.00
  MONTH TO DATE    0.12                      1.75  -1.63     1.62
  SINCE JUN 1      0.12                      1.75  -1.63     1.62
  SINCE JAN 1      6.43                      7.28  -0.85     8.72

..................................................................


WIND (MPH)
  HIGHEST WIND SPEED    14   HIGHEST WIND DIRECTION     S (170)
  HIGHEST GUST SPEED    17   HIGHEST GUST DIRECTION     S (180)
  AVERAGE WIND SPEED    10.4




RELATIVE HUMIDITY (PERCENT)
 HIGHEST    86           100 AM
 LOWEST     78          1200 AM
 AVERAGE    82

..........................................................


THE DENVER CO CLIMATE NORMALS FOR TOMORROW
                         NORMAL    RECORD    YEAR
 MAXIMUM TEMPERATURE (F)   86       102      1990
 MINIMUM TEMPERATURE (F)   56        43      1985


SUNRISE AND SUNSET
JUNE 26 2017..........SUNRISE   532 AM MDT   SUNSET   831 PM MDT
JUNE 27 2017..........SUNRISE   533 AM MDT   SUNSET   831 PM MDT


-  INDICATES NEGATIVE NUMBERS.
R  INDICATES RECORD WAS SET OR TIED.
MM INDICATES DATA IS MISSING.
T  INDICATES TRACE AMOUNT.




$$
