000
CDUS44 KSHV 180854
CLIDEQ


CLIMATE REPORT
NATIONAL WEATHER SERVICE SHREVEPORT, LA
254 AM CST SAT NOV 18 2017


...................................

...THE DE QUEEN CLIMATE SUMMARY FOR NOVEMBER 17 2017...

CLIMATE NORMAL PERIOD 1981 TO 2010
CLIMATE RECORD PERIOD 1902 TO 2017


WEATHER ITEM   OBSERVED TIME   RECORD YEAR NORMAL DEPARTURE LAST
                VALUE   (LST)  VALUE       VALUE  FROM      YEAR
                                                  NORMAL
..................................................................
TEMPERATURE (F)
 YESTERDAY
  MAXIMUM         76    335 PM  85    2013  65     11       78
  MINIMUM         58    540 AM  20    1959  38     20       42
  AVERAGE         67                        51     16       60

PRECIPITATION (IN)
  YESTERDAY        T             1.88 1996   0.18  -0.18     0.00
  MONTH TO DATE    0.58                      2.92  -2.34     0.05
  SINCE DEC 1     38.23                     47.00  -8.77    41.12
  SINCE JAN 1     35.52                     42.64  -7.12    30.84

SNOWFALL (IN)
  YESTERDAY        0.0
  MONTH TO DATE    0.0
  SINCE SEP 1      0.0
  SINCE JUL 1      0.0
  SNOW DEPTH       0

DEGREE DAYS
 HEATING
  YESTERDAY        0                        14    -14        5
  MONTH TO DATE  107                       177    -70       94
  SINCE SEP 1    278                       310    -32      122
  SINCE JUL 1    278                       310    -32      122

 COOLING
  YESTERDAY        2                         0      2        0
  MONTH TO DATE   45                         5     40       16
  SINCE SEP 1    454                       347    107      502
  SINCE JAN 1   2088                      1939    149     2239
..................................................................


WIND (MPH)
  HIGHEST WIND SPEED    17   HIGHEST WIND DIRECTION    SW (210)
  HIGHEST GUST SPEED    26   HIGHEST GUST DIRECTION     S (200)
  AVERAGE WIND SPEED     6.7


SKY COVER
  POSSIBLE SUNSHINE  MM
  AVERAGE SKY COVER 0.8


WEATHER CONDITIONS
 THE FOLLOWING WEATHER WAS RECORDED YESTERDAY.
  LIGHT RAIN
  FOG


RELATIVE HUMIDITY (PERCENT)
 HIGHEST   100           800 AM
 LOWEST     74           300 PM
 AVERAGE    87

..........................................................


THE DE QUEEN CLIMATE NORMALS FOR TODAY
                         NORMAL    RECORD    YEAR
 MAXIMUM TEMPERATURE (F)   64        79      1938
 MINIMUM TEMPERATURE (F)   38        13      1951


SUNRISE AND SUNSET
NOVEMBER 18 2017......SUNRISE   653 AM CST   SUNSET   512 PM CST
NOVEMBER 19 2017......SUNRISE   654 AM CST   SUNSET   512 PM CST


-  INDICATES NEGATIVE NUMBERS.
R  INDICATES RECORD WAS SET OR TIED.
MM INDICATES DATA IS MISSING.
T  INDICATES TRACE AMOUNT.




$$
