000
CDUS44 KSHV 212153
CLIDEQ


CLIMATE REPORT
NATIONAL WEATHER SERVICE SHREVEPORT, LA
450 PM CDT THU SEP 21 2017


...................................

...THE DE QUEEN CLIMATE SUMMARY FOR SEPTEMBER 21 2017...
VALID TODAY AS OF 0400 PM LOCAL TIME.

CLIMATE NORMAL PERIOD 1981 TO 2010
CLIMATE RECORD PERIOD 1902 TO 2017


WEATHER ITEM   OBSERVED TIME   RECORD YEAR NORMAL DEPARTURE LAST
                VALUE   (LST)  VALUE       VALUE  FROM      YEAR
                                                  NORMAL
..................................................................
TEMPERATURE (F)
 TODAY
  MAXIMUM         93    246 PM 101    2005  84      9       92
  MINIMUM         70    432 AM  43    1981  59     11       65
  AVERAGE         82                        72     10       79

PRECIPITATION (IN)
  TODAY            0.00          2.17 1979   0.11  -0.11     0.00
  MONTH TO DATE    0.01                      2.53  -2.52     2.26
  SINCE DEC 1     35.96                     38.48  -2.52    40.27
  SINCE JAN 1     33.25                     34.12  -0.87    29.99

DEGREE DAYS
 HEATING
  TODAY            0                         0      0        0
  MONTH TO DATE    0                         0      0        0
  SINCE SEP 1      0                         0      0        0
  SINCE JUL 1      0                         0      0        0

 COOLING
  TODAY           17                         7     10       14
  MONTH TO DATE  185                       225    -40      279
  SINCE SEP 1    185                       225    -40      279
  SINCE JAN 1   1819                      1817      2     2016
..................................................................


WIND (MPH)
  HIGHEST WIND SPEED    13   HIGHEST WIND DIRECTION     S (180)
  HIGHEST GUST SPEED    16   HIGHEST GUST DIRECTION     S (180)
  AVERAGE WIND SPEED     4.2


SKY COVER
  POSSIBLE SUNSHINE  MM
  AVERAGE SKY COVER 0.6


WEATHER CONDITIONS
 THE FOLLOWING WEATHER WAS RECORDED TODAY.
  FOG
  HAZE


RELATIVE HUMIDITY (PERCENT)
 HIGHEST   100           300 AM
 LOWEST     52           300 PM
 AVERAGE    76

..........................................................


THE DE QUEEN CLIMATE NORMALS FOR TOMORROW
                         NORMAL    RECORD    YEAR
 MAXIMUM TEMPERATURE (F)   84        99      2005
 MINIMUM TEMPERATURE (F)   59        38      1983


SUNRISE AND SUNSET
SEPTEMBER 21 2017.....SUNRISE   705 AM CDT   SUNSET   715 PM CDT
SEPTEMBER 22 2017.....SUNRISE   706 AM CDT   SUNSET   714 PM CDT


-  INDICATES NEGATIVE NUMBERS.
R  INDICATES RECORD WAS SET OR TIED.
MM INDICATES DATA IS MISSING.
T  INDICATES TRACE AMOUNT.




$$
