000
CDUS44 KSHV 010750
CLIDEQ


CLIMATE REPORT
NATIONAL WEATHER SERVICE SHREVEPORT, LA
249 AM CDT SAT AUG 1 2015


...................................

...THE DE QUEEN CLIMATE SUMMARY FOR JULY 31 2015...

CLIMATE NORMAL PERIOD 1981 TO 2010
CLIMATE RECORD PERIOD 1902 TO 2015


WEATHER ITEM   OBSERVED TIME   RECORD YEAR NORMAL DEPARTURE LAST
                VALUE   (LST)  VALUE       VALUE  FROM      YEAR
                                                  NORMAL
..................................................................
TEMPERATURE (F)
 YESTERDAY
  MAXIMUM         93    358 PM 106    2011  93      0       69
                                      1986
  MINIMUM         67    553 AM  53    1971  70     -3       65
  AVERAGE         80                        81     -1       67

PRECIPITATION (IN)
  YESTERDAY        0.00          3.02 2014   0.11  -0.11     3.02
  MONTH TO DATE    2.70                      3.78  -1.08     8.41
  SINCE DEC 1     37.53                     33.78   3.75    26.75
  SINCE JAN 1     35.81                     29.42   6.39    24.82

SNOWFALL (IN)
  YESTERDAY        0.0
  MONTH TO DATE    0.0
  SINCE JUN 1      0.0
  SINCE JUL 1      0.0
  SNOW DEPTH       0

DEGREE DAYS
 HEATING
  YESTERDAY        0                         0      0        0
  MONTH TO DATE    0                         0      0        0
  SINCE JUN 1      0                         0      0        0
  SINCE JUL 1      0                         0      0        0

 COOLING
  YESTERDAY       15                        16     -1        2
  MONTH TO DATE  544                       497     47      357
  SINCE JUN 1    977                       875    102      679
  SINCE JAN 1   1211                      1092    119      886
..................................................................


WIND (MPH)
  HIGHEST WIND SPEED    13   HIGHEST WIND DIRECTION     E (110)
  HIGHEST GUST SPEED    17   HIGHEST GUST DIRECTION    SE (120)
  AVERAGE WIND SPEED     2.8


SKY COVER
  POSSIBLE SUNSHINE  MM
  AVERAGE SKY COVER 0.3


WEATHER CONDITIONS
 THE FOLLOWING WEATHER WAS RECORDED YESTERDAY.
  FOG
  FOG W/VISIBILITY <= 1/4 MILE


RELATIVE HUMIDITY (PERCENT)
 HIGHEST   100          1200 AM
 LOWEST     36           400 PM
 AVERAGE    68

..........................................................


THE DE QUEEN CLIMATE NORMALS FOR TODAY
                         NORMAL    RECORD    YEAR
 MAXIMUM TEMPERATURE (F)   93       108      2011
                                             1986
 MINIMUM TEMPERATURE (F)   70        57      1971


SUNRISE AND SUNSET
AUGUST  1 2015........SUNRISE   629 AM CDT   SUNSET   819 PM CDT
AUGUST  2 2015........SUNRISE   630 AM CDT   SUNSET   818 PM CDT


-  INDICATES NEGATIVE NUMBERS.
R  INDICATES RECORD WAS SET OR TIED.
MM INDICATES DATA IS MISSING.
T  INDICATES TRACE AMOUNT.




$$
