000
CDUS44 KSHV 030747
CLIDEQ


CLIMATE REPORT
NATIONAL WEATHER SERVICE SHREVEPORT, LA
239 AM CDT WED JUN 3 2015


...................................

...THE DE QUEEN CLIMATE SUMMARY FOR JUNE 2 2015...

CLIMATE NORMAL PERIOD 1981 TO 2010
CLIMATE RECORD PERIOD 1902 TO 2015


WEATHER ITEM   OBSERVED TIME   RECORD YEAR NORMAL DEPARTURE LAST
                VALUE   (LST)  VALUE       VALUE  FROM      YEAR
                                                  NORMAL
..................................................................
TEMPERATURE (F)
 YESTERDAY
  MAXIMUM         83    451 PM  96    1998  85     -2       86
  MINIMUM         62    542 AM  47    1956  64     -2       71
  AVERAGE         73                        74     -1       79

PRECIPITATION (IN)
  YESTERDAY        0.00          2.05 1941   0.13  -0.13     0.00
  MONTH TO DATE    0.00                      0.26  -0.26     0.01
  SINCE DEC 1     31.47                     25.75   5.72    16.58
  SINCE JAN 1     29.75                     21.39   8.36    14.65

SNOWFALL (IN)
  YESTERDAY        0.0
  MONTH TO DATE    0.0
  SINCE JUN 1      0.0
  SINCE JUL 1      7.9
  SNOW DEPTH       0

DEGREE DAYS
 HEATING
  YESTERDAY        0                         0      0        0
  MONTH TO DATE    0                         0      0        0
  SINCE JUN 1      0                         0      0        0
  SINCE JUL 1   3107                      3042     65     3464

 COOLING
  YESTERDAY        8                         9     -1       14
  MONTH TO DATE   15                        18     -3       28
  SINCE JUN 1     15                        18     -3       28
  SINCE JAN 1    249                       235     14      235
..................................................................


WIND (MPH)
  HIGHEST WIND SPEED     9   HIGHEST WIND DIRECTION    SE (120)
  HIGHEST GUST SPEED    11   HIGHEST GUST DIRECTION    SE (130)
  AVERAGE WIND SPEED     2.1


SKY COVER
  POSSIBLE SUNSHINE  MM
  AVERAGE SKY COVER 0.4


WEATHER CONDITIONS
 THE FOLLOWING WEATHER WAS RECORDED YESTERDAY.
  FOG
  FOG W/VISIBILITY <= 1/4 MILE
  HAZE


RELATIVE HUMIDITY (PERCENT)
 HIGHEST   100           100 AM
 LOWEST     58           200 PM
 AVERAGE    79

..........................................................


THE DE QUEEN CLIMATE NORMALS FOR TODAY
                         NORMAL    RECORD    YEAR
 MAXIMUM TEMPERATURE (F)   85        98      1977
 MINIMUM TEMPERATURE (F)   64        46      1970


SUNRISE AND SUNSET
JUNE  3 2015..........SUNRISE   607 AM CDT   SUNSET   825 PM CDT
JUNE  4 2015..........SUNRISE   607 AM CDT   SUNSET   825 PM CDT


-  INDICATES NEGATIVE NUMBERS.
R  INDICATES RECORD WAS SET OR TIED.
MM INDICATES DATA IS MISSING.
T  INDICATES TRACE AMOUNT.




$$
