000
CDUS44 KSHV 210839
CLIDEQ


CLIMATE REPORT
NATIONAL WEATHER SERVICE SHREVEPORT, LA
239 AM CST SUN JAN 21 2018


...................................

...THE DE QUEEN CLIMATE SUMMARY FOR JANUARY 20 2018...

CLIMATE NORMAL PERIOD 1981 TO 2010
CLIMATE RECORD PERIOD 1902 TO 2018


WEATHER ITEM   OBSERVED TIME   RECORD YEAR NORMAL DEPARTURE LAST
                VALUE   (LST)  VALUE       VALUE  FROM      YEAR
                                                  NORMAL
..................................................................
TEMPERATURE (F)
 YESTERDAY
  MAXIMUM         62   1159 PM  80    1954  54      8       71
  MINIMUM         42    211 AM   5    1985  29     13       44
  AVERAGE         52                        41     11       58

PRECIPITATION (IN)
  YESTERDAY        T             1.31 1938   0.09  -0.09     0.00
  MONTH TO DATE    0.59                      2.14  -1.55     2.59
  SINCE DEC 1      5.84                      6.50  -0.66     5.30
  SINCE JAN 1      0.59                      2.14  -1.55     2.59

SNOWFALL (IN)
  YESTERDAY       MM
  MONTH TO DATE    0.1
  SINCE DEC 1      0.1
  SINCE JUL 1      0.1
  SNOW DEPTH       0

DEGREE DAYS
 HEATING
  YESTERDAY       13                        24    -11        7
  MONTH TO DATE  600                       474    126      352
  SINCE DEC 1   1231                      1157     74      943
  SINCE JUL 1   1694                      1683     11     1257

 COOLING
  YESTERDAY        0                         0      0        0
  MONTH TO DATE    0                         0      0        3
  SINCE DEC 1      1                         0      1        5
  SINCE JAN 1      0                         0      0        3
..................................................................


WIND (MPH)
  HIGHEST WIND SPEED     9   HIGHEST WIND DIRECTION     S (170)
  HIGHEST GUST SPEED    14   HIGHEST GUST DIRECTION    SE (150)
  AVERAGE WIND SPEED     4.2


SKY COVER
  POSSIBLE SUNSHINE  MM
  AVERAGE SKY COVER 1.0


WEATHER CONDITIONS
 THE FOLLOWING WEATHER WAS RECORDED YESTERDAY.
  LIGHT RAIN
  FOG


RELATIVE HUMIDITY (PERCENT)
 HIGHEST   100          1200 PM
 LOWEST     58          1200 AM
 AVERAGE    79

..........................................................


THE DE QUEEN CLIMATE NORMALS FOR TODAY
                         NORMAL    RECORD    YEAR
 MAXIMUM TEMPERATURE (F)   54        76      1986
 MINIMUM TEMPERATURE (F)   29         8      1985


SUNRISE AND SUNSET
JANUARY 21 2018.......SUNRISE   721 AM CST   SUNSET   537 PM CST
JANUARY 22 2018.......SUNRISE   720 AM CST   SUNSET   538 PM CST


-  INDICATES NEGATIVE NUMBERS.
R  INDICATES RECORD WAS SET OR TIED.
MM INDICATES DATA IS MISSING.
T  INDICATES TRACE AMOUNT.




$$
