000
CDUS46 KOTX 290826
CLIDEW


CLIMATE REPORT
NATIONAL WEATHER SERVICE SPOKANE, WA
124 AM PDT SAT AUG 29 2015


...................................

...THE DEER_PARK WA AIRPORT CLIMATE SUMMARY FOR AUGUST 28 2015...

CLIMATE NORMAL PERIOD 1981 TO 2010
CLIMATE RECORD PERIOD 9999 TO 9999


WEATHER ITEM   OBSERVED TIME   RECORD YEAR NORMAL DEPARTURE LAST
                VALUE   (LST)  VALUE       VALUE  FROM      YEAR
                                                  NORMAL
..................................................................
TEMPERATURE (F)
 YESTERDAY
  MAXIMUM         80    232 PM  MM      MM  81     -1       86
  MINIMUM         54    346 AM  MM      MM  45      9       52
  AVERAGE         67                        63      4       69

PRECIPITATION (IN)
  YESTERDAY        0.00         MM      MM   0.04  -0.04     0.00
  MONTH TO DATE    0.09                      0.73  -0.64     0.89
  SINCE OCT 1     16.71                     21.15  -4.44    18.37
  SINCE JAN 1     10.32                     13.33  -3.01    14.57

SNOWFALL (IN)
  YESTERDAY       MM

DEGREE DAYS
 HEATING
  YESTERDAY        0                         4     -4        0
  MONTH TO DATE   27                        63    -36        8
  SINCE JUN 1    119                       331   -212      232
  SINCE JUL 1     41                       131    -90       26

 COOLING
  YESTERDAY        2                         1      1        4
  MONTH TO DATE  112                        71     41      134
  SINCE JUN 1    373                       165    208      346
  SINCE JAN 1    384                       168    216      346
..................................................................


WIND (MPH)
  HIGHEST WIND SPEED    17   HIGHEST WIND DIRECTION    SE (150)
  HIGHEST GUST SPEED    22   HIGHEST GUST DIRECTION    SE (150)
  AVERAGE WIND SPEED     4.5


SKY COVER
  POSSIBLE SUNSHINE  MM
  AVERAGE SKY COVER 0.2


WEATHER CONDITIONS
 THE FOLLOWING WEATHER WAS RECORDED YESTERDAY.
  HAZE


RELATIVE HUMIDITY (PERCENT)
 HIGHEST    55           200 AM
 LOWEST     28           500 PM
 AVERAGE    42

..........................................................


THE DEER_PARK WA AIRPORT CLIMATE NORMALS FOR TODAY
                         NORMAL    RECORD    YEAR
 MAXIMUM TEMPERATURE (F)   80        MM        MM
 MINIMUM TEMPERATURE (F)   44        MM        MM


SUNRISE AND SUNSET
AUGUST 29 2015........SUNRISE   603 AM PDT   SUNSET   737 PM PDT
AUGUST 30 2015........SUNRISE   605 AM PDT   SUNSET   735 PM PDT


-  INDICATES NEGATIVE NUMBERS.
R  INDICATES RECORD WAS SET OR TIED.
MM INDICATES DATA IS MISSING.
T  INDICATES TRACE AMOUNT.




$$
