000
CDUS44 KFWD 180637
CLIDFW

CLIMATE REPORT
NATIONAL WEATHER SERVICE FORT WORTH TX
136 AM CDT THU SEP 18 2014


...................................

...THE DALLAS FORT WORTH CLIMATE SUMMARY FOR SEPTEMBER 17 2014...

CLIMATE NORMAL PERIOD 1981 TO 2010
CLIMATE RECORD PERIOD 1898 TO 2014


WEATHER ITEM   OBSERVED TIME   RECORD YEAR NORMAL DEPARTURE LAST
                VALUE   (LST)  VALUE       VALUE  FROM      YEAR
                                                  NORMAL
..................................................................
TEMPERATURE (F)
 YESTERDAY
  MAXIMUM         95    253 PM  99    1997  88      7       93
  MINIMUM         73    620 AM  44    1903  67      6       79
  AVERAGE         84                        77      7       86

PRECIPITATION (IN)
  YESTERDAY        T             1.76 1908   0.07  -0.07     0.00
  MONTH TO DATE    0.06                      1.55  -1.49     0.26
  SINCE SEP 1      0.06                      1.55  -1.49     0.26
  SINCE JAN 1     15.97                     25.66  -9.69    18.93

DEGREE DAYS
 HEATING
  YESTERDAY        0                         0      0        0
  MONTH TO DATE    1                         0      1        0
  SINCE SEP 1      1                         0      1        0
  SINCE JUL 1      1                         0      1        0

 COOLING
  YESTERDAY       19                        13      6       21
  MONTH TO DATE  290                       261     29      372
  SINCE SEP 1    290                       261     29      372
  SINCE JAN 1   2546                      2443    103     2600
..................................................................


WIND (MPH)
  HIGHEST WIND SPEED    21   HIGHEST WIND DIRECTION     S (160)
  HIGHEST GUST SPEED    24   HIGHEST GUST DIRECTION     S (160)
  AVERAGE WIND SPEED     6.5


SKY COVER
  POSSIBLE SUNSHINE  MM
  AVERAGE SKY COVER 0.8


WEATHER CONDITIONS
 THE FOLLOWING WEATHER WAS RECORDED YESTERDAY.
  THUNDERSTORM
  LIGHT RAIN


RELATIVE HUMIDITY (PERCENT)
 HIGHEST    87           700 AM
 LOWEST     36           300 PM
 AVERAGE    62

..........................................................


THE DALLAS FORT WORTH CLIMATE NORMALS FOR TODAY
                         NORMAL    RECORD    YEAR
 MAXIMUM TEMPERATURE (F)   88       100      1975
 MINIMUM TEMPERATURE (F)   67        47      1981


SUNRISE AND SUNSET
SEPTEMBER 18 2014.....SUNRISE   714 AM CDT   SUNSET   730 PM CDT
SEPTEMBER 19 2014.....SUNRISE   714 AM CDT   SUNSET   729 PM CDT


-  INDICATES NEGATIVE NUMBERS.
R  INDICATES RECORD WAS SET OR TIED.
MM INDICATES DATA IS MISSING.
T  INDICATES TRACE AMOUNT.




$$
