000
CDUS44 KFWD 242223
CLIDFW


CLIMATE REPORT
NATIONAL WEATHER SERVICE FORT WORTH TX
423 PM CST FRI NOV 24 2017


...................................

...THE DALLAS FORT WORTH CLIMATE SUMMARY FOR NOVEMBER 24 2017...
VALID AS OF 0400 PM LOCAL TIME.

CLIMATE NORMAL PERIOD 1981 TO 2010
CLIMATE RECORD PERIOD 1898 TO 2017


WEATHER ITEM   OBSERVED TIME   RECORD YEAR NORMAL DEPARTURE LAST
                VALUE   (LST)  VALUE       VALUE  FROM      YEAR
                                                  NORMAL
..................................................................
TEMPERATURE (F)
 TODAY
  MAXIMUM         79    302 PM  87    1965  63     16       73
                                      1910
  MINIMUM         45    706 AM  22    1950  43      2       44
  AVERAGE         62

PRECIPITATION (IN)
  TODAY            0.00          2.79 1944   0.07  -0.07     0.00
  MONTH TO DATE    0.81                      2.26  -1.45     2.41
  SINCE SEP 1      3.40                      9.03  -5.63     5.40
  SINCE JAN 1     32.06                     33.14  -1.08    34.07

SNOWFALL (IN)
  TODAY            0.0           T    2013   0.0    0.0      0.0
                                      1996
                                      1957
  MONTH TO DATE    0.0                       0.0    0.0      0.0
  SINCE SEP 1      0.0                       0.0    0.0      0.0
  SINCE JUL 1      0.0                       0.0    0.0      0.0
  SNOW DEPTH       0

..................................................................


WIND (MPH)
  HIGHEST WIND SPEED    22   HIGHEST WIND DIRECTION     S (190)
  HIGHEST GUST SPEED    27   HIGHEST GUST DIRECTION     S (180)
  AVERAGE WIND SPEED     9.3




..........................................................


THE DALLAS FORT WORTH CLIMATE NORMALS FOR TOMORROW
                         NORMAL    RECORD    YEAR
 MAXIMUM TEMPERATURE (F)   63        88      1965
 MINIMUM TEMPERATURE (F)   42        23      1993


SUNRISE AND SUNSET
NOVEMBER 24 2017......SUNRISE   707 AM CST   SUNSET   523 PM CST
NOVEMBER 25 2017......SUNRISE   708 AM CST   SUNSET   522 PM CST


-  INDICATES NEGATIVE NUMBERS.
R  INDICATES RECORD WAS SET OR TIED.
MM INDICATES DATA IS MISSING.
T  INDICATES TRACE AMOUNT.




$$
