000
CDUS44 KFWD 032121
CLIDFW


CLIMATE REPORT
NATIONAL WEATHER SERVICE FORT WORTH TX
421 PM CDT FRI JUL 3 2015


...................................

...THE DALLAS FORT WORTH CLIMATE SUMMARY FOR JULY 3 2015...
VALID AS OF 0400 PM LOCAL TIME.

CLIMATE NORMAL PERIOD 1981 TO 2010
CLIMATE RECORD PERIOD 1898 TO 2015


WEATHER ITEM   OBSERVED TIME   RECORD YEAR NORMAL DEPARTURE LAST
                VALUE   (LST)  VALUE       VALUE  FROM      YEAR
                                                  NORMAL
..................................................................
TEMPERATURE (F)
 TODAY
  MAXIMUM         92    258 PM 109    1980  94     -2       87
  MINIMUM         79    634 AM  63    1924  74      5       71
  AVERAGE         86

PRECIPITATION (IN)
  TODAY            0.00          2.02 2007   0.09  -0.09     0.00
  MONTH TO DATE    0.00                      0.28  -0.28     0.00
  SINCE JUN 1      3.95                      4.07  -0.12     3.26
  SINCE JAN 1     35.58                     20.32  15.26    10.59

..................................................................


WIND (MPH)
  HIGHEST WIND SPEED    23   HIGHEST WIND DIRECTION    SW (220)
  HIGHEST GUST SPEED    29   HIGHEST GUST DIRECTION    SW (220)
  AVERAGE WIND SPEED    16.0




..........................................................


THE DALLAS FORT WORTH CLIMATE NORMALS FOR TOMORROW
                         NORMAL    RECORD    YEAR
 MAXIMUM TEMPERATURE (F)   94       105      1996
 MINIMUM TEMPERATURE (F)   74        60      1924


SUNRISE AND SUNSET
JULY  3 2015..........SUNRISE   624 AM CDT   SUNSET   840 PM CDT
JULY  4 2015..........SUNRISE   625 AM CDT   SUNSET   840 PM CDT


-  INDICATES NEGATIVE NUMBERS.
R  INDICATES RECORD WAS SET OR TIED.
MM INDICATES DATA IS MISSING.
T  INDICATES TRACE AMOUNT.




$$
