319
CDUS44 KFWD 300712
CLIDFW


CLIMATE REPORT
NATIONAL WEATHER SERVICE FORT WORTH TX
212 AM CDT SAT APR 30 2016


...................................

...THE DALLAS FORT WORTH CLIMATE SUMMARY FOR APRIL 29 2016...

CLIMATE NORMAL PERIOD 1981 TO 2010
CLIMATE RECORD PERIOD 1898 TO 2016


WEATHER ITEM   OBSERVED TIME   RECORD YEAR NORMAL DEPARTURE LAST
                VALUE   (LST)  VALUE       VALUE  FROM      YEAR
                                                  NORMAL
..................................................................
TEMPERATURE (F)
 YESTERDAY
  MAXIMUM         87   1228 PM  97    1909  79      8       75
  MINIMUM         69   1159 PM  41    1908  59     10       49
  AVERAGE         78                        69      9       62

PRECIPITATION (IN)
  YESTERDAY        0.07          2.76 1966   0.13  -0.06     0.00
  MONTH TO DATE    4.60                      2.94   1.66     5.56
  SINCE MAR 1      7.27                      6.43   0.84     8.09
  SINCE JAN 1     10.51                     11.22  -0.71    14.67

SNOWFALL (IN)
  YESTERDAY        0.0           0.0    MM   0.0    0.0      0.0
  MONTH TO DATE    0.0                       0.0    0.0      0.0
  SINCE MAR 1      0.0                       0.2   -0.2      3.5
  SINCE JUL 1      T                         1.6   -1.6      5.8
  SNOW DEPTH       0

DEGREE DAYS
 HEATING
  YESTERDAY        0                         1     -1        3
  MONTH TO DATE   27                        82    -55       56
  SINCE MAR 1    169                       343   -174      357
  SINCE JUL 1   1580                      2275   -695     2393

 COOLING
  YESTERDAY       13                         5      8        0
  MONTH TO DATE  127                        94     33       89
  SINCE MAR 1    157                       126     31      123
  SINCE JAN 1    168                       133     35      123
..................................................................


WIND (MPH)
  HIGHEST WIND SPEED    26   HIGHEST WIND DIRECTION    SW (220)
  HIGHEST GUST SPEED    37   HIGHEST GUST DIRECTION    SW (210)
  AVERAGE WIND SPEED    10.2


SKY COVER
  POSSIBLE SUNSHINE  MM
  AVERAGE SKY COVER 0.8


WEATHER CONDITIONS
 THE FOLLOWING WEATHER WAS RECORDED YESTERDAY.
  THUNDERSTORM
  RAIN
  LIGHT RAIN
  FOG
  HAZE


RELATIVE HUMIDITY (PERCENT)
 HIGHEST    90          1100 PM
 LOWEST     61           100 PM
 AVERAGE    76

..........................................................


THE DALLAS FORT WORTH CLIMATE NORMALS FOR TODAY
                         NORMAL    RECORD    YEAR
 MAXIMUM TEMPERATURE (F)   80        95      1928
 MINIMUM TEMPERATURE (F)   59        35      1903


SUNRISE AND SUNSET
APRIL 30 2016.........SUNRISE   641 AM CDT   SUNSET   810 PM CDT
MAY  1 2016...........SUNRISE   640 AM CDT   SUNSET   810 PM CDT


-  INDICATES NEGATIVE NUMBERS.
R  INDICATES RECORD WAS SET OR TIED.
MM INDICATES DATA IS MISSING.
T  INDICATES TRACE AMOUNT.




$$
