000
CDUS44 KFWD 280644
CLIDFW


CLIMATE REPORT
NATIONAL WEATHER SERVICE FORT WORTH TX
1245 AM CST SAT FEB 28 2015


...................................

...THE DALLAS FORT WORTH CLIMATE SUMMARY FOR FEBRUARY 27 2015...

CLIMATE NORMAL PERIOD 1981 TO 2010
CLIMATE RECORD PERIOD 1898 TO 2015


WEATHER ITEM   OBSERVED TIME   RECORD YEAR NORMAL DEPARTURE LAST
                VALUE   (LST)  VALUE       VALUE  FROM      YEAR
                                                  NORMAL
..................................................................
TEMPERATURE (F)
 YESTERDAY
  MAXIMUM         30    103 AM  85    1918  63    -33       56
  MINIMUM         24   1139 AM  19    2002  43    -19       25
  AVERAGE         27                        53    -26       41

PRECIPITATION (IN)
  YESTERDAY        0.26          1.23 1907   0.11   0.15     0.00
  MONTH TO DATE    2.76                      2.55   0.21     0.41
  SINCE DEC 1      7.51                      7.23   0.28     3.50
  SINCE JAN 1      6.38                      4.68   1.70     0.74

SNOWFALL (IN)
  YESTERDAY        2.0 R         0.5  1934   0.0    2.0      0.0
  MONTH TO DATE    2.3                       0.4    1.9      0.7
  SINCE DEC 1      2.3                       1.0    1.3      2.8
  SINCE JUL 1      2.3                       1.0    1.3      2.8
  SNOW DEPTH       0

DEGREE DAYS
 HEATING
  YESTERDAY       38                        12     26       24
  MONTH TO DATE  501                       415     86      497
  SINCE DEC 1   1582                      1566     16     1771
  SINCE JUL 1   2000                      1920     80     2172

 COOLING
  YESTERDAY        0                         0      0        0
  MONTH TO DATE    0                         0      0        0
  SINCE DEC 1      1                         6     -5        0
  SINCE JAN 1      0                         2     -2        0
..................................................................


WIND (MPH)
  HIGHEST WIND SPEED    20   HIGHEST WIND DIRECTION    NE (30)
  HIGHEST GUST SPEED    25   HIGHEST GUST DIRECTION    NE (40)
  AVERAGE WIND SPEED    11.5


SKY COVER
  POSSIBLE SUNSHINE  MM
  AVERAGE SKY COVER 1.0


WEATHER CONDITIONS
 THE FOLLOWING WEATHER WAS RECORDED YESTERDAY.
  LT FREEZING RAIN
  SNOW
  LIGHT SNOW
  SLEET
  FOG


RELATIVE HUMIDITY (PERCENT)
 HIGHEST    88          1200 PM
 LOWEST     43          1200 AM
 AVERAGE    66

..........................................................


THE DALLAS FORT WORTH CLIMATE NORMALS FOR TODAY
                         NORMAL    RECORD    YEAR
 MAXIMUM TEMPERATURE (F)   63        88      1932
 MINIMUM TEMPERATURE (F)   43        19      1962


SUNRISE AND SUNSET
FEBRUARY 28 2015......SUNRISE   657 AM CST   SUNSET   624 PM CST
MARCH  1 2015.........SUNRISE   656 AM CST   SUNSET   625 PM CST


-  INDICATES NEGATIVE NUMBERS.
R  INDICATES RECORD WAS SET OR TIED.
MM INDICATES DATA IS MISSING.
T  INDICATES TRACE AMOUNT.




$$
