000
CDUS44 KFWD 040648
CLIDFW


CLIMATE REPORT
NATIONAL WEATHER SERVICE FORT WORTH TX
1248 AM CST SUN DEC 4 2016

...THE DALLAS FORT WORTH CLIMATE SUMMARY FOR DECEMBER 3 2016...

CLIMATE NORMAL PERIOD 1981 TO 2010
CLIMATE RECORD PERIOD 1898 TO 2016


WEATHER ITEM   OBSERVED TIME   RECORD YEAR NORMAL DEPARTURE LAST
                VALUE   (LST)  VALUE       VALUE  FROM      YEAR
                                                  NORMAL
..................................................................
TEMPERATURE (F)
 YESTERDAY
  MAXIMUM         57    113 AM  89    2005  60     -3       61
  MINIMUM         48   1159 PM  21    1929  40      8       35
  AVERAGE         53                        50      3       48

PRECIPITATION (IN)
  YESTERDAY        0.37          1.48 1998   0.09   0.28     0.00
  MONTH TO DATE    0.38                      0.25   0.13     0.00
  SINCE DEC 1      0.38                      0.25   0.13     0.00
  SINCE JAN 1     35.26                     33.84   1.42    58.78

SNOWFALL (IN)
  YESTERDAY       MM             T    1919   0.0   MM        0.0
                                      1902
  MONTH TO DATE    0.0                       0.0    0.0      0.0
  SINCE DEC 1      0.0                       0.0    0.0      0.0
  SINCE JUL 1      0.0                       T      0.0      0.0
  SNOW DEPTH       0

DEGREE DAYS
 HEATING
  YESTERDAY       12                        15     -3       17
  MONTH TO DATE   36                        45     -9       53
  SINCE DEC 1     36                        45     -9       53
  SINCE JUL 1    138                       399   -261      268

 COOLING
  YESTERDAY        0                         0      0        0
  MONTH TO DATE    0                         0      0        0
  SINCE DEC 1      0                         0      0        0
  SINCE JAN 1   3207                      2752    455     3001
..................................................................


WIND (MPH)
  HIGHEST WIND SPEED    18   HIGHEST WIND DIRECTION     E (70)
  HIGHEST GUST SPEED    24   HIGHEST GUST DIRECTION    NE (60)
  AVERAGE WIND SPEED    10.3


SKY COVER
  POSSIBLE SUNSHINE  MM
  AVERAGE SKY COVER 1.0


WEATHER CONDITIONS
 THE FOLLOWING WEATHER WAS RECORDED YESTERDAY.
  RAIN
  LIGHT RAIN
  FOG


RELATIVE HUMIDITY (PERCENT)
 HIGHEST    93           600 PM
 LOWEST     47          1200 AM
 AVERAGE    70

..........................................................


THE DALLAS FORT WORTH CLIMATE NORMALS FOR TODAY
                         NORMAL    RECORD    YEAR
 MAXIMUM TEMPERATURE (F)   60        83      1977
 MINIMUM TEMPERATURE (F)   39        22      2006


SUNRISE AND SUNSET
DECEMBER  4 2016......SUNRISE   716 AM CST   SUNSET   521 PM CST
DECEMBER  5 2016......SUNRISE   716 AM CST   SUNSET   521 PM CST


-  INDICATES NEGATIVE NUMBERS.
R  INDICATES RECORD WAS SET OR TIED.
MM INDICATES DATA IS MISSING.
T  INDICATES TRACE AMOUNT.




$$
