000
CDUS44 KFWD 240646
CLIDFW


CLIMATE REPORT
NATIONAL WEATHER SERVICE FORT WORTH TX
146 AM CDT SUN MAY 24 2015

...THE DALLAS FORT WORTH CLIMATE SUMMARY FOR MAY 23 2015...

CLIMATE NORMAL PERIOD 1981 TO 2010
CLIMATE RECORD PERIOD 1898 TO 2015


WEATHER ITEM   OBSERVED TIME   RECORD YEAR NORMAL DEPARTURE LAST
                VALUE   (LST)  VALUE       VALUE  FROM      YEAR
                                                  NORMAL
..................................................................
TEMPERATURE (F)
 YESTERDAY
  MAXIMUM         81    251 PM  96    1996  86     -5       84
                                      1962
  MINIMUM         67   1159 PM  50    1917  66      1       72
  AVERAGE         74                        76     -2       78

PRECIPITATION (IN)
  YESTERDAY        0.73          3.91 1908   0.15   0.58     0.00
  MONTH TO DATE    8.15                      3.65   4.50     1.23
  SINCE MAR 1     16.24                     10.21   6.03     4.42
  SINCE JAN 1     22.82                     15.00   7.82     5.16

DEGREE DAYS
 HEATING
  YESTERDAY        0                         0      0        0
  MONTH TO DATE    6                         6      0        9
  SINCE MAR 1    363                       350     13      430
  SINCE JUL 1   2399                      2282    117     2603

 COOLING
  YESTERDAY        9                        11     -2       13
  MONTH TO DATE  150                       187    -37      208
  SINCE MAR 1    273                       318    -45      375
  SINCE JAN 1    273                       325    -52      375
..................................................................


WIND (MPH)
  HIGHEST WIND SPEED    28   HIGHEST WIND DIRECTION    SE (150)
  HIGHEST GUST SPEED    38   HIGHEST GUST DIRECTION    SE (140)
  AVERAGE WIND SPEED    12.8


SKY COVER
  POSSIBLE SUNSHINE  MM
  AVERAGE SKY COVER 0.9


WEATHER CONDITIONS
 THE FOLLOWING WEATHER WAS RECORDED YESTERDAY.
  THUNDERSTORM
  HEAVY RAIN
  RAIN
  LIGHT RAIN
  FOG


RELATIVE HUMIDITY (PERCENT)
 HIGHEST   100          1200 AM
 LOWEST     74           300 PM
 AVERAGE    87

..........................................................


THE DALLAS FORT WORTH CLIMATE NORMALS FOR TODAY
                         NORMAL    RECORD    YEAR
 MAXIMUM TEMPERATURE (F)   86        96      1996
 MINIMUM TEMPERATURE (F)   67        54      1940


SUNRISE AND SUNSET
MAY 24 2015...........SUNRISE   624 AM CDT   SUNSET   826 PM CDT
MAY 25 2015...........SUNRISE   623 AM CDT   SUNSET   827 PM CDT


-  INDICATES NEGATIVE NUMBERS.
R  INDICATES RECORD WAS SET OR TIED.
MM INDICATES DATA IS MISSING.
T  INDICATES TRACE AMOUNT.




$$
