000
CDUS43 KDDC 231012
CLIDGC


CLIMATE REPORT
NATIONAL WEATHER SERVICE DODGE CITY KS
511 AM CDT WED APR 23 2014


...................................

...THE DODGE CITY KS CLIMATE SUMMARY FOR APRIL 22 2014...

CLIMATE NORMAL PERIOD 1981 TO 2010
CLIMATE RECORD PERIOD 1875 TO 2014


WEATHER ITEM   OBSERVED TIME   RECORD YEAR NORMAL DEPARTURE LAST
                VALUE   (LST)  VALUE       VALUE  FROM      YEAR
                                                  NORMAL
..................................................................
TEMPERATURE (F)
 YESTERDAY
  MAXIMUM         78    447 PM 100    1989  70      8       76
  MINIMUM         41    538 AM  26    1892  43     -2       29
  AVERAGE         60                        56      4       53

PRECIPITATION (IN)
  YESTERDAY        0.00          1.58 1933   0.06  -0.06     0.02
  MONTH TO DATE    0.46                      1.26  -0.80     0.30
  SINCE MAR 1      0.73                      2.85  -2.12     0.56
  SINCE JAN 1      1.57                      4.11  -2.54     1.94

SNOWFALL (IN)
  YESTERDAY        0.0           0.3  1907   0.0    0.0       T
  MONTH TO DATE    2.2                       1.0    1.2       T
  SINCE MAR 1      6.6                       5.9    0.7      2.1
  SINCE JUL 1     31.1                      21.0   10.1     25.5
  SNOW DEPTH       0

DEGREE DAYS
 HEATING
  YESTERDAY        5                        10     -5       12
  MONTH TO DATE  283                       285     -2      401
  SINCE MAR 1   1035                       925    110     1099
  SINCE JUL 1   5192                      4772    420     4810

 COOLING
  YESTERDAY        0                         1     -1        0
  MONTH TO DATE   10                         7      3        3
  SINCE MAR 1     10                         8      2        3
  SINCE JAN 1     10                         8      2        3
..................................................................


WIND (MPH)
  HIGHEST WIND SPEED    30   HIGHEST WIND DIRECTION     S (160)
  HIGHEST GUST SPEED    37   HIGHEST GUST DIRECTION     S (180)
  AVERAGE WIND SPEED    17.4


SKY COVER
  POSSIBLE SUNSHINE  MM
  AVERAGE SKY COVER 0.2


WEATHER CONDITIONS
 THE FOLLOWING WEATHER WAS RECORDED YESTERDAY.
  NO SIGNIFICANT WEATHER WAS OBSERVED.


RELATIVE HUMIDITY (PERCENT)
 HIGHEST    65           100 AM
 LOWEST     19           100 PM
 AVERAGE    42

..........................................................


THE DODGE CITY KS CLIMATE NORMALS FOR TODAY
                         NORMAL    RECORD    YEAR
 MAXIMUM TEMPERATURE (F)   70        97      1989
 MINIMUM TEMPERATURE (F)   43        24      2013
                                             1887


SUNRISE AND SUNSET
APRIL 23 2014.........SUNRISE   654 AM CDT   SUNSET   823 PM CDT
APRIL 24 2014.........SUNRISE   653 AM CDT   SUNSET   824 PM CDT


-  INDICATES NEGATIVE NUMBERS.
R  INDICATES RECORD WAS SET OR TIED.
MM INDICATES DATA IS MISSING.
T  INDICATES TRACE AMOUNT.




$$
