000
CDUS45 KCYS 300737
CLIDGW


CLIMATE REPORT
NATIONAL WEATHER SERVICE CHEYENNE WY
1236 AM MST FRI JAN 30 2015


...................................

...THE DOUGLAS WY AIRPORT CLIMATE SUMMARY FOR JANUARY 29 2015...

CLIMATE NORMAL PERIOD 1981 TO 2010
CLIMATE RECORD PERIOD 1998 TO 2015


WEATHER ITEM   OBSERVED TIME   RECORD YEAR NORMAL DEPARTURE LAST
                VALUE   (LST)  VALUE       VALUE  FROM      YEAR
                                                  NORMAL
..................................................................
TEMPERATURE (F)
 YESTERDAY
  MAXIMUM         47    342 PM  53    2012  38      9       48
  MINIMUM         22    719 AM  -3    2002  12     10       12
  AVERAGE         35                        25     10       30

PRECIPITATION (IN)
  YESTERDAY        0.00          0.08 2014   0.02  -0.02     0.08
  MONTH TO DATE    0.13                      0.34  -0.21     0.41
  SINCE JAN 1      0.13                      0.34  -0.21     0.41

DEGREE DAYS
 HEATING
  YESTERDAY       30                        40    -10       35
  MONTH TO DATE 1105                      1162    -57     1102
  SINCE DEC 1   2276                      2429   -153     2444
  SINCE JUL 1   4000                      4251   -251     4181

 COOLING
  YESTERDAY        0                         0      0        0
  MONTH TO DATE    0                         0      0        0
  SINCE DEC 1      0                         0      0        0
  SINCE JAN 1      0                         0      0        0
..................................................................


WIND (MPH)
  HIGHEST WIND SPEED    12   HIGHEST WIND DIRECTION    SE (130)
  HIGHEST GUST SPEED    14   HIGHEST GUST DIRECTION    SE (140)
  AVERAGE WIND SPEED     4.5


SKY COVER
  AVERAGE SKY COVER 0.3


WEATHER CONDITIONS
 THE FOLLOWING WEATHER WAS RECORDED YESTERDAY.
  NO SIGNIFICANT WEATHER WAS OBSERVED.


RELATIVE HUMIDITY (PERCENT)
 HIGHEST    88           700 AM
 LOWEST     37           200 PM
 AVERAGE    63

..........................................................


THE DOUGLAS WY AIRPORT CLIMATE NORMALS FOR TODAY
                         NORMAL    RECORD    YEAR
 MAXIMUM TEMPERATURE (F)   38        57      2003
 MINIMUM TEMPERATURE (F)   12        -9      2000


SUNRISE AND SUNSET
JANUARY 30 2015.......SUNRISE   718 AM MST   SUNSET   512 PM MST
JANUARY 31 2015.......SUNRISE   717 AM MST   SUNSET   513 PM MST


-  INDICATES NEGATIVE NUMBERS.
R  INDICATES RECORD WAS SET OR TIED.
MM INDICATES DATA IS MISSING.
T  INDICATES TRACE AMOUNT.




$$
