000
CDUS45 KCYS 310745
CLIDGW


CLIMATE REPORT
NATIONAL WEATHER SERVICE CHEYENNE WY
145 AM MDT SUN AUG 31 2014


...................................

...THE DOUGLAS WY AIRPORT CLIMATE SUMMARY FOR AUGUST 30 2014...

CLIMATE NORMAL PERIOD 1981 TO 2010
CLIMATE RECORD PERIOD 1998 TO 2014


WEATHER ITEM   OBSERVED TIME   RECORD YEAR NORMAL DEPARTURE LAST
                VALUE   (LST)  VALUE       VALUE  FROM      YEAR
                                                  NORMAL
..................................................................
TEMPERATURE (F)
 YESTERDAY
  MAXIMUM         92    222 PM  98    2005  83      9       97
  MINIMUM         49   1159 PM  43    2004  49      0       62
  AVERAGE         71                        66      5       80

PRECIPITATION (IN)
  YESTERDAY        0.00          0.09 2003   0.04  -0.04     0.00
  MONTH TO DATE    1.45                      1.09   0.36     0.43
  SINCE JAN 1     10.43                     10.00   0.43     6.22

DEGREE DAYS
 HEATING
  YESTERDAY        0                         2     -2        0
  MONTH TO DATE   18                        25     -7        0
  SINCE JUN 1    175                       150     25       56
  SINCE JUL 1     32                        40     -8        0

 COOLING
  YESTERDAY        6                         3      3       15
  MONTH TO DATE  139                       172    -33      244
  SINCE JUN 1    372                       448    -76      628
  SINCE JAN 1    377                       454    -77      644
..................................................................


WIND (MPH)
  HIGHEST WIND SPEED    37   HIGHEST WIND DIRECTION     W (290)
  HIGHEST GUST SPEED    47   HIGHEST GUST DIRECTION     W (290)
  AVERAGE WIND SPEED    11.2


SKY COVER
  AVERAGE SKY COVER 0.1


WEATHER CONDITIONS
 THE FOLLOWING WEATHER WAS RECORDED YESTERDAY.
  NO SIGNIFICANT WEATHER WAS OBSERVED.


RELATIVE HUMIDITY (PERCENT)
 HIGHEST    96           500 AM
 LOWEST     16           200 PM
 AVERAGE    56

..........................................................


THE DOUGLAS WY AIRPORT CLIMATE NORMALS FOR TODAY
                         NORMAL    RECORD    YEAR
 MAXIMUM TEMPERATURE (F)   83        98      2011
 MINIMUM TEMPERATURE (F)   49        34      2005


SUNRISE AND SUNSET
AUGUST 31 2014........SUNRISE   625 AM MDT   SUNSET   738 PM MDT
SEPTEMBER  1 2014.....SUNRISE   626 AM MDT   SUNSET   736 PM MDT


-  INDICATES NEGATIVE NUMBERS.
R  INDICATES RECORD WAS SET OR TIED.
MM INDICATES DATA IS MISSING.
T  INDICATES TRACE AMOUNT.




$$
