000
CDUS45 KCYS 040741
CLIDGW


CLIMATE REPORT
NATIONAL WEATHER SERVICE CHEYENNE WY
1240 AM MST WED MAR 4 2015


...................................

...THE DOUGLAS WY AIRPORT CLIMATE SUMMARY FOR MARCH 3 2015...

CLIMATE NORMAL PERIOD 1981 TO 2010
CLIMATE RECORD PERIOD 1998 TO 2015


WEATHER ITEM   OBSERVED TIME   RECORD YEAR NORMAL DEPARTURE LAST
                VALUE   (LST)  VALUE       VALUE  FROM      YEAR
                                                  NORMAL
..................................................................
TEMPERATURE (F)
 YESTERDAY
  MAXIMUM         26   1204 AM  65    2009  45    -19       48
  MINIMUM         -7R   928 PM   0    2014  18    -25        0
  AVERAGE         10                        31    -21       24

PRECIPITATION (IN)
  YESTERDAY        0.01R         0.01 2011   0.01   0.00     0.00
  MONTH TO DATE    0.10                      0.04   0.06     0.24
  SINCE JAN 1      0.96                      0.83   0.13     1.70

DEGREE DAYS
 HEATING
  YESTERDAY       55                        34     21       41
  MONTH TO DATE  135                       103     32      164
  SINCE MAR 1    135                       103     32      164
  SINCE JUL 1   5138                      5503   -365     5754

 COOLING
  YESTERDAY        0                         0      0        0
  MONTH TO DATE    0                         0      0        0
  SINCE MAR 1      0                         0      0        0
  SINCE JAN 1      0                         0      0        0
..................................................................


WIND (MPH)
  HIGHEST WIND SPEED    29   HIGHEST WIND DIRECTION     N (360)
  HIGHEST GUST SPEED    36   HIGHEST GUST DIRECTION     N (360)
  AVERAGE WIND SPEED    10.4


SKY COVER
  AVERAGE SKY COVER 0.8


WEATHER CONDITIONS
 THE FOLLOWING WEATHER WAS RECORDED YESTERDAY.
  SNOW
  LIGHT SNOW
  FOG
  HAZE


RELATIVE HUMIDITY (PERCENT)
 HIGHEST    92           100 AM
 LOWEST     67          1200 PM
 AVERAGE    80

..........................................................


THE DOUGLAS WY AIRPORT CLIMATE NORMALS FOR TODAY
                         NORMAL    RECORD    YEAR
 MAXIMUM TEMPERATURE (F)   45        66      2009
                                             2000
 MINIMUM TEMPERATURE (F)   18         8      2003


SUNRISE AND SUNSET
MARCH  4 2015.........SUNRISE   633 AM MST   SUNSET   554 PM MST
MARCH  5 2015.........SUNRISE   631 AM MST   SUNSET   556 PM MST


-  INDICATES NEGATIVE NUMBERS.
R  INDICATES RECORD WAS SET OR TIED.
MM INDICATES DATA IS MISSING.
T  INDICATES TRACE AMOUNT.




$$
