000
CDUS45 KCYS 250727
CLIDGW


CLIMATE REPORT
NATIONAL WEATHER SERVICE CHEYENNE WY
1227 AM MST THU DEC 25 2014


...................................

...THE DOUGLAS WY AIRPORT CLIMATE SUMMARY FOR DECEMBER 24 2014...

CLIMATE NORMAL PERIOD 1981 TO 2010
CLIMATE RECORD PERIOD 1998 TO 2014


WEATHER ITEM   OBSERVED TIME   RECORD YEAR NORMAL DEPARTURE LAST
                VALUE   (LST)  VALUE       VALUE  FROM      YEAR
                                                  NORMAL
..................................................................
TEMPERATURE (F)
 YESTERDAY
  MAXIMUM         46    227 PM  52    1999  37      9       42
  MINIMUM          9    123 AM  -9    2009  10     -1        6
  AVERAGE         28                        24      4       24

PRECIPITATION (IN)
  YESTERDAY        0.00          0.04 2007   0.01  -0.01     0.04
                                      2007
                                      2013
  MONTH TO DATE    0.06                      0.32  -0.26     0.56
  SINCE JAN 1     12.41                     13.31  -0.90    10.04

DEGREE DAYS
 HEATING
  YESTERDAY       37                        41     -4       41
  MONTH TO DATE  784                       980   -196     1073
  SINCE DEC 1    784                       980   -196     1073
  SINCE JUL 1   2508                      2802   -294     2810

 COOLING
  YESTERDAY        0                         0      0        0
  MONTH TO DATE    0                         0      0        0
  SINCE DEC 1      0                         0      0        0
  SINCE JAN 1    401                       486    -85      739
..................................................................


WIND (MPH)
  HIGHEST WIND SPEED    25   HIGHEST WIND DIRECTION     W (280)
  HIGHEST GUST SPEED    33   HIGHEST GUST DIRECTION     W (280)
  AVERAGE WIND SPEED     8.4


SKY COVER
  AVERAGE SKY COVER 0.2


WEATHER CONDITIONS
 THE FOLLOWING WEATHER WAS RECORDED YESTERDAY.
  NO SIGNIFICANT WEATHER WAS OBSERVED.


RELATIVE HUMIDITY (PERCENT)
 HIGHEST    83          1200 AM
 LOWEST     37           200 PM
 AVERAGE    60

..........................................................


THE DOUGLAS WY AIRPORT CLIMATE NORMALS FOR TODAY
                         NORMAL    RECORD    YEAR
 MAXIMUM TEMPERATURE (F)   38        51      1999
 MINIMUM TEMPERATURE (F)   10        -7      2012


SUNRISE AND SUNSET
DECEMBER 25 2014......SUNRISE   730 AM MST   SUNSET   433 PM MST
DECEMBER 26 2014......SUNRISE   731 AM MST   SUNSET   433 PM MST


-  INDICATES NEGATIVE NUMBERS.
R  INDICATES RECORD WAS SET OR TIED.
MM INDICATES DATA IS MISSING.
T  INDICATES TRACE AMOUNT.




$$
