000
CDUS44 KTAE 200633
CLIDHN


CLIMATE REPORT
NATIONAL WEATHER SERVICE TALLAHASSEE FL
233 AM EDT THU JUL 20 2017


...................................

...THE DOTHAN CLIMATE SUMMARY FOR JULY 19 2017...

CLIMATE NORMAL PERIOD 1981 TO 2010
CLIMATE RECORD PERIOD 1965 TO 2017


WEATHER ITEM   OBSERVED TIME   NORMAL DEPARTURE LAST
                VALUE   (LST)  VALUE  FROM      YEAR
                                      NORMAL
......................................................
TEMPERATURE (F)
 YESTERDAY
  MAXIMUM         MM        MM  92     MM       93
  MINIMUM         MM        MM  72     MM       73
  AVERAGE         MM            82     MM       83

PRECIPITATION (IN)
  YESTERDAY        T             0.17  -0.17      T
  MONTH TO DATE    1.93          3.69  -1.76     4.90
  SINCE JUN 1      7.32          9.29  -1.97     9.99
  SINCE JAN 1     34.57         31.65   2.92    34.41

SNOWFALL (IN)
  YESTERDAY       MM

DEGREE DAYS
 COOLING
  YESTERDAY       MM            17     MM       18
  MONTH TO DATE  320           322     -2      349
  SINCE JUN 1    729           766    -37      840
  SINCE JAN 1   1325          1179    146     1293
......................................................


WIND (MPH)
  HIGHEST WIND SPEED     6   HIGHEST WIND DIRECTION     W (290)
  HIGHEST GUST SPEED    MM   HIGHEST GUST DIRECTION    MM
  AVERAGE WIND SPEED     2.2








-  INDICATES NEGATIVE NUMBERS.
R  INDICATES RECORD WAS SET OR TIED.
MM INDICATES DATA IS MISSING.
T  INDICATES TRACE AMOUNT.




$$
