000
CDUS44 KTAE 240636
CLIDHN


CLIMATE REPORT
NATIONAL WEATHER SERVICE TALLAHASSEE FL
135 AM EST FRI FEB 24 2017


...................................

...THE DOTHAN CLIMATE SUMMARY FOR FEBRUARY 23 2017...

CLIMATE NORMAL PERIOD 1981 TO 2010
CLIMATE RECORD PERIOD 1965 TO 2017


WEATHER ITEM   OBSERVED TIME   NORMAL DEPARTURE LAST
                VALUE   (LST)  VALUE  FROM      YEAR
                                      NORMAL
......................................................
TEMPERATURE (F)
 YESTERDAY
  MAXIMUM         78    357 PM  67     11       79
  MINIMUM         58   1048 PM  43     15       58
  AVERAGE         68            55     13       69

PRECIPITATION (IN)
  YESTERDAY        0.00          0.17  -0.17     1.97
  MONTH TO DATE    4.37          3.96   0.41     6.50
  SINCE DEC 1     29.21         12.98  16.23    20.92
  SINCE JAN 1     18.85          8.59  10.26    10.79

SNOWFALL (IN)
  YESTERDAY        0.0

DEGREE DAYS
 HEATING
  YESTERDAY        0            11    -11        0
  MONTH TO DATE  126           294   -168      255
  SINCE DEC 1    679          1233   -554      968
  SINCE JUL 1    840          1510   -670     1103
......................................................


WIND (MPH)
  HIGHEST WIND SPEED    13   HIGHEST WIND DIRECTION    NE (40)
  HIGHEST GUST SPEED    16   HIGHEST GUST DIRECTION     N (20)
  AVERAGE WIND SPEED     4.9








-  INDICATES NEGATIVE NUMBERS.
R  INDICATES RECORD WAS SET OR TIED.
MM INDICATES DATA IS MISSING.
T  INDICATES TRACE AMOUNT.




$$
