000
CDUS44 KTAE 310638
CLIDHN


CLIMATE REPORT
NATIONAL WEATHER SERVICE TALLAHASSEE FL
238 AM EDT SUN AUG 31 2014


...................................

...THE DOTHAN CLIMATE SUMMARY FOR AUGUST 30 2014...

CLIMATE NORMAL PERIOD 1981 TO 2010
CLIMATE RECORD PERIOD 1965 TO 2014


WEATHER ITEM   OBSERVED TIME   NORMAL DEPARTURE LAST
                VALUE   (LST)  VALUE  FROM      YEAR
                                      NORMAL
......................................................
TEMPERATURE (F)
 YESTERDAY
  MAXIMUM         96    242 PM  90      6       93
  MINIMUM         73    329 AM  70      3       74
  AVERAGE         85            80      5       84

PRECIPITATION (IN)
  YESTERDAY        0.01          0.12  -0.11     0.12
  MONTH TO DATE    2.18          4.36  -2.18     8.38
  SINCE JUN 1      9.87         15.91  -6.04    30.54
  SINCE JAN 1     39.94         38.27   1.67    57.84

SNOWFALL (IN)
  YESTERDAY        0.0

DEGREE DAYS
 COOLING
  YESTERDAY       20            15      5       19
  MONTH TO DATE  512           485     27      459
  SINCE JUN 1   1481          1453     28     1366
  SINCE JAN 1   1866          1866      0     1738
......................................................


WIND (MPH)
  HIGHEST WIND SPEED    13   HIGHEST WIND DIRECTION    SW (240)
  HIGHEST GUST SPEED    18   HIGHEST GUST DIRECTION    SE (130)
  AVERAGE WIND SPEED     4.7








-  INDICATES NEGATIVE NUMBERS.
R  INDICATES RECORD WAS SET OR TIED.
MM INDICATES DATA IS MISSING.
T  INDICATES TRACE AMOUNT.




$$
