000
CDUS44 KAMA 290655
CLIDHT


CLIMATE REPORT
NATIONAL WEATHER SERVICE AMARILLO TX
155 AM CDT THU JUN 29 2017


...................................

...THE DALHART CLIMATE SUMMARY FOR JUNE 28 2017...

CLIMATE NORMAL PERIOD 1981 TO 2010
CLIMATE RECORD PERIOD 1948 TO 2017


WEATHER ITEM   OBSERVED TIME   RECORD YEAR NORMAL DEPARTURE LAST
                VALUE   (LST)  VALUE       VALUE  FROM      YEAR
                                                  NORMAL
..................................................................
TEMPERATURE (F)
 YESTERDAY
  MAXIMUM         97    619 PM 107    2012  91      6       93
                                      1968
  MINIMUM         69    630 AM  54    1992  61      8       62
  AVERAGE         83                        76      7       78

PRECIPITATION (IN)
  YESTERDAY        0.00          0.79 1950   0.08  -0.08     0.00
  MONTH TO DATE    1.26                      2.13  -0.87     1.76
  SINCE JUN 1      1.26                      2.13  -0.87     1.76
  SINCE JAN 1     10.40                      7.54   2.86     8.98

SNOWFALL (IN)
  YESTERDAY        0.0           T    1995   0.0    0.0      0.0
  MONTH TO DATE    0.0                       0.0    0.0      0.0
  SINCE JUN 1      0.0                       0.0    0.0      0.0
  SINCE JUL 1     11.3                      18.9   -7.6     12.7
  SNOW DEPTH       0

DEGREE DAYS
 HEATING
  YESTERDAY        0                         0      0        0
  MONTH TO DATE    0                         9     -9        0
  SINCE JUN 1      0                         9     -9        0
  SINCE JUL 1   3634                      4726  -1092     3851

 COOLING
  YESTERDAY       18                        11      7       13
  MONTH TO DATE  322                       217    105      322
  SINCE JUN 1    322                       217    105      322
  SINCE JAN 1    399                       289    110      368
..................................................................


WIND (MPH)
  RESULTANT WIND SPEED  10   RESULTANT WIND DIRECTION   S (180)
  HIGHEST WIND SPEED    25   HIGHEST WIND DIRECTION     S (190)
  HIGHEST GUST SPEED    34   HIGHEST GUST DIRECTION     S (190)
  AVERAGE WIND SPEED    13.1


SKY COVER
  AVERAGE SKY COVER 0.0


WEATHER CONDITIONS
 THE FOLLOWING WEATHER WAS RECORDED YESTERDAY.
  NO SIGNIFICANT WEATHER WAS OBSERVED.


RELATIVE HUMIDITY (PERCENT)
 HIGHEST    73           600 AM
 LOWEST     18           600 PM
 AVERAGE    46

..........................................................


THE DALHART CLIMATE NORMALS FOR TODAY
                         NORMAL    RECORD    YEAR
 MAXIMUM TEMPERATURE (F)   91       105      2012
                                             2011
                                             1998
 MINIMUM TEMPERATURE (F)   61        52      1985


SUNRISE AND SUNSET
JUNE 29 2017..........SUNRISE   636 AM CDT   SUNSET   911 PM CDT
JUNE 30 2017..........SUNRISE   637 AM CDT   SUNSET   911 PM CDT


-  INDICATES NEGATIVE NUMBERS.
R  INDICATES RECORD WAS SET OR TIED.
MM INDICATES DATA IS MISSING.
T  INDICATES TRACE AMOUNT.




$$
