000
CDUS44 KAMA 032131
CLIDHT


CLIMATE REPORT
NATIONAL WEATHER SERVICE AMARILLO TX
430 PM CDT TUE MAY 3 2016


...................................

...THE DALHART CLIMATE SUMMARY FOR MAY 3 2016...
VALID TODAY AS OF 0400 PM LOCAL TIME.

CLIMATE NORMAL PERIOD 1981 TO 2010
CLIMATE RECORD PERIOD 1948 TO 2016


WEATHER ITEM   OBSERVED TIME   RECORD YEAR NORMAL DEPARTURE LAST
                VALUE   (LST)  VALUE       VALUE  FROM      YEAR
                                                  NORMAL
..................................................................
TEMPERATURE (F)
 TODAY
  MAXIMUM         71    239 PM  93    1996  75     -4       86
  MINIMUM         36    506 AM  25    2013  44     -8       51
  AVERAGE         54                        59     -5       69

PRECIPITATION (IN)
  TODAY            0.00          1.69 1987   0.05  -0.05      T
  MONTH TO DATE    0.16                      0.16   0.00      T
  SINCE MAR 1      4.50                      2.41   2.09     1.38
  SINCE JAN 1      4.75                      3.33   1.42     4.69

SNOWFALL (IN)
  TODAY            0.0           5.0  1978   0.0    0.0      0.0
  MONTH TO DATE    0.0                       0.0    0.0      0.0
  SINCE MAR 1      0.0                       5.4   -5.4      0.8
  SINCE JUL 1      2.5                      18.9  -16.4     34.1
  SNOW DEPTH       0

DEGREE DAYS
 HEATING
  TODAY           11                         7      4        0
  MONTH TO DATE   50                        21     29        0
  SINCE MAR 1    811                       980   -169      734
  SINCE JUL 1   3756                      4623   -867     4027

 COOLING
  TODAY            0                         1     -1        4
  MONTH TO DATE    0                         3     -3        9
  SINCE MAR 1      2                         9     -7       10
  SINCE JAN 1      2                         9     -7       10
..................................................................


WIND (MPH)
  RESULTANT WIND SPEED   7   RESULTANT WIND DIRECTION   N (340)
  HIGHEST WIND SPEED    29   HIGHEST WIND DIRECTION     N (340)
  HIGHEST GUST SPEED    35   HIGHEST GUST DIRECTION     N (340)
  AVERAGE WIND SPEED     9.6


SKY COVER
  AVERAGE SKY COVER 0.2


WEATHER CONDITIONS
 THE FOLLOWING WEATHER WAS RECORDED TODAY.
  NO SIGNIFICANT WEATHER WAS OBSERVED.


RELATIVE HUMIDITY (PERCENT)
 HIGHEST    92           500 AM
 LOWEST     23           200 PM
 AVERAGE    58

..........................................................


THE DALHART CLIMATE NORMALS FOR TOMORROW
                         NORMAL    RECORD    YEAR
 MAXIMUM TEMPERATURE (F)   75        96      2014
                                             2012
 MINIMUM TEMPERATURE (F)   44        27      1979


SUNRISE AND SUNSET
MAY  3 2016...........SUNRISE   655 AM CDT   SUNSET   840 PM CDT
MAY  4 2016...........SUNRISE   654 AM CDT   SUNSET   840 PM CDT


-  INDICATES NEGATIVE NUMBERS.
R  INDICATES RECORD WAS SET OR TIED.
MM INDICATES DATA IS MISSING.
T  INDICATES TRACE AMOUNT.




$$
