000
CDUS44 KAMA 280629
CLIDHT


CLIMATE REPORT
NATIONAL WEATHER SERVICE AMARILLO TX
129 AM CDT SAT MAY 28 2016


...................................

...THE DALHART CLIMATE SUMMARY FOR MAY 27 2016...

CLIMATE NORMAL PERIOD 1981 TO 2010
CLIMATE RECORD PERIOD 1948 TO 2016


WEATHER ITEM   OBSERVED TIME   RECORD YEAR NORMAL DEPARTURE LAST
                VALUE   (LST)  VALUE       VALUE  FROM      YEAR
                                                  NORMAL
..................................................................
TEMPERATURE (F)
 YESTERDAY
  MAXIMUM         74    459 PM  97    2006  82     -8       84
  MINIMUM         45    554 AM  39    1992  52     -7       55
  AVERAGE         60                        67     -7       70

PRECIPITATION (IN)
  YESTERDAY        T             1.59 1980   0.08  -0.08     0.02
  MONTH TO DATE    2.35                      1.90   0.45     1.99
  SINCE MAR 1      6.69                      4.15   2.54     3.37
  SINCE JAN 1      6.94                      5.07   1.87     6.68

SNOWFALL (IN)
  YESTERDAY        0.0           T    1950   0.0    0.0      0.0
  MONTH TO DATE    0.0                       0.1   -0.1      0.0
  SINCE MAR 1      0.0                       5.5   -5.5      0.8
  SINCE JUL 1      2.5                      19.0  -16.5     34.1
  SNOW DEPTH       0

DEGREE DAYS
 HEATING
  YESTERDAY        5                         2      3        0
  MONTH TO DATE  143                       109     34      127
  SINCE MAR 1    904                      1068   -164      861
  SINCE JUL 1   3849                      4711   -862     4154

 COOLING
  YESTERDAY        0                         4     -4        5
  MONTH TO DATE   38                        49    -11       17
  SINCE MAR 1     40                        55    -15       18
  SINCE JAN 1     40                        55    -15       18
..................................................................


WIND (MPH)
  RESULTANT WIND SPEED  11   RESULTANT WIND DIRECTION  NW (320)
  HIGHEST WIND SPEED    31   HIGHEST WIND DIRECTION     W (280)
  HIGHEST GUST SPEED    39   HIGHEST GUST DIRECTION     W (280)
  AVERAGE WIND SPEED    12.1


SKY COVER
  AVERAGE SKY COVER 0.1


WEATHER CONDITIONS
 THE FOLLOWING WEATHER WAS RECORDED YESTERDAY.
  THUNDERSTORM
  LIGHT RAIN


RELATIVE HUMIDITY (PERCENT)
 HIGHEST    76           400 AM
 LOWEST     27           500 PM
 AVERAGE    52

..........................................................


THE DALHART CLIMATE NORMALS FOR TODAY
                         NORMAL    RECORD    YEAR
 MAXIMUM TEMPERATURE (F)   82       100      1974
 MINIMUM TEMPERATURE (F)   53        38      1992


SUNRISE AND SUNSET
MAY 28 2016...........SUNRISE   636 AM CDT   SUNSET   859 PM CDT
MAY 29 2016...........SUNRISE   636 AM CDT   SUNSET   900 PM CDT


-  INDICATES NEGATIVE NUMBERS.
R  INDICATES RECORD WAS SET OR TIED.
MM INDICATES DATA IS MISSING.
T  INDICATES TRACE AMOUNT.




$$
