000
CDUS44 KAMA 030729
CLIDHT


CLIMATE REPORT
NATIONAL WEATHER SERVICE AMARILLO TX
128 AM CST TUE MAR 3 2015


...................................

...THE DALHART CLIMATE SUMMARY FOR MARCH 2 2015...

CLIMATE NORMAL PERIOD 1981 TO 2010
CLIMATE RECORD PERIOD 1894 TO 2015


WEATHER ITEM   OBSERVED TIME   RECORD YEAR NORMAL DEPARTURE LAST
                VALUE   (LST)  VALUE       VALUE  FROM      YEAR
                                                  NORMAL
..................................................................
TEMPERATURE (F)
 YESTERDAY
  MAXIMUM         37    951 PM  81    1967  57    -20       14
  MINIMUM         22    720 AM   4    1960  26     -4        8
  AVERAGE         30                        42    -12       11

PRECIPITATION (IN)
  YESTERDAY        0.00          0.98 2000   0.03  -0.03     0.09
  MONTH TO DATE    0.00                      0.05  -0.05     0.09
  SINCE MAR 1      0.00                      0.05  -0.05     0.09
  SINCE JAN 1      3.31                      0.97   2.34     0.18

SNOWFALL (IN)
  YESTERDAY        0.0           2.3  1969   0.1   -0.1      1.1
  MONTH TO DATE    0.0                       0.2   -0.2      1.1
  SINCE MAR 1      0.0                       0.2   -0.2      1.1
  SINCE JUL 1     33.3                      13.7   19.6     16.4
  SNOW DEPTH       3

DEGREE DAYS
 HEATING
  YESTERDAY       35                        24     11       54
  MONTH TO DATE   72                        48     24       86
  SINCE MAR 1     72                        48     24       86
  SINCE JUL 1   3365                      3691   -326     3680

 COOLING
  YESTERDAY        0                         0      0        0
  MONTH TO DATE    0                         0      0        0
  SINCE MAR 1      0                         0      0        0
  SINCE JAN 1      0                         0      0        0
..................................................................


WIND (MPH)
  RESULTANT WIND SPEED  13   RESULTANT WIND DIRECTION   S (200)
  HIGHEST WIND SPEED    24   HIGHEST WIND DIRECTION    SW (220)
  HIGHEST GUST SPEED    30   HIGHEST GUST DIRECTION    SW (210)
  AVERAGE WIND SPEED    14.0


SKY COVER
  AVERAGE SKY COVER 0.9


WEATHER CONDITIONS
 THE FOLLOWING WEATHER WAS RECORDED YESTERDAY.
  FOG


RELATIVE HUMIDITY (PERCENT)
 HIGHEST    92           900 PM
 LOWEST     75           200 PM
 AVERAGE    84

..........................................................


THE DALHART CLIMATE NORMALS FOR TODAY
                         NORMAL    RECORD    YEAR
 MAXIMUM TEMPERATURE (F)   57        81      1972
 MINIMUM TEMPERATURE (F)   26         0      1960


SUNRISE AND SUNSET
MARCH  3 2015.........SUNRISE   718 AM CST   SUNSET   647 PM CST
MARCH  4 2015.........SUNRISE   717 AM CST   SUNSET   648 PM CST


-  INDICATES NEGATIVE NUMBERS.
R  INDICATES RECORD WAS SET OR TIED.
MM INDICATES DATA IS MISSING.
T  INDICATES TRACE AMOUNT.




$$
