000
CDUS44 KAMA 070752
CLIDHT


CLIMATE REPORT
NATIONAL WEATHER SERVICE AMARILLO TX
152 AM CST WED DEC 7 2016


...................................

...THE DALHART CLIMATE SUMMARY FOR DECEMBER 6 2016...

CLIMATE NORMAL PERIOD 1981 TO 2010
CLIMATE RECORD PERIOD 1948 TO 2016


WEATHER ITEM   OBSERVED TIME   RECORD YEAR NORMAL DEPARTURE LAST
                VALUE   (LST)  VALUE       VALUE  FROM      YEAR
                                                  NORMAL
..................................................................
TEMPERATURE (F)
 YESTERDAY
  MAXIMUM         37    409 PM  70    1981  50    -13       59
  MINIMUM         21   1159 PM  -1    2011  21      0       28
                                      1972
  AVERAGE         29                        36     -7       44

PRECIPITATION (IN)
  YESTERDAY        0.00          0.31 1994   0.02  -0.02     0.00
  MONTH TO DATE    0.03                      0.10  -0.07     0.00
  SINCE DEC 1      0.03                      0.10  -0.07     0.00
  SINCE JAN 1     18.91                     17.15   1.76    20.82

SNOWFALL (IN)
  YESTERDAY        0.0           2.0  1960   0.1   -0.1      0.0
  MONTH TO DATE    0.5                       0.7   -0.2      0.0
  SINCE DEC 1      0.5                       0.7   -0.2      0.0
  SINCE JUL 1      0.5                       2.6   -2.1      0.5
  SNOW DEPTH       0

DEGREE DAYS
 HEATING
  YESTERDAY       36                        29      7       21
  MONTH TO DATE  171                       172     -1      134
  SINCE DEC 1    171                       172     -1      134
  SINCE JUL 1    747                      1167   -420      844

 COOLING
  YESTERDAY        0                         0      0        0
  MONTH TO DATE    0                         0      0        0
  SINCE DEC 1      0                         0      0        0
  SINCE JAN 1   1556                      1138    418     1538
..................................................................


WIND (MPH)
  RESULTANT WIND SPEED   6   RESULTANT WIND DIRECTION  NE (40)
  HIGHEST WIND SPEED    31   HIGHEST WIND DIRECTION     N (10)
  HIGHEST GUST SPEED    39   HIGHEST GUST DIRECTION     N (10)
  AVERAGE WIND SPEED    12.0


SKY COVER
  AVERAGE SKY COVER 0.0


WEATHER CONDITIONS
 THE FOLLOWING WEATHER WAS RECORDED YESTERDAY.
  NO SIGNIFICANT WEATHER WAS OBSERVED.


RELATIVE HUMIDITY (PERCENT)
 HIGHEST    59          1000 PM
 LOWEST     23           500 PM
 AVERAGE    41

..........................................................


THE DALHART CLIMATE NORMALS FOR TODAY
                         NORMAL    RECORD    YEAR
 MAXIMUM TEMPERATURE (F)   50        75      2003
 MINIMUM TEMPERATURE (F)   21        -4      2005


SUNRISE AND SUNSET
DECEMBER  7 2016......SUNRISE   748 AM CST   SUNSET   536 PM CST
DECEMBER  8 2016......SUNRISE   749 AM CST   SUNSET   536 PM CST


-  INDICATES NEGATIVE NUMBERS.
R  INDICATES RECORD WAS SET OR TIED.
MM INDICATES DATA IS MISSING.
T  INDICATES TRACE AMOUNT.




$$
