000
CDUS44 KAMA 282132
CLIDHT


CLIMATE REPORT
NATIONAL WEATHER SERVICE AMARILLO TX
432 PM CDT TUE MAR 28 2017


...................................

...THE DALHART CLIMATE SUMMARY FOR MARCH 28 2017...
VALID TODAY AS OF 0400 PM LOCAL TIME.

CLIMATE NORMAL PERIOD 1981 TO 2010
CLIMATE RECORD PERIOD 1948 TO 2017


WEATHER ITEM   OBSERVED TIME   RECORD YEAR NORMAL DEPARTURE LAST
                VALUE   (LST)  VALUE       VALUE  FROM      YEAR
                                                  NORMAL
..................................................................
TEMPERATURE (F)
 TODAY
  MAXIMUM         54   1211 AM  86    2012  65    -11       75
                                      1963
  MINIMUM         47    910 AM  11    1975  32     15       31
  AVERAGE         51                        48      3       53

PRECIPITATION (IN)
  TODAY            0.85R         0.38 1958   0.05   0.80     0.00
  MONTH TO DATE    1.09                      1.04   0.05     0.30
  SINCE MAR 1      1.09                      1.04   0.05     0.30
  SINCE JAN 1      2.17                      1.96   0.21     0.68

SNOWFALL (IN)
  TODAY            0.0           2.0  1970   0.1   -0.1      0.0
  MONTH TO DATE    0.0                       3.8   -3.8      6.0
  SINCE MAR 1      0.0                       3.8   -3.8      6.0
  SINCE JUL 1      1.3                      17.3  -16.0     12.7
  SNOW DEPTH       0

DEGREE DAYS
 HEATING
  TODAY           14                        17     -3       12
  MONTH TO DATE  361                       564   -203      440
  SINCE MAR 1    361                       564   -203      440
  SINCE JUL 1   3178                      4207  -1029     3385

 COOLING
  TODAY            0                         0      0        0
  MONTH TO DATE    6                         0      6        0
  SINCE MAR 1      6                         0      6        0
  SINCE JAN 1      6                         0      6        0
..................................................................


WIND (MPH)
  RESULTANT WIND SPEED   8   RESULTANT WIND DIRECTION   E (110)
  HIGHEST WIND SPEED    22   HIGHEST WIND DIRECTION    NE (50)
  HIGHEST GUST SPEED    27   HIGHEST GUST DIRECTION    SE (130)
  AVERAGE WIND SPEED    12.9


SKY COVER
  AVERAGE SKY COVER 0.8


WEATHER CONDITIONS
 THE FOLLOWING WEATHER WAS RECORDED TODAY.
  THUNDERSTORM
  HEAVY RAIN
  RAIN
  LIGHT RAIN
  FOG


RELATIVE HUMIDITY (PERCENT)
 HIGHEST   100          1100 AM
 LOWEST     59          1200 AM
 AVERAGE    80

..........................................................


THE DALHART CLIMATE NORMALS FOR TOMORROW
                         NORMAL    RECORD    YEAR
 MAXIMUM TEMPERATURE (F)   65        85      2012
 MINIMUM TEMPERATURE (F)   32        12      1987


SUNRISE AND SUNSET
MARCH 28 2017.........SUNRISE   742 AM CDT   SUNSET   809 PM CDT
MARCH 29 2017.........SUNRISE   740 AM CDT   SUNSET   810 PM CDT


-  INDICATES NEGATIVE NUMBERS.
R  INDICATES RECORD WAS SET OR TIED.
MM INDICATES DATA IS MISSING.
T  INDICATES TRACE AMOUNT.




$$
