000
CDUS44 KAMA 262135
CLIDHT


CLIMATE REPORT
NATIONAL WEATHER SERVICE AMARILLO TX
434 PM CDT THU MAR 26 2015


...................................

...THE DALHART CLIMATE SUMMARY FOR MARCH 26 2015...
VALID TODAY AS OF 0400 PM LOCAL TIME.

CLIMATE NORMAL PERIOD 1981 TO 2010
CLIMATE RECORD PERIOD 1894 TO 2015


WEATHER ITEM   OBSERVED TIME   RECORD YEAR NORMAL DEPARTURE LAST
                VALUE   (LST)  VALUE       VALUE  FROM      YEAR
                                                  NORMAL
..................................................................
TEMPERATURE (F)
 TODAY
  MAXIMUM         66    334 PM  88    1956  64      2       76
  MINIMUM         30    648 AM  10    1955  32     -2       41
  AVERAGE         48                        48      0       59

PRECIPITATION (IN)
  TODAY            0.00          0.20 2009   0.04  -0.04     0.00
  MONTH TO DATE    0.08                      0.95  -0.87     0.09
  SINCE MAR 1      0.08                      0.95  -0.87     0.09
  SINCE JAN 1      3.39                      1.87   1.52     0.18

SNOWFALL (IN)
  TODAY            0.0           T    1994   0.1   -0.1      0.0
  MONTH TO DATE    0.8                       3.5   -2.7      1.1
  SINCE MAR 1      0.8                       3.5   -2.7      1.1
  SINCE JUL 1     34.1                      17.0   17.1     16.4
  SNOW DEPTH       0

DEGREE DAYS
 HEATING
  TODAY           17                        17      0        6
  MONTH TO DATE  456                       530    -74      544
  SINCE MAR 1    456                       530    -74      544
  SINCE JUL 1   3749                      4173   -424     4138

 COOLING
  TODAY            0                         0      0        0
  MONTH TO DATE    0                         0      0        0
  SINCE MAR 1      0                         0      0        0
  SINCE JAN 1      0                         0      0        0
..................................................................


WIND (MPH)
  RESULTANT WIND SPEED   8   RESULTANT WIND DIRECTION  NW (300)
  HIGHEST WIND SPEED    21   HIGHEST WIND DIRECTION     W (260)
  HIGHEST GUST SPEED    27   HIGHEST GUST DIRECTION     W (260)
  AVERAGE WIND SPEED    10.3


SKY COVER
  AVERAGE SKY COVER 0.0


WEATHER CONDITIONS
 THE FOLLOWING WEATHER WAS RECORDED TODAY.
  NO SIGNIFICANT WEATHER WAS OBSERVED.


RELATIVE HUMIDITY (PERCENT)
 HIGHEST    89           100 AM
 LOWEST     16           300 PM
 AVERAGE    53

..........................................................


THE DALHART CLIMATE NORMALS FOR TOMORROW
                         NORMAL    RECORD    YEAR
 MAXIMUM TEMPERATURE (F)   64        90      1971
 MINIMUM TEMPERATURE (F)   32         7      1955


SUNRISE AND SUNSET
MARCH 26 2015.........SUNRISE   745 AM CDT   SUNSET   807 PM CDT
MARCH 27 2015.........SUNRISE   744 AM CDT   SUNSET   808 PM CDT


-  INDICATES NEGATIVE NUMBERS.
R  INDICATES RECORD WAS SET OR TIED.
MM INDICATES DATA IS MISSING.
T  INDICATES TRACE AMOUNT.




$$
