439
CDUS44 KAMA 180731
CLIDHT


CLIMATE REPORT
NATIONAL WEATHER SERVICE AMARILLO TX
130 AM CST MON DEC 18 2017


...................................

...THE DALHART CLIMATE SUMMARY FOR DECEMBER 17 2017...

CLIMATE NORMAL PERIOD 1981 TO 2010
CLIMATE RECORD PERIOD 1948 TO 2017


WEATHER ITEM   OBSERVED TIME   RECORD YEAR NORMAL DEPARTURE LAST
                VALUE   (LST)  VALUE       VALUE  FROM      YEAR
                                                  NORMAL
..................................................................
TEMPERATURE (F)
 YESTERDAY
  MAXIMUM         49    425 PM  80    1980  48      1       58
  MINIMUM         23   1113 PM   0    2016  19      4        0
  AVERAGE         36                        34      2       29

PRECIPITATION (IN)
  YESTERDAY        0.00          0.34 1995   0.02  -0.02      T
  MONTH TO DATE    T                         0.30  -0.30     0.03
  SINCE DEC 1      T                         0.30  -0.30     0.03
  SINCE JAN 1     24.41                     17.35   7.06    18.91

SNOWFALL (IN)
  YESTERDAY        0.0           6.0  2010   0.2   -0.2      0.8
  MONTH TO DATE    0.0                       2.4   -2.4      1.3
  SINCE DEC 1      0.0                       2.4   -2.4      1.3
  SINCE JUL 1      2.3                       4.3   -2.0      1.3
  SNOW DEPTH       0

DEGREE DAYS
 HEATING
  YESTERDAY       29                        31     -2       36
  MONTH TO DATE  397                       509   -112      496
  SINCE DEC 1    397                       509   -112      496
  SINCE JUL 1   1072                      1504   -432     1072

 COOLING
  YESTERDAY        0                         0      0        0
  MONTH TO DATE    0                         0      0        0
  SINCE DEC 1      0                         0      0        0
  SINCE JAN 1   1349                      1138    211     1556
..................................................................


WIND (MPH)
  RESULTANT WIND SPEED   8   RESULTANT WIND DIRECTION   N (360)
  HIGHEST WIND SPEED    25   HIGHEST WIND DIRECTION     N (360)
  HIGHEST GUST SPEED    32   HIGHEST GUST DIRECTION     N (360)
  AVERAGE WIND SPEED    10.4


SKY COVER
  AVERAGE SKY COVER 0.0


WEATHER CONDITIONS
 THE FOLLOWING WEATHER WAS RECORDED YESTERDAY.
  NO SIGNIFICANT WEATHER WAS OBSERVED.


RELATIVE HUMIDITY (PERCENT)
 HIGHEST    88          1100 PM
 LOWEST     42           300 PM
 AVERAGE    65

..........................................................


THE DALHART CLIMATE NORMALS FOR TODAY
                         NORMAL    RECORD    YEAR
 MAXIMUM TEMPERATURE (F)   48        72      1979
 MINIMUM TEMPERATURE (F)   19        -8      2016


SUNRISE AND SUNSET
DECEMBER 18 2017......SUNRISE   755 AM CST   SUNSET   538 PM CST
DECEMBER 19 2017......SUNRISE   756 AM CST   SUNSET   539 PM CST


-  INDICATES NEGATIVE NUMBERS.
R  INDICATES RECORD WAS SET OR TIED.
MM INDICATES DATA IS MISSING.
T  INDICATES TRACE AMOUNT.




$$
