000
CDUS43 KBIS 300731
CLIDIK


CLIMATE REPORT
NATIONAL WEATHER SERVICE BISMARCK ND
230 AM CDT SAT APR 30 2016


...................................

...THE DICKINSON ND CLIMATE SUMMARY FOR APRIL 29 2016...

CLIMATE NORMAL PERIOD 1981 TO 2010
CLIMATE RECORD PERIOD 1893 TO 2016


WEATHER ITEM   OBSERVED TIME   RECORD YEAR NORMAL DEPARTURE LAST
                VALUE   (LST)  VALUE       VALUE  FROM      YEAR
                                                  NORMAL
..................................................................
TEMPERATURE (F)
 YESTERDAY
  MAXIMUM         57    424 PM  89    1949  61     -4       74
  MINIMUM         34    106 AM  13    1907  34      0       35
  AVERAGE         46                        48     -2       55

PRECIPITATION (IN)
  YESTERDAY        0.00          0.80 1953   0.07  -0.07     0.00
  MONTH TO DATE    2.38                      1.40   0.98     1.03
  SINCE MAR 1      2.63                      2.09   0.54     1.50
  SINCE JAN 1      3.05                      2.72   0.33     1.77

DEGREE DAYS
 HEATING
  YESTERDAY       19                        18      1       10
  MONTH TO DATE  655                       664     -9      627
  SINCE MAR 1   1526                      1750   -224     1455
  SINCE JUL 1   6935                      8044  -1109     7570

 COOLING
  YESTERDAY        0                         0      0        0
  MONTH TO DATE    0                         0      0        0
  SINCE MAR 1      0                         0      0        0
  SINCE JAN 1      0                         0      0        0
..................................................................


WIND (MPH)
  HIGHEST WIND SPEED    18   HIGHEST WIND DIRECTION     E (110)
  HIGHEST GUST SPEED    29   HIGHEST GUST DIRECTION    SE (120)
  AVERAGE WIND SPEED     9.7


SKY COVER
  POSSIBLE SUNSHINE  MM
  AVERAGE SKY COVER 0.6


WEATHER CONDITIONS
 THE FOLLOWING WEATHER WAS RECORDED YESTERDAY.
  NO SIGNIFICANT WEATHER WAS OBSERVED.


RELATIVE HUMIDITY (PERCENT)
 HIGHEST    76           600 AM
 LOWEST     32           200 PM
 AVERAGE    54

..........................................................


THE DICKINSON ND CLIMATE NORMALS FOR TODAY
                         NORMAL    RECORD    YEAR
 MAXIMUM TEMPERATURE (F)   61        92      1901
 MINIMUM TEMPERATURE (F)   34        15      1903


SUNRISE AND SUNSET
APRIL 30 2016.........SUNRISE   537 AM MDT   SUNSET   801 PM MDT
MAY  1 2016...........SUNRISE   535 AM MDT   SUNSET   802 PM MDT


-  INDICATES NEGATIVE NUMBERS.
R  INDICATES RECORD WAS SET OR TIED.
MM INDICATES DATA IS MISSING.
T  INDICATES TRACE AMOUNT.




$$
