000
CDUS43 KBIS 290735
CLIDIK


CLIMATE REPORT
NATIONAL WEATHER SERVICE BISMARCK ND
234 AM CDT SAT JUL 29 2017


...................................

...THE DICKINSON ND CLIMATE SUMMARY FOR JULY 28 2017...

CLIMATE NORMAL PERIOD 1981 TO 2010
CLIMATE RECORD PERIOD 1893 TO 2017


WEATHER ITEM   OBSERVED TIME   RECORD YEAR NORMAL DEPARTURE LAST
                VALUE   (LST)  VALUE       VALUE  FROM      YEAR
                                                  NORMAL
..................................................................
TEMPERATURE (F)
 YESTERDAY
  MAXIMUM         90    228 PM 106    1935  85      5       68
  MINIMUM         60   1206 AM  33    1942  56      4       57
  AVERAGE         75                        71      4       63

PRECIPITATION (IN)
  YESTERDAY        0.00          4.03 1914   0.06  -0.06     0.72
  MONTH TO DATE    1.97                      2.26  -0.29     3.88
  SINCE JUN 1      2.60                      5.46  -2.86     6.54
  SINCE JAN 1      4.93                     10.57  -5.64    10.96

DEGREE DAYS
 HEATING
  YESTERDAY        0                         1     -1        2
  MONTH TO DATE    0                        34    -34       17
  SINCE JUN 1     92                       171    -79       76
  SINCE JUL 1      0                        34    -34       17

 COOLING
  YESTERDAY       10                         6      4        0
  MONTH TO DATE  280                       144    136      116
  SINCE JUN 1    330                       198    132      173
  SINCE JAN 1    340                       208    132      176
..................................................................


WIND (MPH)
  HIGHEST WIND SPEED    21   HIGHEST WIND DIRECTION     S (160)
  HIGHEST GUST SPEED    26   HIGHEST GUST DIRECTION    SE (120)
  AVERAGE WIND SPEED    11.3


SKY COVER
  POSSIBLE SUNSHINE  MM
  AVERAGE SKY COVER 0.3


WEATHER CONDITIONS
 THE FOLLOWING WEATHER WAS RECORDED YESTERDAY.
  NO SIGNIFICANT WEATHER WAS OBSERVED.


RELATIVE HUMIDITY (PERCENT)
 HIGHEST    97          1200 AM
 LOWEST     36           200 PM
 AVERAGE    67

..........................................................


THE DICKINSON ND CLIMATE NORMALS FOR TODAY
                         NORMAL    RECORD    YEAR
 MAXIMUM TEMPERATURE (F)   86       103      1999
 MINIMUM TEMPERATURE (F)   56        38      1899


SUNRISE AND SUNSET
JULY 29 2017..........SUNRISE   528 AM MDT   SUNSET   827 PM MDT
JULY 30 2017..........SUNRISE   529 AM MDT   SUNSET   825 PM MDT


-  INDICATES NEGATIVE NUMBERS.
R  INDICATES RECORD WAS SET OR TIED.
MM INDICATES DATA IS MISSING.
T  INDICATES TRACE AMOUNT.




$$
