000
CDUS43 KBIS 280732
CLIDIK


CLIMATE REPORT
NATIONAL WEATHER SERVICE BISMARCK ND
131 AM CST WED JAN 28 2015


...................................

...THE DICKINSON ND CLIMATE SUMMARY FOR JANUARY 27 2015...

CLIMATE NORMAL PERIOD 1981 TO 2010
CLIMATE RECORD PERIOD 1903 TO 2015


WEATHER ITEM   OBSERVED TIME   RECORD YEAR NORMAL DEPARTURE LAST
                VALUE   (LST)  VALUE       VALUE  FROM      YEAR
                                                  NORMAL
..................................................................
TEMPERATURE (F)
 YESTERDAY
  MAXIMUM         62R   128 PM  51    2008  27     35        4
  MINIMUM         31    256 AM -39    1915   7     24       -9
  AVERAGE         47                        17     30       -2

PRECIPITATION (IN)
  YESTERDAY        0.00          0.18 1956   0.01  -0.01     0.00
  MONTH TO DATE    0.11                      0.27  -0.16     0.02
  SINCE DEC 1      0.18                      0.51  -0.33     0.38
  SINCE JAN 1      0.11                      0.27  -0.16     0.02

DEGREE DAYS
 HEATING
  YESTERDAY       18                        48    -30       67
  MONTH TO DATE 1189                      1317   -128     1258
  SINCE DEC 1   2433                      2777   -344     2969
  SINCE JUL 1   4639                      4854   -215     4913

 COOLING
  YESTERDAY        0                         0      0        0
  MONTH TO DATE    0                         0      0        0
  SINCE DEC 1      0                         0      0        0
  SINCE JAN 1      0                         0      0        0
..................................................................


WIND (MPH)
  HIGHEST WIND SPEED    17   HIGHEST WIND DIRECTION     W (270)
  HIGHEST GUST SPEED    20   HIGHEST GUST DIRECTION     W (270)
  AVERAGE WIND SPEED     6.9


SKY COVER
  POSSIBLE SUNSHINE  MM
  AVERAGE SKY COVER 0.0


WEATHER CONDITIONS
 THE FOLLOWING WEATHER WAS RECORDED YESTERDAY.
  NO SIGNIFICANT WEATHER WAS OBSERVED.


RELATIVE HUMIDITY (PERCENT)
 HIGHEST    85          1200 AM
 LOWEST     39          1200 PM
 AVERAGE    62

..........................................................


THE DICKINSON ND CLIMATE NORMALS FOR TODAY
                         NORMAL    RECORD    YEAR
 MAXIMUM TEMPERATURE (F)   27        53      1992
 MINIMUM TEMPERATURE (F)    7       -31      1916


SUNRISE AND SUNSET
JANUARY 28 2015.......SUNRISE   721 AM MST   SUNSET   448 PM MST
JANUARY 29 2015.......SUNRISE   719 AM MST   SUNSET   450 PM MST


-  INDICATES NEGATIVE NUMBERS.
R  INDICATES RECORD WAS SET OR TIED.
MM INDICATES DATA IS MISSING.
T  INDICATES TRACE AMOUNT.




$$
