000
CDUS43 KBIS 250836
CLIDIK


CLIMATE REPORT
NATIONAL WEATHER SERVICE BISMARCK ND
235 AM CST SAT FEB 25 2017


...................................

...THE DICKINSON ND CLIMATE SUMMARY FOR FEBRUARY 24 2017...

CLIMATE NORMAL PERIOD 1981 TO 2010
CLIMATE RECORD PERIOD 1893 TO 2017


WEATHER ITEM   OBSERVED TIME   RECORD YEAR NORMAL DEPARTURE LAST
                VALUE   (LST)  VALUE       VALUE  FROM      YEAR
                                                  NORMAL
..................................................................
TEMPERATURE (F)
 YESTERDAY
  MAXIMUM         25    302 PM  62    1995  33     -8       33
  MINIMUM          3    650 AM -26    1993  12     -9       16
                                      1922
  AVERAGE         14                        23     -9       25

PRECIPITATION (IN)
  YESTERDAY        0.00          0.35 1948   0.02  -0.02      T
  MONTH TO DATE    0.23                      0.27  -0.04     0.26
  SINCE DEC 1      0.43                      0.81  -0.38     0.68
  SINCE JAN 1      0.27                      0.57  -0.30     0.42

DEGREE DAYS
 HEATING
  YESTERDAY       51                        42      9       40
  MONTH TO DATE 1009                      1081    -72      867
  SINCE DEC 1   4281                      4051    230     3589
  SINCE JUL 1   5948                      6128   -180     5263

 COOLING
  YESTERDAY        0                         0      0        0
  MONTH TO DATE    0                         0      0        0
  SINCE DEC 1      0                         0      0        0
  SINCE JAN 1      0                         0      0        0
..................................................................


WIND (MPH)
  HIGHEST WIND SPEED    10   HIGHEST WIND DIRECTION     W (250)
  HIGHEST GUST SPEED    14   HIGHEST GUST DIRECTION    SW (220)
  AVERAGE WIND SPEED     3.4


SKY COVER
  POSSIBLE SUNSHINE  MM
  AVERAGE SKY COVER 0.5


WEATHER CONDITIONS
 THE FOLLOWING WEATHER WAS RECORDED YESTERDAY.
  NO SIGNIFICANT WEATHER WAS OBSERVED.


RELATIVE HUMIDITY (PERCENT)
 HIGHEST    91           200 AM
 LOWEST     59           100 PM
 AVERAGE    75

..........................................................


THE DICKINSON ND CLIMATE NORMALS FOR TODAY
                         NORMAL    RECORD    YEAR
 MAXIMUM TEMPERATURE (F)   34        66      1958
 MINIMUM TEMPERATURE (F)   13       -25      1934


SUNRISE AND SUNSET
FEBRUARY 25 2017......SUNRISE   638 AM MST   SUNSET   531 PM MST
FEBRUARY 26 2017......SUNRISE   636 AM MST   SUNSET   533 PM MST


-  INDICATES NEGATIVE NUMBERS.
R  INDICATES RECORD WAS SET OR TIED.
MM INDICATES DATA IS MISSING.
T  INDICATES TRACE AMOUNT.




$$
