000
CDUS43 KBIS 280815
CLIDIK


CLIMATE REPORT
NATIONAL WEATHER SERVICE BISMARCK ND
202 AM CST FRI NOV 28 2014


...................................

...THE DICKINSON ND CLIMATE SUMMARY FOR NOVEMBER 27 2014...

CLIMATE NORMAL PERIOD 1981 TO 2010
CLIMATE RECORD PERIOD 1903 TO 2014


WEATHER ITEM   OBSERVED TIME   RECORD YEAR NORMAL DEPARTURE LAST
                VALUE   (LST)  VALUE       VALUE  FROM      YEAR
                                                  NORMAL
..................................................................
TEMPERATURE (F)
 YESTERDAY
  MAXIMUM         25    520 PM  68    1949  34     -9       38
  MINIMUM         11    405 AM -15    1985  14     -3       21
  AVERAGE         18                        24     -6       30

PRECIPITATION (IN)
  YESTERDAY        T             0.32 1960   0.01  -0.01     0.00
  MONTH TO DATE    0.29                      0.51  -0.22     0.06
  SINCE SEP 1      2.02                      3.21  -1.19     7.83
  SINCE JAN 1     21.79                     15.50   6.29    22.84

DEGREE DAYS
 HEATING
  YESTERDAY       47                        41      6       35
  MONTH TO DATE 1144                       938    206      955
  SINCE SEP 1   1963                      1863    100     1796
  SINCE JUL 1   2064                      1949    115     1836

 COOLING
  YESTERDAY        0                         0      0        0
  MONTH TO DATE    0                         0      0        0
  SINCE SEP 1     24                        33     -9       74
  SINCE JAN 1    256                       419   -163      386
..................................................................


WIND (MPH)
  HIGHEST WIND SPEED    28   HIGHEST WIND DIRECTION     S (160)
  HIGHEST GUST SPEED    32   HIGHEST GUST DIRECTION    SE (140)
  AVERAGE WIND SPEED    13.7


SKY COVER
  POSSIBLE SUNSHINE  MM
  AVERAGE SKY COVER 0.7


WEATHER CONDITIONS
 THE FOLLOWING WEATHER WAS RECORDED YESTERDAY.
  LT FREEZING RAIN
  LIGHT SNOW
  FOG


RELATIVE HUMIDITY (PERCENT)
 HIGHEST    92           100 AM
 LOWEST     81           300 PM
 AVERAGE    87

..........................................................


THE DICKINSON ND CLIMATE NORMALS FOR TODAY
                         NORMAL    RECORD    YEAR
 MAXIMUM TEMPERATURE (F)   33        59      2002
 MINIMUM TEMPERATURE (F)   13       -18      1985


SUNRISE AND SUNSET
NOVEMBER 28 2014......SUNRISE   712 AM MST   SUNSET   406 PM MST
NOVEMBER 29 2014......SUNRISE   713 AM MST   SUNSET   406 PM MST


-  INDICATES NEGATIVE NUMBERS.
R  INDICATES RECORD WAS SET OR TIED.
MM INDICATES DATA IS MISSING.
T  INDICATES TRACE AMOUNT.




$$
