000
CDUS43 KBIS 230735
CLIDIK


CLIMATE REPORT
NATIONAL WEATHER SERVICE BISMARCK ND
234 AM CDT SAT SEP 23 2017


...................................

...THE DICKINSON ND CLIMATE SUMMARY FOR SEPTEMBER 22 2017...

CLIMATE NORMAL PERIOD 1981 TO 2010
CLIMATE RECORD PERIOD 1893 TO 2017


WEATHER ITEM   OBSERVED TIME   RECORD YEAR NORMAL DEPARTURE LAST
                VALUE   (LST)  VALUE       VALUE  FROM      YEAR
                                                  NORMAL
..................................................................
TEMPERATURE (F)
 YESTERDAY
  MAXIMUM         51    349 AM  95    1938  68    -17       59
  MINIMUM         44   1159 PM  19    1995  40      4       47
  AVERAGE         48                        54     -6       53

PRECIPITATION (IN)
  YESTERDAY        T             1.51 1940   0.05  -0.05      T
  MONTH TO DATE    2.21                      1.08   1.13     1.71
  SINCE SEP 1      2.21                      1.08   1.13     1.71
  SINCE JAN 1      9.45                     13.37  -3.92    13.34

DEGREE DAYS
 HEATING
  YESTERDAY       17                        11      6       12
  MONTH TO DATE  138                       162    -24      156
  SINCE SEP 1    138                       162    -24      156
  SINCE JUL 1    189                       248    -59      216

 COOLING
  YESTERDAY        0                         0      0        0
  MONTH TO DATE   41                        30     11       21
  SINCE SEP 1     41                        30     11       21
  SINCE JAN 1    487                       416     71      315
..................................................................


WIND (MPH)
  HIGHEST WIND SPEED    25   HIGHEST WIND DIRECTION     N (360)
  HIGHEST GUST SPEED    35   HIGHEST GUST DIRECTION     N (10)
  AVERAGE WIND SPEED    15.6


SKY COVER
  POSSIBLE SUNSHINE   0 PERCENT
  AVERAGE SKY COVER 0.0


WEATHER CONDITIONS
 THE FOLLOWING WEATHER WAS RECORDED YESTERDAY.
  NO SIGNIFICANT WEATHER WAS OBSERVED.


RELATIVE HUMIDITY (PERCENT)
 HIGHEST     0          1200 AM
 LOWEST      0          1200 AM
 AVERAGE     0

..........................................................


THE DICKINSON ND CLIMATE NORMALS FOR TODAY
                         NORMAL    RECORD    YEAR
 MAXIMUM TEMPERATURE (F)   68        97      1917
 MINIMUM TEMPERATURE (F)   40        25      1943
                                             1932


SUNRISE AND SUNSET
SEPTEMBER 23 2017.....SUNRISE   640 AM MDT   SUNSET   646 PM MDT
SEPTEMBER 24 2017.....SUNRISE   641 AM MDT   SUNSET   644 PM MDT


-  INDICATES NEGATIVE NUMBERS.
R  INDICATES RECORD WAS SET OR TIED.
MM INDICATES DATA IS MISSING.
T  INDICATES TRACE AMOUNT.




$$
