862
CDUS43 KBIS 230739
CLIDIK


CLIMATE REPORT
NATIONAL WEATHER SERVICE BISMARCK ND
239 AM CDT THU MAR 23 2017


...................................

...THE DICKINSON ND CLIMATE SUMMARY FOR MARCH 22 2017...

CLIMATE NORMAL PERIOD 1981 TO 2010
CLIMATE RECORD PERIOD 1893 TO 2017


WEATHER ITEM   OBSERVED TIME   RECORD YEAR NORMAL DEPARTURE LAST
                VALUE   (LST)  VALUE       VALUE  FROM      YEAR
                                                  NORMAL
..................................................................
TEMPERATURE (F)
 YESTERDAY
  MAXIMUM         55    453 PM  85    1910  44     11       48
  MINIMUM         25    431 AM -18    1898  21      4       20
  AVERAGE         40                        32      8       34

PRECIPITATION (IN)
  YESTERDAY        0.00          0.60 1893   0.03  -0.03      T
  MONTH TO DATE    0.21                      0.43  -0.22     0.10
  SINCE MAR 1      0.21                      0.43  -0.22     0.10
  SINCE JAN 1      0.49                      1.06  -0.57     0.52

DEGREE DAYS
 HEATING
  YESTERDAY       25                        33     -8       31
  MONTH TO DATE  840                       811     29      610
  SINCE MAR 1    840                       811     29      610
  SINCE JUL 1   6970                      7105   -135     6019

 COOLING
  YESTERDAY        0                         0      0        0
  MONTH TO DATE    0                         0      0        0
  SINCE MAR 1      0                         0      0        0
  SINCE JAN 1      0                         0      0        0
..................................................................


WIND (MPH)
  HIGHEST WIND SPEED    32   HIGHEST WIND DIRECTION    SE (150)
  HIGHEST GUST SPEED    39   HIGHEST GUST DIRECTION    SE (150)
  AVERAGE WIND SPEED    16.9


SKY COVER
  POSSIBLE SUNSHINE  MM
  AVERAGE SKY COVER 0.5


WEATHER CONDITIONS
 THE FOLLOWING WEATHER WAS RECORDED YESTERDAY.
  NO SIGNIFICANT WEATHER WAS OBSERVED.


RELATIVE HUMIDITY (PERCENT)
 HIGHEST    82          1000 PM
 LOWEST     46           200 PM
 AVERAGE    64

..........................................................


THE DICKINSON ND CLIMATE NORMALS FOR TODAY
                         NORMAL    RECORD    YEAR
 MAXIMUM TEMPERATURE (F)   44        74      1963
                                             1910
 MINIMUM TEMPERATURE (F)   21       -15      1965
                                             1899


SUNRISE AND SUNSET
MARCH 23 2017.........SUNRISE   648 AM MDT   SUNSET   708 PM MDT
MARCH 24 2017.........SUNRISE   646 AM MDT   SUNSET   710 PM MDT


-  INDICATES NEGATIVE NUMBERS.
R  INDICATES RECORD WAS SET OR TIED.
MM INDICATES DATA IS MISSING.
T  INDICATES TRACE AMOUNT.




$$
