000
CDUS43 KBIS 290746
CLIDIK


CLIMATE REPORT
NATIONAL WEATHER SERVICE BISMARCK ND
245 AM CDT THU SEP 29 2016


...................................

...THE DICKINSON ND CLIMATE SUMMARY FOR SEPTEMBER 28 2016...

CLIMATE NORMAL PERIOD 1981 TO 2010
CLIMATE RECORD PERIOD 1893 TO 2016


WEATHER ITEM   OBSERVED TIME   RECORD YEAR NORMAL DEPARTURE LAST
                VALUE   (LST)  VALUE       VALUE  FROM      YEAR
                                                  NORMAL
..................................................................
TEMPERATURE (F)
 YESTERDAY
  MAXIMUM         75    142 PM  98    1905  65     10       67
  MINIMUM         44    604 AM  18    1895  38      6       37
  AVERAGE         60                        51      9       52

PRECIPITATION (IN)
  YESTERDAY        0.00          0.48 1986   0.05  -0.05     0.00
  MONTH TO DATE    3.42                      1.38   2.04     0.30
  SINCE SEP 1      3.42                      1.38   2.04     0.30
  SINCE JAN 1     15.05                     13.67   1.38     9.79

DEGREE DAYS
 HEATING
  YESTERDAY        5                        14     -9       13
  MONTH TO DATE  216                       239    -23      112
  SINCE SEP 1    216                       239    -23      112
  SINCE JUL 1    276                       325    -49      170

 COOLING
  YESTERDAY        0                         0      0        0
  MONTH TO DATE   21                        30     -9       71
  SINCE SEP 1     21                        30     -9       71
  SINCE JAN 1    315                       416   -101      462
..................................................................


WIND (MPH)
  HIGHEST WIND SPEED    16   HIGHEST WIND DIRECTION    SE (150)
  HIGHEST GUST SPEED    23   HIGHEST GUST DIRECTION    SE (130)
  AVERAGE WIND SPEED     8.8


SKY COVER
  POSSIBLE SUNSHINE  MM
  AVERAGE SKY COVER 0.0


WEATHER CONDITIONS
 THE FOLLOWING WEATHER WAS RECORDED YESTERDAY.
  NO SIGNIFICANT WEATHER WAS OBSERVED.


RELATIVE HUMIDITY (PERCENT)
 HIGHEST    86           300 AM
 LOWEST     35           100 PM
 AVERAGE    61

..........................................................


THE DICKINSON ND CLIMATE NORMALS FOR TODAY
                         NORMAL    RECORD    YEAR
 MAXIMUM TEMPERATURE (F)   65        89      1989
 MINIMUM TEMPERATURE (F)   37        16      1907


SUNRISE AND SUNSET
SEPTEMBER 29 2016.....SUNRISE   648 AM MDT   SUNSET   634 PM MDT
SEPTEMBER 30 2016.....SUNRISE   649 AM MDT   SUNSET   632 PM MDT


-  INDICATES NEGATIVE NUMBERS.
R  INDICATES RECORD WAS SET OR TIED.
MM INDICATES DATA IS MISSING.
T  INDICATES TRACE AMOUNT.




$$
