000
CDUS43 KBIS 272221
CLIDIK


CLIMATE REPORT
NATIONAL WEATHER SERVICE BISMARCK ND
521 PM CDT WED AUG 27 2014


...................................

...THE DICKINSON ND CLIMATE SUMMARY FOR AUGUST 27 2014...
VALID TODAY AS OF 0500 PM LOCAL TIME.

CLIMATE NORMAL PERIOD 1981 TO 2010
CLIMATE RECORD PERIOD 1903 TO 2014


WEATHER ITEM   OBSERVED TIME   RECORD YEAR NORMAL DEPARTURE LAST
                VALUE   (LST)  VALUE       VALUE  FROM      YEAR
                                                  NORMAL
..................................................................
TEMPERATURE (F)
 TODAY
  MAXIMUM         77    200 PM 107    1905  80     -3       90
  MINIMUM         46    400 AM  33    1916  51     -5       64
  AVERAGE         62                        66     -4       77

PRECIPITATION (IN)
  TODAY            0.00          0.30 1978   0.05  -0.05     0.00
  MONTH TO DATE    6.27                      1.34   4.93     1.67
  SINCE JUN 1     11.21                      6.98   4.23     6.08
  SINCE JAN 1     19.25                     12.09   7.16    15.01

DEGREE DAYS
 HEATING
  TODAY            3                         3      0        0
  MONTH TO DATE   45                        39      6        8
  SINCE JUN 1    259                       210     49      164
  SINCE JUL 1     94                        73     21       40

 COOLING
  TODAY            0                         3     -3       12
  MONTH TO DATE   90                       141    -51      132
  SINCE JUN 1    197                       360   -163      266
  SINCE JAN 1    227                       370   -143      275
..................................................................


WIND (MPH)
  RESULTANT WIND SPEED   8   RESULTANT WIND DIRECTION   S (160)
  HIGHEST WIND SPEED    12   HIGHEST WIND DIRECTION     S (170)
  HIGHEST GUST SPEED    MM   HIGHEST GUST DIRECTION    MM
  AVERAGE WIND SPEED     8.1


SKY COVER
  POSSIBLE SUNSHINE  MM
  AVERAGE SKY COVER 0.2


WEATHER CONDITIONS
 THE FOLLOWING WEATHER WAS RECORDED TODAY.
  FOG
  FOG W/VISIBILITY <= 1/4 MILE


RELATIVE HUMIDITY (PERCENT)
 HIGHEST   100           600 AM
 LOWEST     47           200 PM
 AVERAGE    74

..........................................................


THE DICKINSON ND CLIMATE NORMALS FOR TOMORROW
                         NORMAL    RECORD    YEAR
 MAXIMUM TEMPERATURE (F)   80       106      1905
 MINIMUM TEMPERATURE (F)   51        26      1911


SUNRISE AND SUNSET
AUGUST 27 2014........SUNRISE   604 AM MDT   SUNSET   740 PM MDT
AUGUST 28 2014........SUNRISE   606 AM MDT   SUNSET   738 PM MDT


-  INDICATES NEGATIVE NUMBERS.
R  INDICATES RECORD WAS SET OR TIED.
MM INDICATES DATA IS MISSING.
T  INDICATES TRACE AMOUNT.




$$
