000
CDUS43 KBIS 020028
CLIDIK


CLIMATE REPORT
NATIONAL WEATHER SERVICE BISMARCK ND
727 PM CDT FRI AUG 1 2014


...................................

...THE DICKINSON ND CLIMATE SUMMARY FOR AUGUST 1 2014...
VALID TODAY AS OF 0700 PM LOCAL TIME.

CLIMATE NORMAL PERIOD 1981 TO 2010
CLIMATE RECORD PERIOD 1903 TO 2014


WEATHER ITEM   OBSERVED TIME   RECORD YEAR NORMAL DEPARTURE LAST
                VALUE   (LST)  VALUE       VALUE  FROM      YEAR
                                                  NORMAL
..................................................................
TEMPERATURE (F)
 TODAY
  MAXIMUM         86    400 PM 100    1964  86      0       81
  MINIMUM         56    400 AM  38    1948  56      0       48
  AVERAGE         71                        71      0       65

PRECIPITATION (IN)
  TODAY            0.00          0.34 1981   0.06  -0.06      T
  MONTH TO DATE    0.00                      0.06  -0.06      T
  SINCE JUN 1      4.94                      5.70  -0.76     4.41
  SINCE JAN 1     12.98                     10.81   2.17    13.34

DEGREE DAYS
 HEATING
  TODAY            0                         1     -1        0
  MONTH TO DATE    0                         1     -1        0
  SINCE JUN 1    214                       172     42      156
  SINCE JUL 1     49                        35     14       32

 COOLING
  TODAY            6                         6      0        0
  MONTH TO DATE    6                         6      0        0
  SINCE JUN 1    113                       225   -112      134
  SINCE JAN 1    143                       235    -92      143
..................................................................


WIND (MPH)
  RESULTANT WIND SPEED   7   RESULTANT WIND DIRECTION   E (100)
  HIGHEST WIND SPEED    14   HIGHEST WIND DIRECTION     E (110)
  HIGHEST GUST SPEED    18   HIGHEST GUST DIRECTION     E (90)
  AVERAGE WIND SPEED     9.5


SKY COVER
  POSSIBLE SUNSHINE  MM
  AVERAGE SKY COVER 0.1


WEATHER CONDITIONS
 THE FOLLOWING WEATHER WAS RECORDED TODAY.
  NO SIGNIFICANT WEATHER WAS OBSERVED.


RELATIVE HUMIDITY (PERCENT)
 HIGHEST    86           100 AM
 LOWEST     43           400 PM
 AVERAGE    65

..........................................................


THE DICKINSON ND CLIMATE NORMALS FOR TOMORROW
                         NORMAL    RECORD    YEAR
 MAXIMUM TEMPERATURE (F)   86       102      1904
 MINIMUM TEMPERATURE (F)   56        37      1907


SUNRISE AND SUNSET
AUGUST  1 2014........SUNRISE   531 AM MDT   SUNSET   823 PM MDT
AUGUST  2 2014........SUNRISE   532 AM MDT   SUNSET   822 PM MDT


-  INDICATES NEGATIVE NUMBERS.
R  INDICATES RECORD WAS SET OR TIED.
MM INDICATES DATA IS MISSING.
T  INDICATES TRACE AMOUNT.




$$
