000
CDUS43 KBIS 220728
CLIDIK


CLIMATE REPORT
NATIONAL WEATHER SERVICE BISMARCK ND
226 AM CDT FRI MAY 22 2015


...................................

...THE DICKINSON ND CLIMATE SUMMARY FOR MAY 21 2015...

CLIMATE NORMAL PERIOD 1981 TO 2010
CLIMATE RECORD PERIOD 1893 TO 2015


WEATHER ITEM   OBSERVED TIME   RECORD YEAR NORMAL DEPARTURE LAST
                VALUE   (LST)  VALUE       VALUE  FROM      YEAR
                                                  NORMAL
..................................................................
TEMPERATURE (F)
 YESTERDAY
  MAXIMUM         72    241 PM  96    1980  68      4       71
  MINIMUM         35    439 AM  18    1931  42     -7       34
  AVERAGE         54                        55     -1       53

PRECIPITATION (IN)
  YESTERDAY        0.00          1.07 1962   0.07  -0.07     0.00
  MONTH TO DATE    1.53                      1.50   0.03     1.21
  SINCE MAR 1      3.03                      3.66  -0.63     2.90
  SINCE JAN 1      3.30                      4.29  -0.99     3.07

DEGREE DAYS
 HEATING
  YESTERDAY       11                        11      0       12
  MONTH TO DATE  341                       288     53      380
  SINCE MAR 1   1808                      2056   -248     2351
  SINCE JUL 1   7923                      8350   -427     8993

 COOLING
  YESTERDAY        0                         0      0        0
  MONTH TO DATE    0                         0      0        0
  SINCE MAR 1      0                         1     -1        0
  SINCE JAN 1      0                         1     -1        0
..................................................................


WIND (MPH)
  HIGHEST WIND SPEED    13   HIGHEST WIND DIRECTION     E (110)
  HIGHEST GUST SPEED    19   HIGHEST GUST DIRECTION    SE (130)
  AVERAGE WIND SPEED     6.9


SKY COVER
  POSSIBLE SUNSHINE  MM
  AVERAGE SKY COVER 0.0


WEATHER CONDITIONS
 THE FOLLOWING WEATHER WAS RECORDED YESTERDAY.
  NO SIGNIFICANT WEATHER WAS OBSERVED.


RELATIVE HUMIDITY (PERCENT)
 HIGHEST    70           200 AM
 LOWEST     22          1200 PM
 AVERAGE    46

..........................................................


THE DICKINSON ND CLIMATE NORMALS FOR TODAY
                         NORMAL    RECORD    YEAR
 MAXIMUM TEMPERATURE (F)   68        99      1980
 MINIMUM TEMPERATURE (F)   42        24      1918


SUNRISE AND SUNSET
MAY 22 2015...........SUNRISE   509 AM MDT   SUNSET   827 PM MDT
MAY 23 2015...........SUNRISE   508 AM MDT   SUNSET   828 PM MDT


-  INDICATES NEGATIVE NUMBERS.
R  INDICATES RECORD WAS SET OR TIED.
MM INDICATES DATA IS MISSING.
T  INDICATES TRACE AMOUNT.




$$
