000
CDUS43 KDLH 070621
CLIDLH


CLIMATE REPORT
NATIONAL WEATHER SERVICE DULUTH MN
120 AM CDT TUE JUL 7 2015


...................................

...THE DULUTH MN CLIMATE SUMMARY FOR JULY 6 2015...

CLIMATE NORMAL PERIOD 1981 TO 2010
CLIMATE RECORD PERIOD 1870 TO 2015


WEATHER ITEM   OBSERVED TIME   RECORD YEAR NORMAL DEPARTURE LAST
                VALUE   (LST)  VALUE       VALUE  FROM      YEAR
                                                  NORMAL
..................................................................
TEMPERATURE (F)
 YESTERDAY
  MAXIMUM         68    411 PM  95    1988  76     -8       83
  MINIMUM         55   1159 PM  41    1969  55      0       64
                                      1965
  AVERAGE         62                        65     -3       74

PRECIPITATION (IN)
  YESTERDAY        0.88          2.63 1996   0.14   0.74     0.86
  MONTH TO DATE    1.99                      0.89   1.10     0.87
  SINCE JUN 1      5.63                      5.12   0.51     5.34
  SINCE JAN 1     12.02                     14.04  -2.02    17.77

SNOWFALL (IN)
  YESTERDAY        0.0                       0.0    0.0      0.0
  MONTH TO DATE    0.0                       0.0    0.0      0.0
  SINCE JUN 1      T                         0.0    0.0       T
  SINCE JUL 1      0.0                       0.0    0.0      0.0
  SNOW DEPTH       0

DEGREE DAYS
 HEATING
  YESTERDAY        3                         3      0        0
  MONTH TO DATE    8                        18    -10        6
  SINCE JUN 1    129                       197    -68      168
  SINCE JUL 1      8                        18    -10        6

 COOLING
  YESTERDAY        0                         3     -3        9
  MONTH TO DATE   12                        15     -3       17
  SINCE JUN 1     34                        45    -11       46
  SINCE JAN 1     38                        49    -11       64
..................................................................


WIND (MPH)
  HIGHEST WIND SPEED    17   HIGHEST WIND DIRECTION    NW (330)
  HIGHEST GUST SPEED    24   HIGHEST GUST DIRECTION     N (350)
  AVERAGE WIND SPEED     8.7


SKY COVER
  AVERAGE SKY COVER 0.9


WEATHER CONDITIONS
 THE FOLLOWING WEATHER WAS RECORDED YESTERDAY.
  HEAVY RAIN
  RAIN
  LIGHT RAIN
  FOG
  FOG W/VISIBILITY <= 1/4 MILE
  HAZE


RELATIVE HUMIDITY (PERCENT)
 HIGHEST    93           100 AM
 LOWEST     56           600 PM
 AVERAGE    75

..........................................................


THE DULUTH MN CLIMATE NORMALS FOR TODAY
                         NORMAL    RECORD    YEAR
 MAXIMUM TEMPERATURE (F)   76       100      1936
 MINIMUM TEMPERATURE (F)   55        38      1984
                                             1972


SUNRISE AND SUNSET
JULY  7 2015..........SUNRISE   522 AM CDT   SUNSET   905 PM CDT
JULY  8 2015..........SUNRISE   523 AM CDT   SUNSET   904 PM CDT


-  INDICATES NEGATIVE NUMBERS.
R  INDICATES RECORD WAS SET OR TIED.
MM INDICATES DATA IS MISSING.
T  INDICATES TRACE AMOUNT.




$$
