360
CDUS43 KDLH 160622
CLIDLH


CLIMATE REPORT
NATIONAL WEATHER SERVICE DULUTH MN
122 AM CDT WED AUG 16 2017


...................................

...THE DULUTH MN CLIMATE SUMMARY FOR AUGUST 15 2017...

CLIMATE NORMAL PERIOD 1981 TO 2010
CLIMATE RECORD PERIOD 1870 TO 2017


WEATHER ITEM   OBSERVED TIME   RECORD YEAR NORMAL DEPARTURE LAST
                VALUE   (LST)  VALUE       VALUE  FROM      YEAR
                                                  NORMAL
..................................................................
TEMPERATURE (F)
 YESTERDAY
  MAXIMUM         71    218 PM  92    1930  75     -4       78
                                      1922
  MINIMUM         52    351 AM  35    1976  55     -3       57
  AVERAGE         62                        65     -3       68

PRECIPITATION (IN)
  YESTERDAY        0.00          2.29 1973   0.12  -0.12     0.08
  MONTH TO DATE    2.58                      1.75   0.83     1.96
  SINCE JUN 1     11.90                      9.83   2.07    10.81
  SINCE JAN 1     23.04                     18.75   4.29    20.92

SNOWFALL (IN)
  YESTERDAY        0.0           0.0  2002   0.0    0.0      0.0
                                      2001
  MONTH TO DATE    0.0                       0.0    0.0      0.0
  SINCE JUN 1      T                         0.0    0.0       T
  SINCE JUL 1      T                         0.0    0.0      0.0
  SNOW DEPTH       0

DEGREE DAYS
 HEATING
  YESTERDAY        3                         2      1        0
  MONTH TO DATE   43                        30     13        6
  SINCE JUN 1    227                       272    -45      177
  SINCE JUL 1     96                        93      3       35

 COOLING
  YESTERDAY        0                         2     -2        3
  MONTH TO DATE   10                        40    -30       58
  SINCE JUN 1     93                       160    -67      204
  SINCE JAN 1     93                       164    -71      213
..................................................................


WIND (MPH)
  HIGHEST WIND SPEED    16   HIGHEST WIND DIRECTION    SE (120)
  HIGHEST GUST SPEED    21   HIGHEST GUST DIRECTION     E (100)
  AVERAGE WIND SPEED     6.8


SKY COVER
  AVERAGE SKY COVER 0.2


WEATHER CONDITIONS
 THE FOLLOWING WEATHER WAS RECORDED YESTERDAY.
  FOG


RELATIVE HUMIDITY (PERCENT)
 HIGHEST   100          1200 AM
 LOWEST     68           400 PM
 AVERAGE    84

..........................................................


THE DULUTH MN CLIMATE NORMALS FOR TODAY
                         NORMAL    RECORD    YEAR
 MAXIMUM TEMPERATURE (F)   75        91      1988
 MINIMUM TEMPERATURE (F)   55        35      1976


SUNRISE AND SUNSET
AUGUST 16 2017........SUNRISE   608 AM CDT   SUNSET   816 PM CDT
AUGUST 17 2017........SUNRISE   609 AM CDT   SUNSET   815 PM CDT


-  INDICATES NEGATIVE NUMBERS.
R  INDICATES RECORD WAS SET OR TIED.
MM INDICATES DATA IS MISSING.
T  INDICATES TRACE AMOUNT.




$$
