000
CDUS43 KDLH 232240
CLIDLH


CLIMATE REPORT
NATIONAL WEATHER SERVICE DULUTH MN
539 PM CDT MON OCT 23 2017


...................................

...THE DULUTH CLIMATE SUMMARY FOR OCTOBER 23 2017...
VALID TODAY AS OF 0500 PM LOCAL TIME.

CLIMATE NORMAL PERIOD 1981 TO 2010
CLIMATE RECORD PERIOD 1870 TO 2017


WEATHER ITEM   OBSERVED TIME   RECORD YEAR NORMAL DEPARTURE LAST
                VALUE   (LST)  VALUE       VALUE  FROM      YEAR
                                                  NORMAL
..................................................................
TEMPERATURE (F)
 TODAY
  MAXIMUM         60    117 PM  78    1963  48     12       48
  MINIMUM         47    359 PM   9    1936  33     14       31
  AVERAGE         54                        40     14       40

PRECIPITATION (IN)
  TODAY            T             0.85 1886   0.08  -0.08      T
  MONTH TO DATE    2.82                      2.23   0.59     1.34
  SINCE SEP 1      6.37                      6.34   0.03     4.86
  SINCE JAN 1     34.06                     27.04   7.02    28.78

SNOWFALL (IN)
  TODAY            0.0           8.0  1933   0.1   -0.1      0.0
  MONTH TO DATE    0.0                       1.2   -1.2       T
  SINCE JUL 1      T                         1.3   -1.3       T
  SNOW DEPTH       0

DEGREE DAYS
 HEATING
  TODAY           11                        25    -14       25
  MONTH TO DATE  337                       466   -129      362
  SINCE SEP 1    549                       764   -215      524
  SINCE JUL 1    719                       913   -194      578

 COOLING
  TODAY            0                         0      0        0
  MONTH TO DATE    0                         0      0        0
  SINCE SEP 1     26                        14     12       14
  SINCE JAN 1    126                       204    -78      281
..................................................................


WIND (MPH)
  HIGHEST WIND SPEED    24   HIGHEST WIND DIRECTION    NW (300)
  HIGHEST GUST SPEED    32   HIGHEST GUST DIRECTION    NW (310)
  AVERAGE WIND SPEED    14.2


SKY COVER
  AVERAGE SKY COVER 0.8


WEATHER CONDITIONS
 THE FOLLOWING WEATHER WAS RECORDED TODAY.
  LIGHT RAIN


RELATIVE HUMIDITY (PERCENT)
 HIGHEST    80           400 PM
 LOWEST     48          1200 AM
 AVERAGE    64

..........................................................


THE DULUTH CLIMATE NORMALS FOR TOMORROW
                         NORMAL    RECORD    YEAR
 MAXIMUM TEMPERATURE (F)   48        71      1998
 MINIMUM TEMPERATURE (F)   32        12      1887


SUNRISE AND SUNSET
OCTOBER 23 2017.......SUNRISE   738 AM CDT   SUNSET   607 PM CDT
OCTOBER 24 2017.......SUNRISE   740 AM CDT   SUNSET   605 PM CDT


-  INDICATES NEGATIVE NUMBERS.
R  INDICATES RECORD WAS SET OR TIED.
MM INDICATES DATA IS MISSING.
T  INDICATES TRACE AMOUNT.




$$
