000
CDUS45 KTFX 230736
CLIDLN


CLIMATE REPORT
NATIONAL WEATHER SERVICE GREAT FALLS MT
135 AM MDT FRI JUN 23 2017


...................................

...THE DILLON AIRPORT MT CLIMATE SUMMARY FOR JUNE 22 2017...

CLIMATE NORMAL PERIOD 1981 TO 2010
CLIMATE RECORD PERIOD 1929 TO 2017


WEATHER ITEM   OBSERVED TIME   RECORD YEAR NORMAL DEPARTURE LAST
                VALUE   (LST)  VALUE       VALUE  FROM      YEAR
                                                  NORMAL
..................................................................
TEMPERATURE (F)
 YESTERDAY
  MAXIMUM         73    324 PM  93    1970  75     -2       83
  MINIMUM         42    453 AM  35    1942  45     -3       39
  AVERAGE         58                        60     -2       61

PRECIPITATION (IN)
  YESTERDAY        0.00          0.67 1976   0.06  -0.06     0.00
  MONTH TO DATE    1.16                      1.60  -0.44     1.12
  SINCE OCT 1      7.93                      7.07   0.86     6.60
  SINCE JAN 1      5.39                      5.67  -0.28     4.52

SNOWFALL (IN)
  YESTERDAY       MM
  SNOW DEPTH       0

DEGREE DAYS
 HEATING
  YESTERDAY        7                                1        4
  MONTH TO DATE  142                              -45       95
  SINCE JUN 1    142                              -45       95
  SINCE JUL 1   7923                             -289     7467

 COOLING
  YESTERDAY        0                               -1        0
  MONTH TO DATE   18                               13       22
  SINCE JUN 1     18                               13       22
  SINCE JAN 1     18                               12       22
..................................................................


WIND (MPH)
  HIGHEST WIND SPEED    20   HIGHEST WIND DIRECTION     N (20)
  HIGHEST GUST SPEED    24   HIGHEST GUST DIRECTION     N (360)
  AVERAGE WIND SPEED     8.9


SKY COVER
  AVERAGE SKY COVER 0.0


WEATHER CONDITIONS
 THE FOLLOWING WEATHER WAS RECORDED YESTERDAY.
  NO SIGNIFICANT WEATHER WAS OBSERVED.


RELATIVE HUMIDITY (PERCENT)
 HIGHEST    67
 LOWEST     20
 AVERAGE    44

..........................................................


THE DILLON AIRPORT MT CLIMATE NORMALS FOR TODAY
                         NORMAL    RECORD    YEAR
 MAXIMUM TEMPERATURE (F)   75        94      1961
 MINIMUM TEMPERATURE (F)   46        33      2009
                                             2003


SUNRISE AND SUNSET
JUNE 23 2017..........SUNRISE   543 AM MDT   SUNSET   922 PM MDT
JUNE 24 2017..........SUNRISE   543 AM MDT   SUNSET   922 PM MDT


-  INDICATES NEGATIVE NUMBERS.
R  INDICATES RECORD WAS SET OR TIED.
MM INDICATES DATA IS MISSING.
T  INDICATES TRACE AMOUNT.




$$
