000
CDUS45 KTFX 251010
CLIDLN


CLIMATE REPORT
NATIONAL WEATHER SERVICE GREAT FALLS MT
409 AM MDT SAT OCT 25 2014


...................................

...THE DILLON AIRPORT MT CLIMATE SUMMARY FOR OCTOBER 24 2014...

CLIMATE NORMAL PERIOD 1981 TO 2010
CLIMATE RECORD PERIOD 1929 TO 2014


WEATHER ITEM   OBSERVED TIME   RECORD YEAR NORMAL DEPARTURE LAST
                VALUE   (LST)  VALUE       VALUE  FROM      YEAR
                                                  NORMAL
..................................................................
TEMPERATURE (F)
 YESTERDAY
  MAXIMUM         53    253 PM  73    2007  54     -1       61
  MINIMUM         34   1142 PM  14    2002  28      6       25
  AVERAGE         44                        41      3       43

PRECIPITATION (IN)
  YESTERDAY        T             0.28 1989   0.02  -0.02     0.00
  MONTH TO DATE    0.26                      0.62  -0.36     0.25
  SINCE OCT 1      0.26                      0.62  -0.36     0.25
  SINCE JAN 1      9.99                      9.79   0.20     9.71

SNOWFALL (IN)
  YESTERDAY       MM
  SNOW DEPTH       0

DEGREE DAYS
 HEATING
  YESTERDAY       21                               -3       22
  MONTH TO DATE  326                             -158      572
  SINCE SEP 1    595                             -202      813
  SINCE JUL 1    687                             -246      819

 COOLING
  YESTERDAY        0                                0        0
  MONTH TO DATE    0                                0        0
  SINCE SEP 1      6                               -2       19
  SINCE JAN 1    170                               14      247
..................................................................


WIND (MPH)
  HIGHEST WIND SPEED    13   HIGHEST WIND DIRECTION     S (170)
  HIGHEST GUST SPEED    15   HIGHEST GUST DIRECTION    SW (220)
  AVERAGE WIND SPEED     5.0



WEATHER CONDITIONS
 THE FOLLOWING WEATHER WAS RECORDED YESTERDAY.
  NO SIGNIFICANT WEATHER WAS OBSERVED.


RELATIVE HUMIDITY (PERCENT)
 HIGHEST   100
 LOWEST     59
 AVERAGE    80

..........................................................


THE DILLON AIRPORT MT CLIMATE NORMALS FOR TODAY
                         NORMAL    RECORD    YEAR
 MAXIMUM TEMPERATURE (F)   53        74      1990
 MINIMUM TEMPERATURE (F)   28        11      1997


SUNRISE AND SUNSET
OCTOBER 25 2014.......SUNRISE   800 AM MDT   SUNSET   628 PM MDT
OCTOBER 26 2014.......SUNRISE   801 AM MDT   SUNSET   627 PM MDT


-  INDICATES NEGATIVE NUMBERS.
R  INDICATES RECORD WAS SET OR TIED.
MM INDICATES DATA IS MISSING.
T  INDICATES TRACE AMOUNT.




$$
