000
CDUS45 KTFX 310743
CLIDLN


CLIMATE REPORT
NATIONAL WEATHER SERVICE GREAT FALLS MT
142 AM MDT FRI OCT 31 2014


...................................

...THE DILLON AIRPORT MT CLIMATE SUMMARY FOR OCTOBER 30 2014...

CLIMATE NORMAL PERIOD 1981 TO 2010
CLIMATE RECORD PERIOD 1929 TO 2014


WEATHER ITEM   OBSERVED TIME   RECORD YEAR NORMAL DEPARTURE LAST
                VALUE   (LST)  VALUE       VALUE  FROM      YEAR
                                                  NORMAL
..................................................................
TEMPERATURE (F)
 YESTERDAY
  MAXIMUM         58    307 PM  69    1962  51      7       47
  MINIMUM         31   1254 AM  -6    1991  26      5       18
  AVERAGE         45                        38      7       33

PRECIPITATION (IN)
  YESTERDAY        0.00          0.38 2007   0.02  -0.02     0.00
  MONTH TO DATE    0.26                      0.74  -0.48     0.26
  SINCE OCT 1      0.26                      0.74  -0.48     0.26
  SINCE JAN 1      9.99                      9.91   0.08     9.72

SNOWFALL (IN)
  YESTERDAY       MM
  SNOW DEPTH       0

DEGREE DAYS
 HEATING
  YESTERDAY       20                               -6       32
  MONTH TO DATE  459                             -178      735
  SINCE SEP 1    728                             -222      976
  SINCE JUL 1    820                             -266      982

 COOLING
  YESTERDAY        0                                0        0
  MONTH TO DATE    0                                0        0
  SINCE SEP 1      6                               -2       19
  SINCE JAN 1    170                               14      247
..................................................................


WIND (MPH)
  HIGHEST WIND SPEED    12   HIGHEST WIND DIRECTION     S (200)
  HIGHEST GUST SPEED    13   HIGHEST GUST DIRECTION     S (200)
  AVERAGE WIND SPEED     5.2



WEATHER CONDITIONS
 THE FOLLOWING WEATHER WAS RECORDED YESTERDAY.
  NO SIGNIFICANT WEATHER WAS OBSERVED.


RELATIVE HUMIDITY (PERCENT)
 HIGHEST    85
 LOWEST     30
 AVERAGE    58

..........................................................


THE DILLON AIRPORT MT CLIMATE NORMALS FOR TODAY
                         NORMAL    RECORD    YEAR
 MAXIMUM TEMPERATURE (F)   50        68      1988
 MINIMUM TEMPERATURE (F)   26        -6      2002


SUNRISE AND SUNSET
OCTOBER 31 2014.......SUNRISE   808 AM MDT   SUNSET   619 PM MDT
NOVEMBER  1 2014......SUNRISE   809 AM MDT   SUNSET   618 PM MDT


-  INDICATES NEGATIVE NUMBERS.
R  INDICATES RECORD WAS SET OR TIED.
MM INDICATES DATA IS MISSING.
T  INDICATES TRACE AMOUNT.




$$
