000
CDUS45 KTFX 222330
CLIDLN


CLIMATE REPORT
NATIONAL WEATHER SERVICE GREAT FALLS MT
430 PM MST SUN JAN 22 2017


...................................

...THE DILLON AIRPORT MT CLIMATE SUMMARY FOR JANUARY 22 2017...
VALID TODAY AS OF 0400 PM LOCAL TIME.

CLIMATE NORMAL PERIOD 1981 TO 2010
CLIMATE RECORD PERIOD 1929 TO 2017


WEATHER ITEM   OBSERVED TIME   RECORD YEAR NORMAL DEPARTURE LAST
                VALUE   (LST)  VALUE       VALUE  FROM      YEAR
                                                  NORMAL
..................................................................
TEMPERATURE (F)
 TODAY
  MAXIMUM         MM        MM  58    1981  33     MM       37
  MINIMUM         MM        MM -27    1962  14     MM       24
  AVERAGE         MM                        23     MM       31

PRECIPITATION (IN)
  TODAY            0.00          0.23 1967   0.01  -0.01     0.00
  MONTH TO DATE    0.05                      0.20  -0.15     0.05
  SINCE OCT 1      2.59                      1.60   0.99     2.13
  SINCE JAN 1      0.05                      0.20  -0.15     0.05

DEGREE DAYS
 HEATING
  TODAY           MM                        42     MM       34
  MONTH TO DATE 1027                       936     91      975
  SINCE DEC 1   2555                      2306    249     2313
  SINCE JUL 1   4338                      4457   -119     4236

 COOLING
  TODAY           MM                         0     MM        0
  MONTH TO DATE    0                         0      0        0
  SINCE DEC 1      0                         0      0        0
  SINCE JAN 1      0                         0      0        0
..................................................................


WIND (MPH)
  HIGHEST WIND SPEED    14   HIGHEST WIND DIRECTION     S (200)
  HIGHEST GUST SPEED    MM   HIGHEST GUST DIRECTION    MM
  AVERAGE WIND SPEED     6.5


SKY COVER
  AVERAGE SKY COVER 0.3


WEATHER CONDITIONS
 THE FOLLOWING WEATHER WAS RECORDED TODAY.
  NO SIGNIFICANT WEATHER WAS OBSERVED.


RELATIVE HUMIDITY (PERCENT)
 HIGHEST    MM
 LOWEST     MM
 AVERAGE    MM

..........................................................


THE DILLON AIRPORT MT CLIMATE NORMALS FOR TOMORROW
                         NORMAL    RECORD    YEAR
 MAXIMUM TEMPERATURE (F)   33        54      2005
 MINIMUM TEMPERATURE (F)   14       -28      1969


SUNRISE AND SUNSET
JANUARY 22 2017.......SUNRISE   800 AM MST   SUNSET   524 PM MST
JANUARY 23 2017.......SUNRISE   800 AM MST   SUNSET   525 PM MST


-  INDICATES NEGATIVE NUMBERS.
R  INDICATES RECORD WAS SET OR TIED.
MM INDICATES DATA IS MISSING.
T  INDICATES TRACE AMOUNT.




$$
