000
CDUS45 KTFX 220732
CLIDLN


CLIMATE REPORT
NATIONAL WEATHER SERVICE GREAT FALLS MT
132 AM MDT SUN OCT 22 2017


...................................

...THE DILLON AIRPORT MT CLIMATE SUMMARY FOR OCTOBER 21 2017...

CLIMATE NORMAL PERIOD 1981 TO 2010
CLIMATE RECORD PERIOD 1929 TO 2017


WEATHER ITEM   OBSERVED TIME   RECORD YEAR NORMAL DEPARTURE LAST
                VALUE   (LST)  VALUE       VALUE  FROM      YEAR
                                                  NORMAL
..................................................................
TEMPERATURE (F)
 YESTERDAY
  MAXIMUM         44    238 PM  77    2003  55    -11       63
  MINIMUM         28    717 AM  10    1984  29     -1       40
  AVERAGE         36                        42     -6       52

PRECIPITATION (IN)
  YESTERDAY        0.00          0.82 1961   0.03  -0.03     0.00
  MONTH TO DATE    0.15                      0.56  -0.41     1.68
  SINCE OCT 1      0.15                      0.56  -0.41     1.68
  SINCE JAN 1      8.81                      9.73  -0.92     8.69

SNOWFALL (IN)
  YESTERDAY       MM
  SNOW DEPTH       0

DEGREE DAYS
 HEATING
  YESTERDAY       29                                6       13
  MONTH TO DATE  470                               57      409
  SINCE SEP 1    835                              109      721
  SINCE JUL 1    849                              -13      847

 COOLING
  YESTERDAY        0                                0        0
  MONTH TO DATE    0                                0        0
  SINCE SEP 1     28                               20        8
  SINCE JAN 1    290                              134      168
..................................................................


WIND (MPH)
  HIGHEST WIND SPEED    25   HIGHEST WIND DIRECTION    SW (220)
  HIGHEST GUST SPEED    30   HIGHEST GUST DIRECTION    SW (220)
  AVERAGE WIND SPEED    11.6


SKY COVER
  AVERAGE SKY COVER 0.5


WEATHER CONDITIONS
 THE FOLLOWING WEATHER WAS RECORDED YESTERDAY.
  NO SIGNIFICANT WEATHER WAS OBSERVED.


RELATIVE HUMIDITY (PERCENT)
 HIGHEST    75
 LOWEST     33
 AVERAGE    54

..........................................................


THE DILLON AIRPORT MT CLIMATE NORMALS FOR TODAY
                         NORMAL    RECORD    YEAR
 MAXIMUM TEMPERATURE (F)   54        80      2003
 MINIMUM TEMPERATURE (F)   29        15      1981


SUNRISE AND SUNSET
OCTOBER 22 2017.......SUNRISE   756 AM MDT   SUNSET   633 PM MDT
OCTOBER 23 2017.......SUNRISE   757 AM MDT   SUNSET   631 PM MDT


-  INDICATES NEGATIVE NUMBERS.
R  INDICATES RECORD WAS SET OR TIED.
MM INDICATES DATA IS MISSING.
T  INDICATES TRACE AMOUNT.




$$
