000
CDUS45 KTFX 050935
CLIDLN


CLIMATE REPORT
NATIONAL WEATHER SERVICE GREAT FALLS MT
234 AM MST MON DEC 5 2016


...................................

...THE DILLON AIRPORT MT CLIMATE SUMMARY FOR DECEMBER 4 2016...

CLIMATE NORMAL PERIOD 1981 TO 2010
CLIMATE RECORD PERIOD 1929 TO 2016


WEATHER ITEM   OBSERVED TIME   RECORD YEAR NORMAL DEPARTURE LAST
                VALUE   (LST)  VALUE       VALUE  FROM      YEAR
                                                  NORMAL
..................................................................
TEMPERATURE (F)
 YESTERDAY
  MAXIMUM         36    308 PM  58    1939  32      4       42
  MINIMUM         21    653 AM -25    1972  12      9       24
  AVERAGE         29                        22      7       33

PRECIPITATION (IN)
  YESTERDAY        0.01          0.11 1948   0.01   0.00      T
  MONTH TO DATE    0.01                      0.05  -0.04      T
  SINCE OCT 1      2.50                      1.18   1.32     1.67
  SINCE JAN 1      9.51                     10.35  -0.84     9.63

SNOWFALL (IN)
  YESTERDAY       MM
  SNOW DEPTH       0

DEGREE DAYS
 HEATING
  YESTERDAY       36                               -7       32
  MONTH TO DATE  147                              -23      169
  SINCE DEC 1    147                              -23      169
  SINCE JUL 1   1930                             -391     2092

 COOLING
  YESTERDAY        0                                0        0
  MONTH TO DATE    0                                0        0
  SINCE DEC 1      0                                0        0
  SINCE JAN 1    168                               12      258
..................................................................


WIND (MPH)
  HIGHEST WIND SPEED    24   HIGHEST WIND DIRECTION    NW (310)
  HIGHEST GUST SPEED    30   HIGHEST GUST DIRECTION    NW (310)
  AVERAGE WIND SPEED    10.7


SKY COVER
  AVERAGE SKY COVER 0.7


WEATHER CONDITIONS
 THE FOLLOWING WEATHER WAS RECORDED YESTERDAY.
  LIGHT SNOW
  FOG
  HAZE


RELATIVE HUMIDITY (PERCENT)
 HIGHEST    85
 LOWEST     55
 AVERAGE    70

..........................................................


THE DILLON AIRPORT MT CLIMATE NORMALS FOR TODAY
                         NORMAL    RECORD    YEAR
 MAXIMUM TEMPERATURE (F)   31        63      1939
 MINIMUM TEMPERATURE (F)   12       -27      1972


SUNRISE AND SUNSET
DECEMBER  5 2016......SUNRISE   754 AM MST   SUNSET   448 PM MST
DECEMBER  6 2016......SUNRISE   755 AM MST   SUNSET   448 PM MST


-  INDICATES NEGATIVE NUMBERS.
R  INDICATES RECORD WAS SET OR TIED.
MM INDICATES DATA IS MISSING.
T  INDICATES TRACE AMOUNT.




$$
