000
CDUS45 KTFX 010940
CLIDLN


CLIMATE REPORT
NATIONAL WEATHER SERVICE GREAT FALLS MT
339 AM MDT MON SEP 1 2014


...................................

...THE DILLON AIRPORT MT CLIMATE SUMMARY FOR AUGUST 31 2014...

CLIMATE NORMAL PERIOD 1981 TO 2010
CLIMATE RECORD PERIOD 1929 TO 2014


WEATHER ITEM   OBSERVED TIME   RECORD YEAR NORMAL DEPARTURE LAST
                VALUE   (LST)  VALUE       VALUE  FROM      YEAR
                                                  NORMAL
..................................................................
TEMPERATURE (F)
 YESTERDAY
  MAXIMUM         68    408 PM  96    1955  77     -9       85
  MINIMUM         48    659 AM  30    2006  45      3       51
                                      1977
  AVERAGE         58                        61     -3       68

PRECIPITATION (IN)
  YESTERDAY        0.01          0.61 1984   0.04  -0.03     0.00
  MONTH TO DATE    2.78                      1.05   1.73     1.58
  SINCE OCT 1      9.36                      9.70  -0.34     8.02
  SINCE JAN 1      8.87                      8.30   0.57     7.00

SNOWFALL (IN)
  YESTERDAY       MM
  SNOW DEPTH       0

DEGREE DAYS
 HEATING
  YESTERDAY        7                                2        0
  MONTH TO DATE   76                               -5        6
  SINCE JUN 1    342                              -17      194
  SINCE JUL 1     92                              -44        6

 COOLING
  YESTERDAY        0                               -1        3
  MONTH TO DATE   52                               -2       72
  SINCE JUN 1    164                               17      225
  SINCE JAN 1    164                               16      228
..................................................................


WIND (MPH)
  HIGHEST WIND SPEED    18   HIGHEST WIND DIRECTION    SW (240)
  HIGHEST GUST SPEED    24   HIGHEST GUST DIRECTION    SW (240)
  AVERAGE WIND SPEED     7.0



WEATHER CONDITIONS
 THE FOLLOWING WEATHER WAS RECORDED YESTERDAY.
  RAIN
  LIGHT RAIN
  FOG


RELATIVE HUMIDITY (PERCENT)
 HIGHEST    93
 LOWEST     27
 AVERAGE    60

..........................................................


THE DILLON AIRPORT MT CLIMATE NORMALS FOR TODAY
                         NORMAL    RECORD    YEAR
 MAXIMUM TEMPERATURE (F)   77        92      1967
 MINIMUM TEMPERATURE (F)   44        32      2006


SUNRISE AND SUNSET
SEPTEMBER  1 2014.....SUNRISE   652 AM MDT   SUNSET   807 PM MDT
SEPTEMBER  2 2014.....SUNRISE   653 AM MDT   SUNSET   806 PM MDT


-  INDICATES NEGATIVE NUMBERS.
R  INDICATES RECORD WAS SET OR TIED.
MM INDICATES DATA IS MISSING.
T  INDICATES TRACE AMOUNT.




$$
