000
CDUS45 KTFX 311017
CLIDLN


CLIMATE REPORT
NATIONAL WEATHER SERVICE GREAT FALLS MT
414 AM MDT SUN JUL 31 2016


...................................

...THE DILLON AIRPORT MT CLIMATE SUMMARY FOR JULY 30 2016...

CLIMATE NORMAL PERIOD 1981 TO 2010
CLIMATE RECORD PERIOD 1929 TO 2016


WEATHER ITEM   OBSERVED TIME   RECORD YEAR NORMAL DEPARTURE LAST
                VALUE   (LST)  VALUE       VALUE  FROM      YEAR
                                                  NORMAL
..................................................................
TEMPERATURE (F)
 YESTERDAY
  MAXIMUM         89    328 PM  98    1988  84      5       85
  MINIMUM         50    505 AM  41    1977  50      0       47
  AVERAGE         70                        67      3       66

PRECIPITATION (IN)
  YESTERDAY        0.00          0.50 1975   0.04  -0.04     0.00
  MONTH TO DATE    0.89                      1.17  -0.28     1.31
  SINCE OCT 1      7.49                      8.61  -1.12     7.57
  SINCE JAN 1      5.41                      7.21  -1.80     6.41

SNOWFALL (IN)
  YESTERDAY       MM
  SNOW DEPTH       0

DEGREE DAYS
 HEATING
  YESTERDAY        0                               -1        0
  MONTH TO DATE   54                                1       49
  SINCE JUN 1    162                             -114      125
  SINCE JUL 1     54                                1       49

 COOLING
  YESTERDAY        5                                2        1
  MONTH TO DATE   73                               -5       63
  SINCE JUN 1    114                               20      138
  SINCE JAN 1    114                               19      138
..................................................................


WIND (MPH)
  HIGHEST WIND SPEED    22   HIGHEST WIND DIRECTION    SW (210)
  HIGHEST GUST SPEED    29   HIGHEST GUST DIRECTION     W (260)
  AVERAGE WIND SPEED     8.7


SKY COVER
  AVERAGE SKY COVER 0.0


WEATHER CONDITIONS
 THE FOLLOWING WEATHER WAS RECORDED YESTERDAY.
  THUNDERSTORM


RELATIVE HUMIDITY (PERCENT)
 HIGHEST    77
 LOWEST     23
 AVERAGE    50

..........................................................


THE DILLON AIRPORT MT CLIMATE NORMALS FOR TODAY
                         NORMAL    RECORD    YEAR
 MAXIMUM TEMPERATURE (F)   83        96      1943
 MINIMUM TEMPERATURE (F)   50        38      1968


SUNRISE AND SUNSET
JULY 31 2016..........SUNRISE   614 AM MDT   SUNSET   858 PM MDT
AUGUST  1 2016........SUNRISE   616 AM MDT   SUNSET   857 PM MDT


-  INDICATES NEGATIVE NUMBERS.
R  INDICATES RECORD WAS SET OR TIED.
MM INDICATES DATA IS MISSING.
T  INDICATES TRACE AMOUNT.




$$
