000
CDUS45 KTFX 252330
CLIDLN


CLIMATE REPORT
NATIONAL WEATHER SERVICE GREAT FALLS MT
430 PM MST SAT FEB 25 2017


...................................

...THE DILLON AIRPORT MT CLIMATE SUMMARY FOR FEBRUARY 25 2017...
VALID TODAY AS OF 0400 PM LOCAL TIME.

CLIMATE NORMAL PERIOD 1981 TO 2010
CLIMATE RECORD PERIOD 1929 TO 2017


WEATHER ITEM   OBSERVED TIME   RECORD YEAR NORMAL DEPARTURE LAST
                VALUE   (LST)  VALUE       VALUE  FROM      YEAR
                                                  NORMAL
..................................................................
TEMPERATURE (F)
 TODAY
  MAXIMUM         28    355 PM  63    1986  40    -12       53
  MINIMUM         14    752 AM -16    2011  17     -3       24
  AVERAGE         21                        29     -8       39

PRECIPITATION (IN)
  TODAY            T             0.10 1978   0.02  -0.02     0.00
  MONTH TO DATE    0.15                      0.21  -0.06     0.01
  SINCE OCT 1      2.75                      1.89   0.86     2.14
  SINCE JAN 1      0.21                      0.49  -0.28     0.06

DEGREE DAYS
 HEATING
  TODAY           44                        36      8       26
  MONTH TO DATE  885                       979    -94      804
  SINCE DEC 1   4048                      3659    389     3470
  SINCE JUL 1   5831                      5810     21     5393

 COOLING
  TODAY            0                         0      0        0
  MONTH TO DATE    0                         0      0        0
  SINCE DEC 1      0                         0      0        0
  SINCE JAN 1      0                         0      0        0
..................................................................


WIND (MPH)
  HIGHEST WIND SPEED    32   HIGHEST WIND DIRECTION     W (260)
  HIGHEST GUST SPEED    39   HIGHEST GUST DIRECTION     W (260)
  AVERAGE WIND SPEED    17.9


SKY COVER
  AVERAGE SKY COVER 0.6


WEATHER CONDITIONS
 THE FOLLOWING WEATHER WAS RECORDED TODAY.
  HAZE


RELATIVE HUMIDITY (PERCENT)
 HIGHEST    80
 LOWEST     35
 AVERAGE    58

..........................................................


THE DILLON AIRPORT MT CLIMATE NORMALS FOR TOMORROW
                         NORMAL    RECORD    YEAR
 MAXIMUM TEMPERATURE (F)   41        62      1988
 MINIMUM TEMPERATURE (F)   18       -16      1960


SUNRISE AND SUNSET
FEBRUARY 25 2017......SUNRISE   715 AM MST   SUNSET   612 PM MST
FEBRUARY 26 2017......SUNRISE   713 AM MST   SUNSET   614 PM MST


-  INDICATES NEGATIVE NUMBERS.
R  INDICATES RECORD WAS SET OR TIED.
MM INDICATES DATA IS MISSING.
T  INDICATES TRACE AMOUNT.




$$
