000
CDUS45 KTFX 261022
CLIDLN


CLIMATE REPORT
NATIONAL WEATHER SERVICE GREAT FALLS MT
421 AM MDT FRI AUG 26 2016


...................................

...THE DILLON AIRPORT MT CLIMATE SUMMARY FOR AUGUST 25 2016...

CLIMATE NORMAL PERIOD 1981 TO 2010
CLIMATE RECORD PERIOD 1929 TO 2016


WEATHER ITEM   OBSERVED TIME   RECORD YEAR NORMAL DEPARTURE LAST
                VALUE   (LST)  VALUE       VALUE  FROM      YEAR
                                                  NORMAL
..................................................................
TEMPERATURE (F)
 YESTERDAY
  MAXIMUM         71    426 PM  94    2010  79     -8       92
  MINIMUM         37    637 AM  35    2012  46     -9       50
  AVERAGE         54                        62     -8       71

PRECIPITATION (IN)
  YESTERDAY        0.00          0.43 2006   0.04  -0.04     0.00
  MONTH TO DATE    0.12                      0.83  -0.71     0.28
  SINCE OCT 1      7.61                      9.48  -1.87     7.85
  SINCE JAN 1      5.53                      8.08  -2.55     6.69

SNOWFALL (IN)
  YESTERDAY       MM
  SNOW DEPTH       0

DEGREE DAYS
 HEATING
  YESTERDAY       11                                7        0
  MONTH TO DATE   63                                9       54
  SINCE JUN 1    225                             -107      179
  SINCE JUL 1    117                                8      103

 COOLING
  YESTERDAY        0                               -1        6
  MONTH TO DATE   23                              -24       74
  SINCE JUN 1    140                                0      217
  SINCE JAN 1    140                               -1      217
..................................................................


WIND (MPH)
  HIGHEST WIND SPEED    14   HIGHEST WIND DIRECTION    NE (40)
  HIGHEST GUST SPEED    17   HIGHEST GUST DIRECTION    NE (50)
  AVERAGE WIND SPEED     6.9


SKY COVER
  AVERAGE SKY COVER 0.0


WEATHER CONDITIONS
 THE FOLLOWING WEATHER WAS RECORDED YESTERDAY.
  HAZE


RELATIVE HUMIDITY (PERCENT)
 HIGHEST    76
 LOWEST     18
 AVERAGE    47

..........................................................


THE DILLON AIRPORT MT CLIMATE NORMALS FOR TODAY
                         NORMAL    RECORD    YEAR
 MAXIMUM TEMPERATURE (F)   79        96      2010
 MINIMUM TEMPERATURE (F)   46        37      2005
                                             1989


SUNRISE AND SUNSET
AUGUST 26 2016........SUNRISE   645 AM MDT   SUNSET   817 PM MDT
AUGUST 27 2016........SUNRISE   647 AM MDT   SUNSET   816 PM MDT


-  INDICATES NEGATIVE NUMBERS.
R  INDICATES RECORD WAS SET OR TIED.
MM INDICATES DATA IS MISSING.
T  INDICATES TRACE AMOUNT.




$$
