000
CDUS45 KTFX 300838
CLIDLN


CLIMATE REPORT
NATIONAL WEATHER SERVICE GREAT FALLS MT
237 AM MDT FRI SEP 30 2016


...................................

...THE DILLON AIRPORT MT CLIMATE SUMMARY FOR SEPTEMBER 29 2016...

CLIMATE NORMAL PERIOD 1981 TO 2010
CLIMATE RECORD PERIOD 1929 TO 2016


WEATHER ITEM   OBSERVED TIME   RECORD YEAR NORMAL DEPARTURE LAST
                VALUE   (LST)  VALUE       VALUE  FROM      YEAR
                                                  NORMAL
..................................................................
TEMPERATURE (F)
 YESTERDAY
  MAXIMUM         78    335 PM  86    1963  64     14       77
  MINIMUM         42    641 AM  11    1985  35      7       35
  AVERAGE         60                        50     10       56

PRECIPITATION (IN)
  YESTERDAY        T             0.46 2007   0.02  -0.02     0.00
  MONTH TO DATE    1.48                      0.84   0.64     1.25
  SINCE OCT 1      9.09                     10.54  -1.45     9.12
  SINCE JAN 1      7.01                      9.14  -2.13     7.96

SNOWFALL (IN)
  YESTERDAY       MM
  SNOW DEPTH       0

DEGREE DAYS
 HEATING
  YESTERDAY        5                              -11        9
  MONTH TO DATE  308                               11      197
  SINCE SEP 1    308                               11      197
  SINCE JUL 1    434                                1      303

 COOLING
  YESTERDAY        0                                0        0
  MONTH TO DATE    8                                1       19
  SINCE SEP 1      8                                1       19
  SINCE JAN 1    168                               13      258
..................................................................


WIND (MPH)
  HIGHEST WIND SPEED    24   HIGHEST WIND DIRECTION     S (190)
  HIGHEST GUST SPEED    31   HIGHEST GUST DIRECTION     S (200)
  AVERAGE WIND SPEED     7.1


SKY COVER
  AVERAGE SKY COVER 0.1


WEATHER CONDITIONS
 THE FOLLOWING WEATHER WAS RECORDED YESTERDAY.
  THUNDERSTORM
  LIGHT RAIN


RELATIVE HUMIDITY (PERCENT)
 HIGHEST    76
 LOWEST     27
 AVERAGE    52

..........................................................


THE DILLON AIRPORT MT CLIMATE NORMALS FOR TODAY
                         NORMAL    RECORD    YEAR
 MAXIMUM TEMPERATURE (F)   63        85      2011
                                             1963
 MINIMUM TEMPERATURE (F)   35        15      1950


SUNRISE AND SUNSET
SEPTEMBER 30 2016.....SUNRISE   728 AM MDT   SUNSET   711 PM MDT
OCTOBER  1 2016.......SUNRISE   729 AM MDT   SUNSET   709 PM MDT


-  INDICATES NEGATIVE NUMBERS.
R  INDICATES RECORD WAS SET OR TIED.
MM INDICATES DATA IS MISSING.
T  INDICATES TRACE AMOUNT.




$$
