000
CDUS41 KLWX 020545
CLIDMH


CLIMATE REPORT
NATIONAL WEATHER SERVICE BALTIMORE MD/WASHINGTON DC
1244 AM EST MON MAR 2 2015


...................................

...THE BALTIMORE INNER HARBOR MD CLIMATE SUMMARY FOR MARCH 1 2015...

CLIMATE NORMAL PERIOD 1981 TO 2010
CLIMATE RECORD PERIOD 9999 TO 9999


WEATHER ITEM   OBSERVED TIME   RECORD YEAR NORMAL DEPARTURE LAST
                VALUE   (LST)  VALUE       VALUE  FROM      YEAR
                                                  NORMAL
..................................................................
TEMPERATURE (F)
 YESTERDAY
  MAXIMUM         MM        MM  MM      MM  49     MM       40
  MINIMUM         MM        MM  MM      MM  34     MM       22
  AVERAGE         MM                        42     MM       31

PRECIPITATION (IN)
  YESTERDAY        0.58         MM      MM   0.08   0.50     0.00
  MONTH TO DATE    0.58                      0.08   0.50     0.00
  SINCE MAR 1      0.58                      0.08   0.50     0.00
  SINCE JAN 1      6.40                      5.60   0.80     6.33

DEGREE DAYS
 HEATING
  YESTERDAY       MM                        23     MM       34
  MONTH TO DATE   MM                        23     MM       34
  SINCE MAR 1     MM                        23     MM       34
  SINCE JUL 1   3514                      3111    403     3104

 COOLING
  YESTERDAY       MM                         0     MM        0
  MONTH TO DATE   MM                         0     MM        0
  SINCE MAR 1     MM                         0     MM        0
  SINCE JAN 1      0                         0      0        0
..................................................................


WIND (MPH)
  HIGHEST WIND SPEED    MM   HIGHEST WIND DIRECTION    MM
  HIGHEST GUST SPEED    MM   HIGHEST GUST DIRECTION    MM
  AVERAGE WIND SPEED    MM


SKY COVER
  POSSIBLE SUNSHINE  MM



RELATIVE HUMIDITY (PERCENT)
 HIGHEST    MM           100 PM
 LOWEST     MM           100 PM
 AVERAGE    MM

..........................................................


THE BALTIMORE INNER HARBOR MD CLIMATE NORMALS FOR TODAY
                         NORMAL
 MAXIMUM TEMPERATURE (F)   49
 MINIMUM TEMPERATURE (F)   35


SUNRISE AND SUNSET
MARCH  2 2015.........SUNRISE   638 AM EST   SUNSET   600 PM EST
MARCH  3 2015.........SUNRISE   637 AM EST   SUNSET   601 PM EST


-  INDICATES NEGATIVE NUMBERS.
R  INDICATES RECORD WAS SET OR TIED.
MM INDICATES DATA IS MISSING.
T  INDICATES TRACE AMOUNT.




$$
