000
CDUS41 KLWX 042125
CLIDMH


CLIMATE REPORT
NATIONAL WEATHER SERVICE BALTIMORE MD/WASHINGTON DC
525 PM EDT TUE AUG 4 2015


...................................

...THE BALTIMORE INNER HARBOR MD CLIMATE SUMMARY FOR AUGUST 4 2015...
VALID TODAY AS OF 0500 PM LOCAL TIME.

CLIMATE NORMAL PERIOD 1981 TO 2010
CLIMATE RECORD PERIOD 9999 TO 9999


WEATHER ITEM   OBSERVED TIME   RECORD YEAR NORMAL DEPARTURE LAST
                VALUE   (LST)  VALUE       VALUE  FROM      YEAR
                                                  NORMAL
..................................................................
TEMPERATURE (F)
 TODAY
  MAXIMUM         92    343 PM  MM      MM  88      4       84
  MINIMUM         70    431 AM  MM      MM  72     -2       64
  AVERAGE         81                        80      1       74

PRECIPITATION (IN)
  TODAY            0.25         MM      MM   0.12   0.13     0.00
  MONTH TO DATE    0.25                      0.47  -0.22     0.73
  SINCE JUN 1     10.33                      8.36   1.97    10.94
  SINCE JAN 1     26.67                     24.45   2.22    33.99

DEGREE DAYS
 HEATING
  TODAY            0                         0      0        0
  MONTH TO DATE    0                         0      0        0
  SINCE JUN 1     10                         5      5        0
  SINCE JUL 1      0                         0      0        0

 COOLING
  TODAY           16                        15      1        9
  MONTH TO DATE   67                        60      7       36
  SINCE JUN 1    883                       885     -2      786
  SINCE JAN 1   1129                      1024    105      916
..................................................................


WIND (MPH)
  HIGHEST WIND SPEED    MM   HIGHEST WIND DIRECTION    MM
  HIGHEST GUST SPEED    MM   HIGHEST GUST DIRECTION    MM
  AVERAGE WIND SPEED    MM


SKY COVER
  POSSIBLE SUNSHINE  MM



RELATIVE HUMIDITY (PERCENT)
 HIGHEST    90           500 AM
 LOWEST     38           300 PM
 AVERAGE    64

..........................................................


THE BALTIMORE INNER HARBOR MD CLIMATE NORMALS FOR TOMORROW
                         NORMAL    RECORD    YEAR
 MAXIMUM TEMPERATURE (F)   88        MM        MM
 MINIMUM TEMPERATURE (F)   72        MM        MM


SUNRISE AND SUNSET
AUGUST  4 2015........SUNRISE   609 AM EDT   SUNSET   815 PM EDT
AUGUST  5 2015........SUNRISE   610 AM EDT   SUNSET   814 PM EDT


-  INDICATES NEGATIVE NUMBERS.
R  INDICATES RECORD WAS SET OR TIED.
MM INDICATES DATA IS MISSING.
T  INDICATES TRACE AMOUNT.




$$
