000
CDUS41 KLWX 222125
CLIDMH


CLIMATE REPORT
NATIONAL WEATHER SERVICE BALTIMORE MD/WASHINGTON DC
425 PM EST MON DEC 22 2014


...................................

...THE BALTIMORE INNER HARBOR MD CLIMATE SUMMARY FOR DECEMBER 22 2014...
VALID TODAY AS OF 0400 PM LOCAL TIME.

CLIMATE NORMAL PERIOD 1981 TO 2010
CLIMATE RECORD PERIOD 9999 TO 9999


WEATHER ITEM   OBSERVED TIME   RECORD YEAR NORMAL DEPARTURE LAST
                VALUE   (LST)  VALUE       VALUE  FROM      YEAR
                                                  NORMAL
..................................................................
TEMPERATURE (F)
 TODAY
  MAXIMUM         38    320 PM  MM      MM  44     -6       72
  MINIMUM         31    605 AM  MM      MM  31      0       55
  AVERAGE         35                        38     -3       64

PRECIPITATION (IN)
  TODAY            0.03         MM      MM   0.11  -0.08     0.11
  MONTH TO DATE    2.05                      2.52  -0.47     3.10
  SINCE DEC 1      2.05                      2.52  -0.47     3.10
  SINCE JAN 1     51.57                     40.00  11.57    40.06

DEGREE DAYS
 HEATING
  TODAY           30                        27      3        1
  MONTH TO DATE  541                       537      4      356
  SINCE DEC 1    541                       537      4      356
  SINCE JUL 1   1276                      1188     88      981

 COOLING
  TODAY            0                         0      0        0
  MONTH TO DATE    0                         0      0        0
  SINCE DEC 1      0                         0      0        0
  SINCE JAN 1   1456                      1665   -209     2023
..................................................................


WIND (MPH)
  HIGHEST WIND SPEED    MM   HIGHEST WIND DIRECTION    MM
  HIGHEST GUST SPEED    MM   HIGHEST GUST DIRECTION    MM
  AVERAGE WIND SPEED    MM


SKY COVER
  POSSIBLE SUNSHINE  MM



RELATIVE HUMIDITY (PERCENT)
 HIGHEST    76           300 PM
 LOWEST     63           200 AM
 AVERAGE    70

..........................................................


THE BALTIMORE INNER HARBOR MD CLIMATE NORMALS FOR TOMORROW
                         NORMAL    RECORD    YEAR
 MAXIMUM TEMPERATURE (F)   44        MM        MM
 MINIMUM TEMPERATURE (F)   31        MM        MM


SUNRISE AND SUNSET
DECEMBER 22 2014......SUNRISE   723 AM EST   SUNSET   447 PM EST
DECEMBER 23 2014......SUNRISE   723 AM EST   SUNSET   448 PM EST


-  INDICATES NEGATIVE NUMBERS.
R  INDICATES RECORD WAS SET OR TIED.
MM INDICATES DATA IS MISSING.
T  INDICATES TRACE AMOUNT.




$$
