000
CDUS41 KLWX 260527
CLIDMH


CLIMATE REPORT
NATIONAL WEATHER SERVICE BALTIMORE MD/WASHINGTON DC
126 AM EDT WED APR 26 2017


...................................

...THE BALTIMORE INNER HARBOR MD CLIMATE SUMMARY FOR APRIL 25 2017...

CLIMATE NORMAL PERIOD 1981 TO 2010
CLIMATE RECORD PERIOD 9999 TO 9999


WEATHER ITEM   OBSERVED TIME   RECORD YEAR NORMAL DEPARTURE LAST
                VALUE   (LST)  VALUE       VALUE  FROM      YEAR
                                                  NORMAL
..................................................................
TEMPERATURE (F)
 YESTERDAY
  MAXIMUM         61    424 PM  MM      MM  69     -8       73
  MINIMUM         54    313 AM  MM      MM  50      4       51
  AVERAGE         58                        60     -2       62

PRECIPITATION (IN)
  YESTERDAY        0.66         MM      MM   0.10   0.56     0.00
  MONTH TO DATE    3.09                      2.71   0.38     1.47
  SINCE MAR 1      6.76                      6.57   0.19     3.65
  SINCE JAN 1     10.65                     12.09  -1.44    12.25

DEGREE DAYS
 HEATING
  YESTERDAY        7                         6      1        3
  MONTH TO DATE  128                       249   -121      243
  SINCE MAR 1    714                       828   -114      629
  SINCE JUL 1   3168                      3916   -748     3245

 COOLING
  YESTERDAY        0                         1     -1        0
  MONTH TO DATE   39                        18     21       20
  SINCE MAR 1     43                        19     24       26
  SINCE JAN 1     43                        19     24       26
..................................................................


WIND (MPH)
  HIGHEST WIND SPEED    MM   HIGHEST WIND DIRECTION    MM
  HIGHEST GUST SPEED    MM   HIGHEST GUST DIRECTION    MM
  AVERAGE WIND SPEED    MM


SKY COVER
  POSSIBLE SUNSHINE  MM



RELATIVE HUMIDITY (PERCENT)
 HIGHEST    93           100 PM
 LOWEST     72           100 AM
 AVERAGE    83

..........................................................


THE BALTIMORE INNER HARBOR MD CLIMATE NORMALS FOR TODAY
                         NORMAL
 MAXIMUM TEMPERATURE (F)   69
 MINIMUM TEMPERATURE (F)   51


SUNRISE AND SUNSET
APRIL 26 2017.........SUNRISE   614 AM EDT   SUNSET   755 PM EDT
APRIL 27 2017.........SUNRISE   613 AM EDT   SUNSET   756 PM EDT


-  INDICATES NEGATIVE NUMBERS.
R  INDICATES RECORD WAS SET OR TIED.
MM INDICATES DATA IS MISSING.
T  INDICATES TRACE AMOUNT.




$$
