000
CDUS41 KLWX 280522
CLIDMH


CLIMATE REPORT
NATIONAL WEATHER SERVICE BALTIMORE MD/WASHINGTON DC
121 AM EDT MON JUL 28 2014


...................................

...THE BALTIMORE INNER HARBOR MD CLIMATE SUMMARY FOR JULY 27 2014...

CLIMATE NORMAL PERIOD 1981 TO 2010
CLIMATE RECORD PERIOD 9999 TO 9999


WEATHER ITEM   OBSERVED TIME   RECORD YEAR NORMAL DEPARTURE LAST
                VALUE   (LST)  VALUE       VALUE  FROM      YEAR
                                                  NORMAL
..................................................................
TEMPERATURE (F)
 YESTERDAY
  MAXIMUM         92    115 PM  MM      MM  88      4       88
  MINIMUM         73   1159 PM  MM      MM  73      0       73
  AVERAGE         83                        80      3       81

PRECIPITATION (IN)
  YESTERDAY        0.10         MM      MM   0.14  -0.04     0.02
  MONTH TO DATE    3.44                      4.06  -0.62     3.42
  SINCE JUN 1     10.21                      7.33   2.88    12.10
  SINCE JAN 1     33.26                     23.42   9.84    26.26

DEGREE DAYS
 HEATING
  YESTERDAY        0                         0      0        0
  MONTH TO DATE    0                         0      0        0
  SINCE JUN 1      0                         5     -5        0
  SINCE JUL 1      0                         0      0        0

 COOLING
  YESTERDAY       18                        15      3       16
  MONTH TO DATE  385                       428    -43      519
  SINCE JUN 1    713                       765    -52      939
  SINCE JAN 1    843                       904    -61     1169
..................................................................


WIND (MPH)
  HIGHEST WIND SPEED    MM   HIGHEST WIND DIRECTION    MM
  HIGHEST GUST SPEED    MM   HIGHEST GUST DIRECTION    MM
  AVERAGE WIND SPEED    MM


SKY COVER
  POSSIBLE SUNSHINE  MM



RELATIVE HUMIDITY (PERCENT)
 HIGHEST    87           100 AM
 LOWEST     50           200 PM
 AVERAGE    69

..........................................................


THE BALTIMORE INNER HARBOR MD CLIMATE NORMALS FOR TODAY
                         NORMAL
 MAXIMUM TEMPERATURE (F)   88
 MINIMUM TEMPERATURE (F)   73


SUNRISE AND SUNSET
JULY 28 2014..........SUNRISE   603 AM EDT   SUNSET   822 PM EDT
JULY 29 2014..........SUNRISE   604 AM EDT   SUNSET   821 PM EDT


-  INDICATES NEGATIVE NUMBERS.
R  INDICATES RECORD WAS SET OR TIED.
MM INDICATES DATA IS MISSING.
T  INDICATES TRACE AMOUNT.




$$
