000
CDUS41 KLWX 290529
CLIDMH


CLIMATE REPORT
NATIONAL WEATHER SERVICE BALTIMORE MD/WASHINGTON DC
128 AM EDT FRI APR 29 2016


...................................

...THE BALTIMORE INNER HARBOR MD CLIMATE SUMMARY FOR APRIL 28 2016...

CLIMATE NORMAL PERIOD 1981 TO 2010
CLIMATE RECORD PERIOD 9999 TO 9999


WEATHER ITEM   OBSERVED TIME   RECORD YEAR NORMAL DEPARTURE LAST
                VALUE   (LST)  VALUE       VALUE  FROM      YEAR
                                                  NORMAL
..................................................................
TEMPERATURE (F)
 YESTERDAY
  MAXIMUM         56    907 AM  MM      MM  70    -14       69
  MINIMUM         47   1001 PM  MM      MM  51     -4       50
  AVERAGE         52                        61     -9       60

PRECIPITATION (IN)
  YESTERDAY        0.06         MM      MM   0.10  -0.04     0.00
  MONTH TO DATE    1.53                      3.01  -1.48     2.95
  SINCE MAR 1      3.71                      6.87  -3.16     7.39
  SINCE JAN 1     12.31                     12.39  -0.08    13.21

DEGREE DAYS
 HEATING
  YESTERDAY       13                         6      7        5
  MONTH TO DATE  261                       267     -6      225
  SINCE MAR 1    647                       846   -199      834
  SINCE JUL 1   3263                      3934   -671     4348

 COOLING
  YESTERDAY        0                         1     -1        0
  MONTH TO DATE   29                        21      8        8
  SINCE MAR 1     35                        22     13        8
  SINCE JAN 1     35                        22     13        8
..................................................................


WIND (MPH)
  HIGHEST WIND SPEED    MM   HIGHEST WIND DIRECTION    MM
  HIGHEST GUST SPEED    MM   HIGHEST GUST DIRECTION    MM
  AVERAGE WIND SPEED    MM


SKY COVER
  POSSIBLE SUNSHINE  MM



RELATIVE HUMIDITY (PERCENT)
 HIGHEST    86           800 PM
 LOWEST     59          1000 AM
 AVERAGE    73

..........................................................


THE BALTIMORE INNER HARBOR MD CLIMATE NORMALS FOR TODAY
                         NORMAL
 MAXIMUM TEMPERATURE (F)   70
 MINIMUM TEMPERATURE (F)   52


SUNRISE AND SUNSET
APRIL 29 2016.........SUNRISE   610 AM EDT   SUNSET   758 PM EDT
APRIL 30 2016.........SUNRISE   609 AM EDT   SUNSET   759 PM EDT


-  INDICATES NEGATIVE NUMBERS.
R  INDICATES RECORD WAS SET OR TIED.
MM INDICATES DATA IS MISSING.
T  INDICATES TRACE AMOUNT.




$$
