000
CDUS41 KLWX 220523
CLIDMH


CLIMATE REPORT
NATIONAL WEATHER SERVICE BALTIMORE MD/WASHINGTON DC
123 AM EDT THU JUN 22 2017


...................................

...THE BALTIMORE INNER HARBOR MD CLIMATE SUMMARY FOR JUNE 21 2017...

CLIMATE NORMAL PERIOD 1981 TO 2010
CLIMATE RECORD PERIOD 1999 TO 2017


WEATHER ITEM   OBSERVED TIME   RECORD YEAR NORMAL DEPARTURE LAST
                VALUE   (LST)  VALUE       VALUE  FROM      YEAR
                                                  NORMAL
..................................................................
TEMPERATURE (F)
 YESTERDAY
  MAXIMUM         91    443 PM  MM      MM  87      4       91
  MINIMUM         73    608 PM  MM      MM  69      4       68
  AVERAGE         82                        78      4       80

PRECIPITATION (IN)
  YESTERDAY        0.03         MM      MM   0.10  -0.07     1.08
  MONTH TO DATE    0.55                      2.33  -1.78     2.06
  SINCE JUN 1      0.55                      2.33  -1.78     2.06
  SINCE JAN 1     15.47                     18.42  -2.95    18.24

DEGREE DAYS
 HEATING
  YESTERDAY        0                         0      0        0
  MONTH TO DATE    2                         4     -2        0
  SINCE JUN 1      2                         4     -2        0
  SINCE JUL 1   3245                      4030   -785     3421

 COOLING
  YESTERDAY       17                        13      4       15
  MONTH TO DATE  266                       209     57      221
  SINCE JUN 1    266                       209     57      221
  SINCE JAN 1    443                       348     95      358
..................................................................


WIND (MPH)
  HIGHEST WIND SPEED    MM   HIGHEST WIND DIRECTION    MM
  HIGHEST GUST SPEED    MM   HIGHEST GUST DIRECTION    MM
  AVERAGE WIND SPEED    MM


SKY COVER
  POSSIBLE SUNSHINE  MM



RELATIVE HUMIDITY (PERCENT)
 HIGHEST    79           300 AM
 LOWEST     32           400 PM
 AVERAGE    56

..........................................................


THE BALTIMORE INNER HARBOR MD CLIMATE NORMALS FOR TODAY
                         NORMAL
 MAXIMUM TEMPERATURE (F)   87
 MINIMUM TEMPERATURE (F)   69


SUNRISE AND SUNSET
JUNE 22 2017..........SUNRISE   540 AM EDT   SUNSET   837 PM EDT
JUNE 23 2017..........SUNRISE   541 AM EDT   SUNSET   837 PM EDT


-  INDICATES NEGATIVE NUMBERS.
R  INDICATES RECORD WAS SET OR TIED.
MM INDICATES DATA IS MISSING.
T  INDICATES TRACE AMOUNT.




$$
