000
CDUS41 KLWX 180525
CLIDMH


CLIMATE REPORT
NATIONAL WEATHER SERVICE BALTIMORE MD/WASHINGTON DC
1224 AM EST THU DEC 18 2014


...................................

...THE BALTIMORE INNER HARBOR MD CLIMATE SUMMARY FOR DECEMBER 17 2014...

CLIMATE NORMAL PERIOD 1981 TO 2010
CLIMATE RECORD PERIOD 9999 TO 9999


WEATHER ITEM   OBSERVED TIME   RECORD YEAR NORMAL DEPARTURE LAST
                VALUE   (LST)  VALUE       VALUE  FROM      YEAR
                                                  NORMAL
..................................................................
TEMPERATURE (F)
 YESTERDAY
  MAXIMUM         51    220 PM  MM      MM  45      6       MM
  MINIMUM         38   1159 PM  MM      MM  32      6       MM
  AVERAGE         45                        39      6       MM

PRECIPITATION (IN)
  YESTERDAY        0.00         MM      MM   0.11  -0.11     0.00
  MONTH TO DATE    2.02                      1.96   0.06     2.99
  SINCE DEC 1      2.02                      1.96   0.06     2.99
  SINCE JAN 1     51.54                     39.44  12.10    39.95

DEGREE DAYS
 HEATING
  YESTERDAY       20                        26     -6       MM
  MONTH TO DATE  397                       402     -5      286
  SINCE DEC 1    397                       402     -5      286
  SINCE JUL 1   1132                      1053     79      911

 COOLING
  YESTERDAY        0                         0      0       MM
  MONTH TO DATE    0                         0      0        0
  SINCE DEC 1      0                         0      0        0
  SINCE JAN 1   1456                      1665   -209     2023
..................................................................


WIND (MPH)
  HIGHEST WIND SPEED    MM   HIGHEST WIND DIRECTION    MM
  HIGHEST GUST SPEED    MM   HIGHEST GUST DIRECTION    MM
  AVERAGE WIND SPEED    MM


SKY COVER
  POSSIBLE SUNSHINE  MM



RELATIVE HUMIDITY (PERCENT)
 HIGHEST   100
 LOWEST     45           400 PM
 AVERAGE    73

..........................................................


THE BALTIMORE INNER HARBOR MD CLIMATE NORMALS FOR TODAY
                         NORMAL
 MAXIMUM TEMPERATURE (F)   45
 MINIMUM TEMPERATURE (F)   32


SUNRISE AND SUNSET
DECEMBER 18 2014......SUNRISE   721 AM EST   SUNSET   445 PM EST
DECEMBER 19 2014......SUNRISE   721 AM EST   SUNSET   446 PM EST


-  INDICATES NEGATIVE NUMBERS.
R  INDICATES RECORD WAS SET OR TIED.
MM INDICATES DATA IS MISSING.
T  INDICATES TRACE AMOUNT.




$$
