000
CDUS45 KEPZ 102328
CLIDMN


CLIMATE REPORT
NATIONAL WEATHER SERVICE EL PASO, TX
527 PM MDT THU JUL 10 2014


...................................

...THE DEMING CLIMATE SUMMARY FOR JULY 10 2014...
VALID TODAY AS OF 500 PM LOCAL TIME.

CLIMATE NORMAL PERIOD 1981 TO 2010
CLIMATE RECORD PERIOD 2000 TO 2014


WEATHER ITEM   OBSERVED TIME   NORMAL DEPARTURE LAST
                VALUE   (LST)  VALUE  FROM      YEAR
                                      NORMAL
......................................................
TEMPERATURE (F)
 TODAY
  MAXIMUM         96    250 PM  97     -1       97
  MINIMUM         63    536 AM  66     -3       70

PRECIPITATION (IN)
  TODAY            T             0.07  -0.07     0.00
  MONTH TO DATE    0.24          0.59  -0.35     0.27
  SINCE JUN 1      0.27          1.29  -1.02     0.27
  SINCE JAN 1      0.84          3.70  -2.86     0.78

......................................................


WIND (MPH)
  HIGHEST WIND SPEED    14   HIGHEST WIND DIRECTION     E (90)
  HIGHEST GUST SPEED    19   HIGHEST GUST DIRECTION    NE (50)


SKY COVER
  AVERAGE SKY COVER 0.2


WEATHER CONDITIONS
 THE FOLLOWING WEATHER WAS RECORDED TODAY.
  NO SIGNIFICANT WEATHER WAS OBSERVED.


RELATIVE HUMIDITY (PERCENT)
 HIGHEST    78           500 AM
 LOWEST     19           300 PM
 AVERAGE    49

..........................................................


THE DEMING CLIMATE NORMALS FOR TOMORROW
                         NORMAL
 MAXIMUM TEMPERATURE (F)   96
 MINIMUM TEMPERATURE (F)   66


SUNRISE AND SUNSET
JULY 10 2014..........SUNRISE   612 AM MDT   SUNSET   820 PM MDT
JULY 11 2014..........SUNRISE   613 AM MDT   SUNSET   820 PM MDT


-  INDICATES NEGATIVE NUMBERS.
R  INDICATES RECORD WAS SET OR TIED.
MM INDICATES DATA IS MISSING.
T  INDICATES TRACE AMOUNT.




$$
