000
CDUS43 KEAX 200635
CLIDMO


CLIMATE REPORT
NATIONAL WEATHER SERVICE KANSAS CITY/PLEASANT HILL MO
135 AM CDT MON OCT 20 2014


...................................

...THE SEDALIA MO CLIMATE SUMMARY FOR OCTOBER 19 2014...

CLIMATE NORMAL PERIOD 1981 TO 2010
CLIMATE RECORD PERIOD 9999 TO 9999


WEATHER ITEM   OBSERVED TIME   NORMAL DEPARTURE LAST
                VALUE   (LST)  VALUE  FROM      YEAR
                                      NORMAL
......................................................
TEMPERATURE (F)
 YESTERDAY
  MAXIMUM         68    233 PM  68      0       58
  MINIMUM         40    510 AM  47     -7       36
  AVERAGE         54            57     -3       47

PRECIPITATION (IN)
  YESTERDAY        0.00          0.13  -0.13     0.00
  MONTH TO DATE    8.62          2.42   6.20     0.98
  SINCE SEP 1     10.43          6.53   3.90     4.54
  SINCE JAN 1     32.00         34.47  -2.47    34.45

DEGREE DAYS
 HEATING
  YESTERDAY       11             8      3       18
  MONTH TO DATE  121           121      0      115
  SINCE SEP 1    164           165     -1      134
  SINCE JUL 1    164           166     -2      134

 COOLING
  YESTERDAY        0             1     -1        0
  MONTH TO DATE   13            29    -16       45
  SINCE SEP 1    172           194    -22      267
  SINCE JAN 1   1389          1479    -90     1482
......................................................


WIND (MPH)
  HIGHEST WIND SPEED    15   HIGHEST WIND DIRECTION    SW (220)
  HIGHEST GUST SPEED    20   HIGHEST GUST DIRECTION    SW (220)
  AVERAGE WIND SPEED     8.4


SKY COVER
  AVERAGE SKY COVER 0.0


WEATHER CONDITIONS
 THE FOLLOWING WEATHER WAS RECORDED YESTERDAY.
  NO SIGNIFICANT WEATHER WAS OBSERVED.


RELATIVE HUMIDITY (PERCENT)
 HIGHEST    93           500 AM
 LOWEST     45           200 PM
 AVERAGE    69

..........................................................


THE SEDALIA MO CLIMATE NORMALS FOR TODAY
                         NORMAL
 MAXIMUM TEMPERATURE (F)   67
 MINIMUM TEMPERATURE (F)   47


SUNRISE AND SUNSET
OCTOBER 20 2014.......SUNRISE   727 AM CDT   SUNSET   627 PM CDT
OCTOBER 21 2014.......SUNRISE   728 AM CDT   SUNSET   626 PM CDT


-  INDICATES NEGATIVE NUMBERS.
R  INDICATES RECORD WAS SET OR TIED.
MM INDICATES DATA IS MISSING.
T  INDICATES TRACE AMOUNT.




$$
