000
CDUS43 KEAX 301238
CLIDMO


CLIMATE REPORT
NATIONAL WEATHER SERVICE KANSAS CITY/PLEASANT HILL MO
737 AM CDT WED JUL 30 2014


...................................

...THE SEDALIA MO CLIMATE SUMMARY FOR JULY 30 2014...
VALID AS OF 0700 AM LOCAL TIME.

CLIMATE NORMAL PERIOD 1981 TO 2010
CLIMATE RECORD PERIOD 9999 TO 9999


WEATHER ITEM   OBSERVED TIME   NORMAL DEPARTURE LAST
                VALUE   (LST)  VALUE  FROM      YEAR
                                      NORMAL
......................................................
TEMPERATURE (F)
 TODAY
  MAXIMUM         67   1202 AM  90    -23       83
  MINIMUM         59    324 AM  69    -10       71
  AVERAGE         63            80    -17       77

PRECIPITATION (IN)
  TODAY            0.00          0.11  -0.11      T
  MONTH TO DATE    0.58          4.10  -3.52     1.60
  SINCE JUN 1      6.69          9.19  -2.50     4.01
  SINCE JAN 1     18.06         24.34  -6.28    27.01

DEGREE DAYS
 HEATING
  TODAY            2             0      2        0
  MONTH TO DATE    2             0      2        0
  SINCE JUN 1      2             6     -4        9
  SINCE JUL 1      2             0      2        0

 COOLING
  TODAY            0            14    -14       12
  MONTH TO DATE  283           417   -134      368
  SINCE JUN 1    595           721   -126      675
  SINCE JAN 1    790           860    -70      823
......................................................


WIND (MPH)
  HIGHEST WIND SPEED     6   HIGHEST WIND DIRECTION     S (160)
  HIGHEST GUST SPEED     6   HIGHEST GUST DIRECTION    SE (150)
  AVERAGE WIND SPEED     0.7


SKY COVER
  AVERAGE SKY COVER 0.0


WEATHER CONDITIONS
 THE FOLLOWING WEATHER WAS RECORDED TODAY.
  NO SIGNIFICANT WEATHER WAS OBSERVED.


RELATIVE HUMIDITY (PERCENT)
 HIGHEST    90           200 AM
 LOWEST     78          1200 AM
 AVERAGE    84

..........................................................


THE SEDALIA MO CLIMATE NORMALS FOR TOMORROW
                         NORMAL
 MAXIMUM TEMPERATURE (F)   90
 MINIMUM TEMPERATURE (F)   69


SUNRISE AND SUNSET
JULY 30 2014..........SUNRISE   612 AM CDT   SUNSET   825 PM CDT
JULY 31 2014..........SUNRISE   613 AM CDT   SUNSET   824 PM CDT


-  INDICATES NEGATIVE NUMBERS.
R  INDICATES RECORD WAS SET OR TIED.
MM INDICATES DATA IS MISSING.
T  INDICATES TRACE AMOUNT.




$$
