000
CDUS43 KEAX 270633
CLIDMO


CLIMATE REPORT
NATIONAL WEATHER SERVICE KANSAS CITY/PLEASANT HILL MO
133 AM CDT FRI MAY 27 2016


...................................

...THE SEDALIA MO CLIMATE SUMMARY FOR MAY 26 2016...

CLIMATE NORMAL PERIOD 1981 TO 2010
CLIMATE RECORD PERIOD 9999 TO 9999


WEATHER ITEM   OBSERVED TIME   NORMAL DEPARTURE LAST
                VALUE   (LST)  VALUE  FROM      YEAR
                                      NORMAL
......................................................
TEMPERATURE (F)
 YESTERDAY
  MAXIMUM         87    108 PM  79      8       78
  MINIMUM         64   1107 PM  59      5       64
  AVERAGE         76            69      7       71

PRECIPITATION (IN)
  YESTERDAY        1.98          0.14   1.84     0.02
  MONTH TO DATE    4.25          3.96   0.29     6.02
  SINCE MAR 1      7.85         10.82  -2.97    10.97
  SINCE JAN 1      9.00         14.42  -5.42    13.05

DEGREE DAYS
 HEATING
  YESTERDAY        0             1     -1        0
  MONTH TO DATE  110            78     32       61
  SINCE MAR 1    692           943   -251      788
  SINCE JUL 1   3680          4560   -880     4636

 COOLING
  YESTERDAY       11             5      6        6
  MONTH TO DATE   55            76    -21       89
  SINCE MAR 1     79           110    -31      106
  SINCE JAN 1     79           110    -31      106
......................................................


WIND (MPH)
  HIGHEST WIND SPEED    33   HIGHEST WIND DIRECTION     S (160)
  HIGHEST GUST SPEED    44   HIGHEST GUST DIRECTION     S (170)
  AVERAGE WIND SPEED     9.6


SKY COVER
  AVERAGE SKY COVER 0.4


WEATHER CONDITIONS
 THE FOLLOWING WEATHER WAS RECORDED YESTERDAY.
  THUNDERSTORM
  HEAVY RAIN
  RAIN
  LIGHT RAIN
  FOG


RELATIVE HUMIDITY (PERCENT)
 HIGHEST    93           600 PM
 LOWEST     58           300 PM
 AVERAGE    76

..........................................................


THE SEDALIA MO CLIMATE NORMALS FOR TODAY
                         NORMAL
 MAXIMUM TEMPERATURE (F)   79
 MINIMUM TEMPERATURE (F)   59


SUNRISE AND SUNSET
MAY 27 2016...........SUNRISE   552 AM CDT   SUNSET   828 PM CDT
MAY 28 2016...........SUNRISE   551 AM CDT   SUNSET   829 PM CDT


-  INDICATES NEGATIVE NUMBERS.
R  INDICATES RECORD WAS SET OR TIED.
MM INDICATES DATA IS MISSING.
T  INDICATES TRACE AMOUNT.




$$
