000
CDUS43 KEAX 240635
CLIDMO


CLIMATE REPORT
NATIONAL WEATHER SERVICE KANSAS CITY/PLEASANT HILL MO
133 AM CDT SUN MAY 24 2015


...................................

...THE SEDALIA MO CLIMATE SUMMARY FOR MAY 23 2015...

CLIMATE NORMAL PERIOD 1981 TO 2010
CLIMATE RECORD PERIOD 9999 TO 9999


WEATHER ITEM   OBSERVED TIME   NORMAL DEPARTURE LAST
                VALUE   (LST)  VALUE  FROM      YEAR
                                      NORMAL
......................................................
TEMPERATURE (F)
 YESTERDAY
  MAXIMUM         71    239 PM  78     -7       82
  MINIMUM         60    609 AM  58      2       58
  AVERAGE         66            68     -2       70

PRECIPITATION (IN)
  YESTERDAY        0.27          0.14   0.13     0.01
  MONTH TO DATE    5.28          3.55   1.73     1.17
  SINCE MAR 1     10.23         10.41  -0.18     8.94
  SINCE JAN 1     12.31         14.01  -1.70     9.88

DEGREE DAYS
 HEATING
  YESTERDAY        0             2     -2        0
  MONTH TO DATE   61            75    -14      101
  SINCE MAR 1    788           940   -152     1082
  SINCE JUL 1   4636          4557     79     5301

 COOLING
  YESTERDAY        1             4     -3        5
  MONTH TO DATE   70            61      9      107
  SINCE MAR 1     87            95     -8      121
  SINCE JAN 1     87            95     -8      121
......................................................


WIND (MPH)
  HIGHEST WIND SPEED    18   HIGHEST WIND DIRECTION    SE (130)
  HIGHEST GUST SPEED    26   HIGHEST GUST DIRECTION    SE (120)
  AVERAGE WIND SPEED     9.9


SKY COVER
  AVERAGE SKY COVER 0.7


WEATHER CONDITIONS
 THE FOLLOWING WEATHER WAS RECORDED YESTERDAY.
  RAIN
  LIGHT RAIN
  FOG


RELATIVE HUMIDITY (PERCENT)
 HIGHEST    84          1100 PM
 LOWEST     58           900 AM
 AVERAGE    71

..........................................................


THE SEDALIA MO CLIMATE NORMALS FOR TODAY
                         NORMAL
 MAXIMUM TEMPERATURE (F)   78
 MINIMUM TEMPERATURE (F)   58


SUNRISE AND SUNSET
MAY 24 2015...........SUNRISE   554 AM CDT   SUNSET   825 PM CDT
MAY 25 2015...........SUNRISE   553 AM CDT   SUNSET   826 PM CDT


-  INDICATES NEGATIVE NUMBERS.
R  INDICATES RECORD WAS SET OR TIED.
MM INDICATES DATA IS MISSING.
T  INDICATES TRACE AMOUNT.




$$
