000
CDUS43 KEAX 280639
CLIDMO


CLIMATE REPORT
NATIONAL WEATHER SERVICE KANSAS CITY/PLEASANT HILL MO
138 AM CDT WED SEP 28 2016


...................................

...THE SEDALIA MO CLIMATE SUMMARY FOR SEPTEMBER 27 2016...

CLIMATE NORMAL PERIOD 1981 TO 2010
CLIMATE RECORD PERIOD 9999 TO 9999


WEATHER ITEM   OBSERVED TIME   NORMAL DEPARTURE LAST
                VALUE   (LST)  VALUE  FROM      YEAR
                                      NORMAL
......................................................
TEMPERATURE (F)
 YESTERDAY
  MAXIMUM         82    405 PM  75      7       79
  MINIMUM         53    629 AM  54     -1       61
  AVERAGE         68            64      4       70

PRECIPITATION (IN)
  YESTERDAY        0.00          0.12  -0.12     0.00
  MONTH TO DATE    4.47          3.74   0.73     0.96
  SINCE SEP 1      4.47          3.74   0.73     0.96
  SINCE JAN 1     28.83         31.68  -2.85    29.19

DEGREE DAYS
 HEATING
  YESTERDAY        0             3     -3        0
  MONTH TO DATE    0            30    -30        8
  SINCE SEP 1      0            30    -30        8
  SINCE JUL 1      0            31    -31        8

 COOLING
  YESTERDAY        3             3      0        5
  MONTH TO DATE  258           156    102      256
  SINCE SEP 1    258           156    102      256
  SINCE JAN 1   1671          1441    230     1495
......................................................


WIND (MPH)
  HIGHEST WIND SPEED    17   HIGHEST WIND DIRECTION    SW (240)
  HIGHEST GUST SPEED    23   HIGHEST GUST DIRECTION    SW (220)
  AVERAGE WIND SPEED     9.2


SKY COVER
  AVERAGE SKY COVER 0.0


WEATHER CONDITIONS
 THE FOLLOWING WEATHER WAS RECORDED YESTERDAY.
  NO SIGNIFICANT WEATHER WAS OBSERVED.


RELATIVE HUMIDITY (PERCENT)
 HIGHEST    78          1000 PM
 LOWEST     31           300 PM
 AVERAGE    55

..........................................................


THE SEDALIA MO CLIMATE NORMALS FOR TODAY
                         NORMAL
 MAXIMUM TEMPERATURE (F)   74
 MINIMUM TEMPERATURE (F)   54


SUNRISE AND SUNSET
SEPTEMBER 28 2016.....SUNRISE   706 AM CDT   SUNSET   659 PM CDT
SEPTEMBER 29 2016.....SUNRISE   707 AM CDT   SUNSET   657 PM CDT


-  INDICATES NEGATIVE NUMBERS.
R  INDICATES RECORD WAS SET OR TIED.
MM INDICATES DATA IS MISSING.
T  INDICATES TRACE AMOUNT.




$$
