000
CDUS43 KEAX 051236
CLIDMO


CLIMATE REPORT
NATIONAL WEATHER SERVICE KANSAS CITY/PLEASANT HILL MO
636 AM CST THU MAR 5 2015


...................................

...THE SEDALIA MO CLIMATE SUMMARY FOR MARCH 5 2015...
VALID AS OF 0600 AM LOCAL TIME.

CLIMATE NORMAL PERIOD 1981 TO 2010
CLIMATE RECORD PERIOD 9999 TO 9999


WEATHER ITEM   OBSERVED TIME   NORMAL DEPARTURE LAST
                VALUE   (LST)  VALUE  FROM      YEAR
                                      NORMAL
......................................................
TEMPERATURE (F)
 TODAY
  MAXIMUM         22    212 AM  52    -30       50
  MINIMUM         15    559 AM  32    -17       27
  AVERAGE         19            42    -23       39

PRECIPITATION (IN)
  TODAY            0.00          0.09  -0.09     0.00
  MONTH TO DATE    0.06          0.40  -0.34     0.03
  SINCE MAR 1      0.06          0.40  -0.34     0.03
  SINCE JAN 1      2.14          4.00  -1.86     0.97

DEGREE DAYS
 HEATING
  TODAY           46            23     23       26
  MONTH TO DATE  189           118     71      206
  SINCE MAR 1    189           118     71      206
  SINCE JUL 1   4037          3735    302     4425

 COOLING
  TODAY            0             0      0        0
  MONTH TO DATE    0             0      0        0
  SINCE MAR 1      0             0      0        0
  SINCE JAN 1      0             0      0        0
......................................................


WIND (MPH)
  HIGHEST WIND SPEED    16   HIGHEST WIND DIRECTION     N (360)
  HIGHEST GUST SPEED    19   HIGHEST GUST DIRECTION     N (360)
  AVERAGE WIND SPEED     8.7


SKY COVER
  AVERAGE SKY COVER 0.0


WEATHER CONDITIONS
 THE FOLLOWING WEATHER WAS RECORDED TODAY.
  NO SIGNIFICANT WEATHER WAS OBSERVED.


RELATIVE HUMIDITY (PERCENT)
 HIGHEST    62          1200 AM
 LOWEST     56           300 AM
 AVERAGE    59

..........................................................


THE SEDALIA MO CLIMATE NORMALS FOR TOMORROW
                         NORMAL
 MAXIMUM TEMPERATURE (F)   53
 MINIMUM TEMPERATURE (F)   32


SUNRISE AND SUNSET
MARCH  5 2015.........SUNRISE   639 AM CST   SUNSET   609 PM CST
MARCH  6 2015.........SUNRISE   638 AM CST   SUNSET   610 PM CST


-  INDICATES NEGATIVE NUMBERS.
R  INDICATES RECORD WAS SET OR TIED.
MM INDICATES DATA IS MISSING.
T  INDICATES TRACE AMOUNT.




$$
