000
CDUS43 KEAX 240034
CLIDMO


CLIMATE REPORT
NATIONAL WEATHER SERVICE KANSAS CITY/PLEASANT HILL MO
734 PM CDT THU MAR 23 2017


...................................

...THE SEDALIA MO CLIMATE SUMMARY FOR MARCH 23 2017...
VALID TODAY AS OF 0700 PM LOCAL TIME.

CLIMATE NORMAL PERIOD 1981 TO 2010
CLIMATE RECORD PERIOD 9999 TO 9999


WEATHER ITEM   OBSERVED TIME   NORMAL DEPARTURE LAST
                VALUE   (LST)  VALUE  FROM      YEAR
                                      NORMAL
......................................................
TEMPERATURE (F)
 TODAY
  MAXIMUM         81    313 PM  60     21       75
  MINIMUM         49    431 AM  38     11       55
  AVERAGE         65            49     16       65

PRECIPITATION (IN)
  TODAY            T             0.09  -0.09     0.06
  MONTH TO DATE    0.76          1.89  -1.13     1.35
  SINCE MAR 1      0.76          1.89  -1.13     1.35
  SINCE JAN 1      2.18          5.49  -3.31     2.50

DEGREE DAYS
 HEATING
  TODAY            0            16    -16        0
  MONTH TO DATE  371           466    -95      286
  SINCE MAR 1    371           466    -95      286
  SINCE JUL 1   3254          4083   -829     3274

 COOLING
  TODAY            0             0      0        0
  MONTH TO DATE    7             0      7        4
  SINCE MAR 1      7             0      7        4
  SINCE JAN 1      7             0      7        4
......................................................


WIND (MPH)
  HIGHEST WIND SPEED    29   HIGHEST WIND DIRECTION     S (170)
  HIGHEST GUST SPEED    39   HIGHEST GUST DIRECTION     S (170)
  AVERAGE WIND SPEED    16.4


SKY COVER
  AVERAGE SKY COVER 0.5


WEATHER CONDITIONS
 THE FOLLOWING WEATHER WAS RECORDED TODAY.
  LIGHT RAIN


RELATIVE HUMIDITY (PERCENT)
 HIGHEST    41           800 AM
 LOWEST     30           400 PM
 AVERAGE    36

..........................................................


THE SEDALIA MO CLIMATE NORMALS FOR TOMORROW
                         NORMAL
 MAXIMUM TEMPERATURE (F)   60
 MINIMUM TEMPERATURE (F)   39


SUNRISE AND SUNSET
MARCH 23 2017.........SUNRISE   711 AM CDT   SUNSET   728 PM CDT
MARCH 24 2017.........SUNRISE   709 AM CDT   SUNSET   729 PM CDT


-  INDICATES NEGATIVE NUMBERS.
R  INDICATES RECORD WAS SET OR TIED.
MM INDICATES DATA IS MISSING.
T  INDICATES TRACE AMOUNT.




$$
