000
CDUS42 KCAE 060551
CLIDNL


CLIMATE REPORT
NATIONAL WEATHER SERVICE COLUMBIA SC
1251 AM EST FRI MAR 6 2015


...................................

...THE AUGUSTA DANIEL FIELD GA CLIMATE SUMMARY FOR MARCH 5 2015...

CLIMATE NORMAL PERIOD 1981 TO 2010
CLIMATE RECORD PERIOD 9999 TO 9999


WEATHER ITEM   OBSERVED TIME   NORMAL DEPARTURE LAST
                VALUE   (LST)  VALUE  FROM      YEAR
                                      NORMAL
......................................................
TEMPERATURE (F)
 YESTERDAY
  MAXIMUM         80    103 PM  65     15       55
  MINIMUM         45   1159 PM  45      0       35
  AVERAGE         63            55      8       45

PRECIPITATION (IN)
  YESTERDAY        0.11          0.13  -0.02     0.04
  MONTH TO DATE    0.36          0.67  -0.31     0.04
  SINCE MAR 1      0.36          0.67  -0.31     0.04
  SINCE JAN 1      5.29          8.91  -3.62     6.33

DEGREE DAYS
 HEATING
  YESTERDAY        2            11     -9       20
  MONTH TO DATE   38            55    -17       77
  SINCE MAR 1     38            55    -17       77
  SINCE JUL 1   1893          1868     25     1913

 COOLING
  YESTERDAY        0             1     -1        0
  MONTH TO DATE    1             3     -2        0
  SINCE MAR 1      1             3     -2        0
  SINCE JAN 1      1             7     -6        8
......................................................


WIND (MPH)
  HIGHEST WIND SPEED    26   HIGHEST WIND DIRECTION    SW (210)
  HIGHEST GUST SPEED    40   HIGHEST GUST DIRECTION     S (200)
  AVERAGE WIND SPEED    13.7


SKY COVER
  AVERAGE SKY COVER 0.8


WEATHER CONDITIONS
 THE FOLLOWING WEATHER WAS RECORDED YESTERDAY.
  HEAVY RAIN
  LIGHT RAIN
  FOG
  HAZE


RELATIVE HUMIDITY (PERCENT)
 HIGHEST    84           400 PM
 LOWEST     58           100 PM

..........................................................


THE AUGUSTA DANIEL FIELD GA CLIMATE NORMALS FOR TODAY
                         NORMAL    RECORD    YEAR
 MAXIMUM TEMPERATURE (F)   66        MM        MM
 MINIMUM TEMPERATURE (F)   45        MM        MM


SUNRISE AND SUNSET
MARCH  6 2015.........SUNRISE   651 AM EST   SUNSET   629 PM EST
MARCH  7 2015.........SUNRISE   649 AM EST   SUNSET   630 PM EST


-  INDICATES NEGATIVE NUMBERS.
R  INDICATES RECORD WAS SET OR TIED.
MM INDICATES DATA IS MISSING.
T  INDICATES TRACE AMOUNT.




$$
