000
CDUS42 KCAE 280655
CLIDNL


CLIMATE REPORT
NATIONAL WEATHER SERVICE COLUMBIA SC
255 AM EDT TUE MAR 28 2017


...................................

...THE AUGUSTA DANIEL FIELD GA CLIMATE SUMMARY FOR MARCH 27 2017...

CLIMATE NORMAL PERIOD 1981 TO 2010
CLIMATE RECORD PERIOD 9999 TO 9999


WEATHER ITEM   OBSERVED TIME   NORMAL DEPARTURE LAST
                VALUE   (LST)  VALUE  FROM      YEAR
                                      NORMAL
......................................................
TEMPERATURE (F)
 YESTERDAY
  MAXIMUM         83    443 PM  71     12       73
  MINIMUM         60    730 AM  49     11       66
  AVERAGE         72            60     12       70

PRECIPITATION (IN)
  YESTERDAY        0.00          0.15  -0.15     0.48
  MONTH TO DATE    1.88          3.69  -1.81     1.95
  SINCE MAR 1      1.88          3.69  -1.81     1.95
  SINCE JAN 1     14.24         11.93   2.31     6.56

DEGREE DAYS
 HEATING
  YESTERDAY        0             6     -6        0
  MONTH TO DATE  205           228    -23      109
  SINCE MAR 1    205           228    -23      109
  SINCE JUL 1   1212          2041   -829     1410

 COOLING
  YESTERDAY        7             1      6        5
  MONTH TO DATE   36            25     11       86
  SINCE MAR 1     36            25     11       86
  SINCE JAN 1     70            29     41       92
......................................................


WIND (MPH)
  HIGHEST WIND SPEED    16   HIGHEST WIND DIRECTION     S (190)
  HIGHEST GUST SPEED    21   HIGHEST GUST DIRECTION     S (180)
  AVERAGE WIND SPEED     6.7


SKY COVER
  AVERAGE SKY COVER 0.4


WEATHER CONDITIONS
 THE FOLLOWING WEATHER WAS RECORDED YESTERDAY.
  FOG


RELATIVE HUMIDITY (PERCENT)
 HIGHEST    90           600 AM
 LOWEST     36           600 PM

..........................................................


THE AUGUSTA DANIEL FIELD GA CLIMATE NORMALS FOR TODAY
                         NORMAL    RECORD    YEAR
 MAXIMUM TEMPERATURE (F)   71        MM        MM
 MINIMUM TEMPERATURE (F)   50        MM        MM


SUNRISE AND SUNSET
MARCH 28 2017.........SUNRISE   721 AM EDT   SUNSET   746 PM EDT
MARCH 29 2017.........SUNRISE   719 AM EDT   SUNSET   747 PM EDT


-  INDICATES NEGATIVE NUMBERS.
R  INDICATES RECORD WAS SET OR TIED.
MM INDICATES DATA IS MISSING.
T  INDICATES TRACE AMOUNT.




$$
