000
CDUS42 KCAE 192230
CLIDNL


CLIMATE REPORT
NATIONAL WEATHER SERVICE COLUMBIA SC
530 PM EST SUN NOV 19 2017


...................................

...THE AUGUSTA DANIEL FIELD GA CLIMATE SUMMARY FOR NOVEMBER 19 2017...
VALID TODAY AS OF 0500 PM LOCAL TIME.

CLIMATE NORMAL PERIOD 1981 TO 2010
CLIMATE RECORD PERIOD 9999 TO 9999


WEATHER ITEM   OBSERVED TIME   NORMAL DEPARTURE LAST
                VALUE   (LST)  VALUE  FROM      YEAR
                                      NORMAL
......................................................
TEMPERATURE (F)
 TODAY
  MAXIMUM         68   1233 AM  66      2       73
  MINIMUM         51    829 AM  46      5       48
  AVERAGE         60            56      4

PRECIPITATION (IN)
  TODAY            0.01          0.12  -0.11     0.00
  MONTH TO DATE    1.20          1.76  -0.56     0.56
  SINCE SEP 1      6.46          8.36  -1.90     7.75
  SINCE JAN 1     36.76         41.52  -4.76    31.42

DEGREE DAYS
 HEATING
  TODAY            5             9     -4        4
  MONTH TO DATE  112           135    -23       85
  SINCE SEP 1    165           213    -48       94
  SINCE JUL 1    165           213    -48       94

 COOLING
  TODAY            0             0      0        0
  MONTH TO DATE   41            14     27       22
  SINCE SEP 1    675           440    235      688
  SINCE JAN 1   2976          2251    725     3058
......................................................


WIND (MPH)
  HIGHEST WIND SPEED    22   HIGHEST WIND DIRECTION    SW (210)
  HIGHEST GUST SPEED    30   HIGHEST GUST DIRECTION     S (200)
  AVERAGE WIND SPEED    11.4


SKY COVER
  AVERAGE SKY COVER 0.1


WEATHER CONDITIONS
 THE FOLLOWING WEATHER WAS RECORDED TODAY.
  LIGHT RAIN


RELATIVE HUMIDITY (PERCENT)
 HIGHEST    73           100 AM
 LOWEST     32           300 PM

..........................................................


THE AUGUSTA DANIEL FIELD GA CLIMATE NORMALS FOR TOMORROW
                         NORMAL
 MAXIMUM TEMPERATURE (F)   66
 MINIMUM TEMPERATURE (F)   46


SUNRISE AND SUNSET
NOVEMBER 19 2017......SUNRISE   704 AM EST   SUNSET   523 PM EST
NOVEMBER 20 2017......SUNRISE   704 AM EST   SUNSET   523 PM EST


-  INDICATES NEGATIVE NUMBERS.
R  INDICATES RECORD WAS SET OR TIED.
MM INDICATES DATA IS MISSING.
T  INDICATES TRACE AMOUNT.




$$
