000
CDUS42 KCAE 162128
CLIDNL


CLIMATE REPORT
NATIONAL WEATHER SERVICE COLUMBIA SC
528 PM EDT WED APR 16 2014


...................................

...THE AUGUSTA DANIEL FIELD GA CLIMATE SUMMARY FOR APRIL 16 2014...
VALID TODAY AS OF 0500 PM LOCAL TIME.

CLIMATE NORMAL PERIOD 1981 TO 2010
CLIMATE RECORD PERIOD 9999 TO 9999


WEATHER ITEM   OBSERVED TIME   RECORD YEAR NORMAL DEPARTURE LAST
                VALUE   (LST)  VALUE       VALUE  FROM      YEAR
                                                  NORMAL
..................................................................
TEMPERATURE (F)
 TODAY
  MAXIMUM         61    356 PM  MM      MM  75    -14       82
  MINIMUM         38    622 AM  MM      MM  53    -15       62
  AVERAGE         50                        64    -14

PRECIPITATION (IN)
  TODAY            0.00         MM      MM   0.10  -0.10     0.00
  MONTH TO DATE    2.18                      1.98   0.20     1.34
  SINCE MAR 1      4.86                      6.29  -1.43     4.18
  SINCE JAN 1     11.15                     14.53  -3.38    13.33

DEGREE DAYS
 HEATING
  TODAY           15                         3     12        0
  MONTH TO DATE   37                        67    -30       58
  SINCE MAR 1    357                       317     40      476
  SINCE JUL 1   2193                      2130     63     2049

 COOLING
  TODAY            0                         2     -2        7
  MONTH TO DATE   58                        28     30       39
  SINCE MAR 1     63                        50     13       44
  SINCE JAN 1     71                        54     17       64
..................................................................


WIND (MPH)
  HIGHEST WIND SPEED    20   HIGHEST WIND DIRECTION    NE (30)
  HIGHEST GUST SPEED    25   HIGHEST GUST DIRECTION    NE (40)
  AVERAGE WIND SPEED    11.0


SKY COVER
  AVERAGE SKY COVER 0.0


WEATHER CONDITIONS
 THE FOLLOWING WEATHER WAS RECORDED TODAY.
  NO SIGNIFICANT WEATHER WAS OBSERVED.


RELATIVE HUMIDITY (PERCENT)
 HIGHEST    76           500 AM
 LOWEST     27           300 PM

..........................................................


THE AUGUSTA DANIEL FIELD GA CLIMATE NORMALS FOR TOMORROW
                         NORMAL    RECORD    YEAR
 MAXIMUM TEMPERATURE (F)   76        MM        MM
 MINIMUM TEMPERATURE (F)   53        MM        MM


SUNRISE AND SUNSET
APRIL 16 2014.........SUNRISE   657 AM EDT   SUNSET   800 PM EDT
APRIL 17 2014.........SUNRISE   655 AM EDT   SUNSET   800 PM EDT


-  INDICATES NEGATIVE NUMBERS.
R  INDICATES RECORD WAS SET OR TIED.
MM INDICATES DATA IS MISSING.
T  INDICATES TRACE AMOUNT.




$$
