000
CDUS43 KLOT 030634
CLIDPA


CLIMATE REPORT
NATIONAL WEATHER SERVICE CHICAGO IL
133 AM CDT TUE MAY 3 2016


...................................

...THE DU PAGE  AIRPORT CLIMATE SUMMARY FOR MAY 2 2016...

CLIMATE NORMAL PERIOD 1981 TO 2010
CLIMATE RECORD PERIOD 1997 TO 2016


WEATHER ITEM   OBSERVED TIME   RECORD YEAR NORMAL DEPARTURE LAST
                VALUE   (LST)  VALUE       VALUE  FROM      YEAR
                                                  NORMAL
..................................................................
TEMPERATURE (F)
 YESTERDAY
  MAXIMUM         60    308 PM  81    2001  67     -7       76
  MINIMUM         40   1159 PM  30    2004  43     -3       44
  AVERAGE         50                        55     -5       60

PRECIPITATION (IN)
  YESTERDAY        0.00          0.99        0.15  -0.15     0.00
  MONTH TO DATE    0.36                      0.30   0.06     0.00
  SINCE MAR 1      6.28                      6.01   0.27     4.74
  SINCE JAN 1      8.48                      8.74  -0.26     6.57

SNOWFALL (IN)
  YESTERDAY        0.0
  MONTH TO DATE    0.0
  SINCE JUL 1     21.6

DEGREE DAYS
 HEATING
  YESTERDAY       15                        10      5        5
  MONTH TO DATE   33                        21     12       19
  SINCE MAR 1   1224                      1332   -108     1428
  SINCE JUL 1   5427                      6087   -660     6620

 COOLING
  YESTERDAY        0                         0      0        0
  MONTH TO DATE    0                         0      0        0
  SINCE MAR 1      6                         4      2        0
  SINCE JAN 1      6                         4      2        0
..................................................................


WIND (MPH)
  RESULTANT WIND SPEED  10   RESULTANT WIND DIRECTION  NE (40)
  HIGHEST WIND SPEED    21   HIGHEST WIND DIRECTION    NE (60)
  HIGHEST GUST SPEED    28   HIGHEST GUST DIRECTION    NE (60)
  AVERAGE WIND SPEED    10.4



WEATHER CONDITIONS
 THE FOLLOWING WEATHER WAS RECORDED YESTERDAY.
  NO SIGNIFICANT WEATHER WAS OBSERVED.


..........................................................


THE DU PAGE  AIRPORT CLIMATE NORMALS FOR TODAY
                         NORMAL    RECORD    YEAR
 MAXIMUM TEMPERATURE (F)   67        84      2012
                                             2001
 MINIMUM TEMPERATURE (F)   43        27      2004


SUNRISE AND SUNSET
MAY  3 2016...........SUNRISE   546 AM CDT   SUNSET   754 PM CDT
MAY  4 2016...........SUNRISE   545 AM CDT   SUNSET   755 PM CDT


-  INDICATES NEGATIVE NUMBERS.
R  INDICATES RECORD WAS SET OR TIED.
MM INDICATES DATA IS MISSING.
T  INDICATES TRACE AMOUNT.




$$
