000
CDUS43 KLOT 300633
CLIDPA


CLIMATE REPORT
NATIONAL WEATHER SERVICE CHICAGO IL
133 AM CDT SAT MAY 30 2015


...................................

...THE DU PAGE  AIRPORT CLIMATE SUMMARY FOR MAY 29 2015...

CLIMATE NORMAL PERIOD 1981 TO 2010
CLIMATE RECORD PERIOD 1997 TO 2015


WEATHER ITEM   OBSERVED TIME   RECORD YEAR NORMAL DEPARTURE LAST
                VALUE   (LST)  VALUE       VALUE  FROM      YEAR
                                                  NORMAL
..................................................................
TEMPERATURE (F)
 YESTERDAY
  MAXIMUM         82    504 PM  90    2006  75      7       77
  MINIMUM         63   1250 AM  40    2008  52     11       54
  AVERAGE         73                        64      9       66

PRECIPITATION (IN)
  YESTERDAY        0.03          1.82        0.14  -0.11     0.00
  MONTH TO DATE    4.11                      4.32  -0.21     3.89
  SINCE MAR 1      8.85                     10.03  -1.18     6.42
  SINCE JAN 1     10.68                     12.76  -2.08     7.64

SNOWFALL (IN)
  YESTERDAY        0.0
  MONTH TO DATE    0.0
  SINCE JUL 1     32.2

DEGREE DAYS
 HEATING
  YESTERDAY        0                         4     -4        0
  MONTH TO DATE  165                       207    -42      205
  SINCE MAR 1   1574                      1518     56     1802
  SINCE JUL 1   6766                      6273    493     7578

 COOLING
  YESTERDAY        8                         3      5        1
  MONTH TO DATE   54                        36     18       61
  SINCE MAR 1     54                        40     14       61
  SINCE JAN 1     54                        40     14       61
..................................................................


WIND (MPH)
  RESULTANT WIND SPEED   9   RESULTANT WIND DIRECTION   S (200)
  HIGHEST WIND SPEED    22   HIGHEST WIND DIRECTION    SW (220)
  HIGHEST GUST SPEED    29   HIGHEST GUST DIRECTION    SW (220)
  AVERAGE WIND SPEED    10.5



WEATHER CONDITIONS
 THE FOLLOWING WEATHER WAS RECORDED YESTERDAY.
  LIGHT RAIN


..........................................................


THE DU PAGE  AIRPORT CLIMATE NORMALS FOR TODAY
                         NORMAL    RECORD    YEAR
 MAXIMUM TEMPERATURE (F)   76        90      2010
 MINIMUM TEMPERATURE (F)   53        43      2005


SUNRISE AND SUNSET
MAY 30 2015...........SUNRISE   521 AM CDT   SUNSET   820 PM CDT
MAY 31 2015...........SUNRISE   521 AM CDT   SUNSET   821 PM CDT


-  INDICATES NEGATIVE NUMBERS.
R  INDICATES RECORD WAS SET OR TIED.
MM INDICATES DATA IS MISSING.
T  INDICATES TRACE AMOUNT.




$$
