000
CDUS43 KLOT 290635
CLIDPA


CLIMATE REPORT
NATIONAL WEATHER SERVICE CHICAGO IL
134 AM CDT MON AUG 29 2016


...................................

...THE DU PAGE  AIRPORT CLIMATE SUMMARY FOR AUGUST 28 2016...

CLIMATE NORMAL PERIOD 1981 TO 2010
CLIMATE RECORD PERIOD 1997 TO 2016


WEATHER ITEM   OBSERVED TIME   RECORD YEAR NORMAL DEPARTURE LAST
                VALUE   (LST)  VALUE       VALUE  FROM      YEAR
                                                  NORMAL
..................................................................
TEMPERATURE (F)
 YESTERDAY
  MAXIMUM         86    155 PM  92    2003  81      5       71
  MINIMUM         66    531 AM  54    2003  60      6       55
  AVERAGE         76                        71      5       63

PRECIPITATION (IN)
  YESTERDAY        0.00          1.26        0.12  -0.12     0.00
  MONTH TO DATE    2.82                      4.25  -1.43     1.90
  SINCE JUN 1     11.68                     12.26  -0.58    13.17
  SINCE JAN 1     25.96                     25.28   0.68    24.16

SNOWFALL (IN)
  YESTERDAY        0.0
  MONTH TO DATE    0.0
  SINCE JUL 1      0.0

DEGREE DAYS
 HEATING
  YESTERDAY        0                         0      0        2
  MONTH TO DATE    0                         0      0       15
  SINCE JUN 1     13                        38    -25       67
  SINCE JUL 1      1                         2     -1       33

 COOLING
  YESTERDAY       11                         6      5        0
  MONTH TO DATE  276                       205     71      163
  SINCE JUN 1    746                       661     85      505
  SINCE JAN 1    819                       707    112      559
..................................................................


WIND (MPH)
  RESULTANT WIND SPEED   4   RESULTANT WIND DIRECTION   E (80)
  HIGHEST WIND SPEED    16   HIGHEST WIND DIRECTION     S (160)
  HIGHEST GUST SPEED    20   HIGHEST GUST DIRECTION     S (170)
  AVERAGE WIND SPEED     4.4



WEATHER CONDITIONS
 THE FOLLOWING WEATHER WAS RECORDED YESTERDAY.
  THUNDERSTORM
  FOG


..........................................................


THE DU PAGE  AIRPORT CLIMATE NORMALS FOR TODAY
                         NORMAL    RECORD    YEAR
 MAXIMUM TEMPERATURE (F)   81        92      2010
 MINIMUM TEMPERATURE (F)   60        51      2001
                                             1999


SUNRISE AND SUNSET
AUGUST 29 2016........SUNRISE   616 AM CDT   SUNSET   731 PM CDT
AUGUST 30 2016........SUNRISE   617 AM CDT   SUNSET   729 PM CDT


-  INDICATES NEGATIVE NUMBERS.
R  INDICATES RECORD WAS SET OR TIED.
MM INDICATES DATA IS MISSING.
T  INDICATES TRACE AMOUNT.




$$
