000
CDUS43 KLOT 270638
CLIDPA


CLIMATE REPORT
NATIONAL WEATHER SERVICE CHICAGO IL
137 AM CDT WED AUG 27 2014


...................................

...THE DU PAGE  AIRPORT CLIMATE SUMMARY FOR AUGUST 26 2014...

CLIMATE NORMAL PERIOD 1981 TO 2010
CLIMATE RECORD PERIOD 1997 TO 2014


WEATHER ITEM   OBSERVED TIME   RECORD YEAR NORMAL DEPARTURE LAST
                VALUE   (LST)  VALUE       VALUE  FROM      YEAR
                                                  NORMAL
..................................................................
TEMPERATURE (F)
 YESTERDAY
  MAXIMUM         87    426 PM  91    2003  81      6       89
  MINIMUM         68   1159 PM  51    1997  60      8       64
  AVERAGE         78                        71      7       77

PRECIPITATION (IN)
  YESTERDAY        0.02          1.50        0.15  -0.13     0.00
  MONTH TO DATE    5.58                      3.98   1.60     1.02
  SINCE JUN 1     14.70                     11.99   2.71     8.87
  SINCE JAN 1     22.34                     25.01  -2.67    26.16

SNOWFALL (IN)
  YESTERDAY        0.0

DEGREE DAYS
 HEATING
  YESTERDAY        0                         0      0        0
  MONTH TO DATE    0                         0      0        7
  SINCE JUN 1     27                        38    -11       80
  SINCE JUL 1      9                         2      7       26

 COOLING
  YESTERDAY       13                         6      7       12
  MONTH TO DATE  207                       193     14      128
  SINCE JUN 1    568                       649    -81      486
  SINCE JAN 1    637                       695    -58      563
..................................................................


WIND (MPH)
  RESULTANT WIND SPEED   2   RESULTANT WIND DIRECTION  NW (310)
  HIGHEST WIND SPEED    30   HIGHEST WIND DIRECTION    NW (330)
  HIGHEST GUST SPEED    39   HIGHEST GUST DIRECTION     N (340)
  AVERAGE WIND SPEED     5.2



WEATHER CONDITIONS
 THE FOLLOWING WEATHER WAS RECORDED YESTERDAY.
  LIGHT RAIN


..........................................................


THE DU PAGE  AIRPORT CLIMATE NORMALS FOR TODAY
                         NORMAL    RECORD    YEAR
 MAXIMUM TEMPERATURE (F)   81        92      2013
 MINIMUM TEMPERATURE (F)   60        54      2008


SUNRISE AND SUNSET
AUGUST 27 2014........SUNRISE   613 AM CDT   SUNSET   735 PM CDT
AUGUST 28 2014........SUNRISE   614 AM CDT   SUNSET   733 PM CDT


-  INDICATES NEGATIVE NUMBERS.
R  INDICATES RECORD WAS SET OR TIED.
MM INDICATES DATA IS MISSING.
T  INDICATES TRACE AMOUNT.




$$
