000
CDUS45 KGJT 010742
CLIDRO


CLIMATE REPORT
NATIONAL WEATHER SERVICE GRAND JUNCTION CO
139 AM MDT MON SEP 1 2014


...................................

...THE DURANGO AIRPORT CO CLIMATE SUMMARY FOR AUGUST 31 2014...

CLIMATE NORMAL PERIOD 1981 TO 2010
CLIMATE RECORD PERIOD 9999 TO 9999


WEATHER ITEM   OBSERVED TIME   RECORD YEAR NORMAL DEPARTURE LAST
                VALUE   (LST)  VALUE       VALUE  FROM      YEAR
                                                  NORMAL
..................................................................
TEMPERATURE (F)
 YESTERDAY
  MAXIMUM         85    339 PM  MM      MM  80      5       87
  MINIMUM         45    557 AM  MM      MM  48     -3       55
  AVERAGE         65                        64      1       71

PRECIPITATION (IN)
  YESTERDAY        0.00         MM      MM   0.07  -0.07      T
  MONTH TO DATE    1.93                      2.18  -0.25     2.37
  SINCE JUN 1      3.23                      4.54  -1.31     4.46
  SINCE JAN 1      5.63                      9.97  -4.34     8.21

SNOWFALL (IN)
  YESTERDAY       MM            MM      MM  MM     MM       MM
  MONTH TO DATE   MM                        MM     MM       MM
  SINCE JUN 1     MM                        MM     MM       MM
  SINCE JUL 1     MM                        MM     MM       MM
  SNOW DEPTH      MM

DEGREE DAYS
 HEATING
  YESTERDAY        0                         2     -2        0
  MONTH TO DATE   27                        17     10       13
  SINCE JUN 1    115                       144    -29       53
  SINCE JUL 1     27                        29     -2       13

 COOLING
  YESTERDAY        0                         1     -1        6
  MONTH TO DATE   68                        86    -18      103
  SINCE JUN 1    287                       236     51      349
  SINCE JAN 1    292                       237     55      349
..................................................................


WIND (MPH)
  HIGHEST WIND SPEED    30   HIGHEST WIND DIRECTION     W (270)
  HIGHEST GUST SPEED    38   HIGHEST GUST DIRECTION     W (270)
  AVERAGE WIND SPEED     9.3


SKY COVER
  POSSIBLE SUNSHINE  MM
  AVERAGE SKY COVER 0.1


WEATHER CONDITIONS
 THE FOLLOWING WEATHER WAS RECORDED YESTERDAY.
  NO SIGNIFICANT WEATHER WAS OBSERVED.


RELATIVE HUMIDITY (PERCENT)
 HIGHEST    76           600 AM
 LOWEST     15           300 PM
 AVERAGE    46

..........................................................


THE DURANGO AIRPORT CO CLIMATE NORMALS FOR TODAY
                         NORMAL    RECORD    YEAR
 MAXIMUM TEMPERATURE (F)   80        MM        MM
 MINIMUM TEMPERATURE (F)   47        MM        MM


SUNRISE AND SUNSET
SEPTEMBER  1 2014.....SUNRISE   642 AM MDT   SUNSET   740 PM MDT
SEPTEMBER  2 2014.....SUNRISE   643 AM MDT   SUNSET   738 PM MDT


-  INDICATES NEGATIVE NUMBERS.
R  INDICATES RECORD WAS SET OR TIED.
MM INDICATES DATA IS MISSING.
T  INDICATES TRACE AMOUNT.




$$
