000
CDUS45 KGJT 120733
CLIDRO


CLIMATE REPORT
NATIONAL WEATHER SERVICE GRAND JUNCTION CO
131 AM MDT SAT JUL 12 2014


...................................

...THE DURANGO AIRPORT CO CLIMATE SUMMARY FOR JULY 11 2014...

CLIMATE NORMAL PERIOD 1981 TO 2010
CLIMATE RECORD PERIOD 9999 TO 9999


WEATHER ITEM   OBSERVED TIME   RECORD YEAR NORMAL DEPARTURE LAST
                VALUE   (LST)  VALUE       VALUE  FROM      YEAR
                                                  NORMAL
..................................................................
TEMPERATURE (F)
 YESTERDAY
  MAXIMUM         89    432 PM  MM      MM  86      3       86
  MINIMUM         55    454 AM  MM      MM  51      4       54
  AVERAGE         72                        68      4       70

PRECIPITATION (IN)
  YESTERDAY        0.24         MM      MM   0.06   0.18     0.53
  MONTH TO DATE    0.62                      0.40   0.22     0.61
  SINCE JUN 1      0.62                      1.04  -0.42     0.63
  SINCE JAN 1      3.02                      6.47  -3.45     4.38

SNOWFALL (IN)
  YESTERDAY       MM            MM      MM  MM     MM       MM
  MONTH TO DATE   MM                        MM     MM       MM
  SINCE JUN 1     MM                        MM     MM       MM
  SINCE JUL 1     MM                        MM     MM       MM
  SNOW DEPTH      MM

DEGREE DAYS
 HEATING
  YESTERDAY        0                         0      0        0
  MONTH TO DATE    0                         8     -8        0
  SINCE JUN 1     88                       123    -35       40
  SINCE JUL 1      0                         8     -8        0

 COOLING
  YESTERDAY        7                         4      3        5
  MONTH TO DATE   60                        33     27       77
  SINCE JUN 1     74                        61     13      132
  SINCE JAN 1     79                        62     17      132
..................................................................


WIND (MPH)
  HIGHEST WIND SPEED    33   HIGHEST WIND DIRECTION    SE (130)
  HIGHEST GUST SPEED    42   HIGHEST GUST DIRECTION    SE (140)
  AVERAGE WIND SPEED     6.7


SKY COVER
  POSSIBLE SUNSHINE  MM
  AVERAGE SKY COVER 0.3


WEATHER CONDITIONS
 THE FOLLOWING WEATHER WAS RECORDED YESTERDAY.
  THUNDERSTORM
  HEAVY RAIN
  RAIN
  LIGHT RAIN
  FOG


RELATIVE HUMIDITY (PERCENT)
 HIGHEST    90          1100 PM
 LOWEST     21           400 PM
 AVERAGE    56

..........................................................


THE DURANGO AIRPORT CO CLIMATE NORMALS FOR TODAY
                         NORMAL    RECORD    YEAR
 MAXIMUM TEMPERATURE (F)   86        MM        MM
 MINIMUM TEMPERATURE (F)   51        MM        MM


SUNRISE AND SUNSET
JULY 12 2014..........SUNRISE   601 AM MDT   SUNSET   832 PM MDT
JULY 13 2014..........SUNRISE   601 AM MDT   SUNSET   832 PM MDT


-  INDICATES NEGATIVE NUMBERS.
R  INDICATES RECORD WAS SET OR TIED.
MM INDICATES DATA IS MISSING.
T  INDICATES TRACE AMOUNT.




$$
