000
CDUS44 KEWX 240803
CLIDRT


CLIMATE REPORT
NATIONAL WEATHER SERVICE AUSTIN/SAN ANTONIO, TX
302 AM CDT MON APR 24 2017


...................................

...THE DEL RIO CLIMATE SUMMARY FOR APRIL 23 2017...

CLIMATE NORMAL PERIOD 1981 TO 2010
CLIMATE RECORD PERIOD 1906 TO 2017


WEATHER ITEM   OBSERVED TIME   RECORD YEAR NORMAL DEPARTURE LAST
                VALUE   (LST)  VALUE       VALUE  FROM      YEAR
                                                  NORMAL
..................................................................
TEMPERATURE (F)
 YESTERDAY
  MAXIMUM         76    437 PM  99    2000  85     -9       84
                                      1958
                                      1937
  MINIMUM         50    640 AM  45    1910  62    -12       61
                                      1907
  AVERAGE         63                        73    -10       73

PRECIPITATION (IN)
  YESTERDAY        0.00          2.90 1981   0.06  -0.06     0.24
  MONTH TO DATE    5.64                      1.18   4.46     3.99
  SINCE MAR 1      6.15                      2.32   3.83     6.07
  SINCE JAN 1      7.12                      3.92   3.20     6.82

SNOWFALL (IN)
  YESTERDAY       MM
  MONTH TO DATE    0.0
  SINCE MAR 1      0.0
  SINCE JUL 1      0.0

DEGREE DAYS
 HEATING
  YESTERDAY        2                         0      2        0
  MONTH TO DATE   10                        24    -14       14
  SINCE MAR 1     47                       138    -91       69
  SINCE JUL 1    840                      1374   -534     1049

 COOLING
  YESTERDAY        0                         9     -9        8
  MONTH TO DATE  159                       155      4      142
  SINCE MAR 1    313                       242     71      239
  SINCE JAN 1    376                       261    115      274
..................................................................


WIND (MPH)
  HIGHEST WIND SPEED    12   HIGHEST WIND DIRECTION    NE (30)
  HIGHEST GUST SPEED    16   HIGHEST GUST DIRECTION    NE (30)
  AVERAGE WIND SPEED    MM


SKY COVER
  AVERAGE SKY COVER  MM


WEATHER CONDITIONS
 THE FOLLOWING WEATHER WAS RECORDED YESTERDAY.
  NO SIGNIFICANT WEATHER WAS OBSERVED.


RELATIVE HUMIDITY (PERCENT)
 HIGHEST    MM
 LOWEST     MM
 AVERAGE    MM

..........................................................


THE DEL RIO CLIMATE NORMALS FOR TODAY
                         NORMAL    RECORD    YEAR
 MAXIMUM TEMPERATURE (F)   85        99      1978
 MINIMUM TEMPERATURE (F)   62        46      1968


SUNRISE AND SUNSET
APRIL 24 2017.........SUNRISE   708 AM CDT   SUNSET   816 PM CDT
APRIL 25 2017.........SUNRISE   707 AM CDT   SUNSET   817 PM CDT


-  INDICATES NEGATIVE NUMBERS.
R  INDICATES RECORD WAS SET OR TIED.
MM INDICATES DATA IS MISSING.
T  INDICATES TRACE AMOUNT.




$$
