000
CDUS44 KEWX 272225
CLIDRT


CLIMATE REPORT
NATIONAL WEATHER SERVICE AUSTIN/SAN ANTONIO, TX
425 PM CST SAT DEC 27 2014


...................................

...THE DEL RIO CLIMATE SUMMARY FOR DECEMBER 27 2014...
VALID TODAY AS OF 425 PM LOCAL TIME.

CLIMATE NORMAL PERIOD 1981 TO 2010
CLIMATE RECORD PERIOD 1906 TO 2014


WEATHER ITEM   OBSERVED TIME   RECORD YEAR NORMAL DEPARTURE LAST
                VALUE   (LST)  VALUE       VALUE  FROM      YEAR
                                                  NORMAL
..................................................................
TEMPERATURE (F)
 TODAY
  MAXIMUM         57    131 AM  84    2005  63     -6       50
  MINIMUM         48    359 PM  20    1925  40      8       44
  AVERAGE         53                        51      2       47

PRECIPITATION (IN)
  TODAY            0.00          1.70 1994   0.03  -0.03     0.23
  MONTH TO DATE    0.04                      0.56  -0.52     0.48
  SINCE DEC 1      0.04                      0.56  -0.52     0.48
  SINCE JAN 1     15.94                     19.43  -3.49    15.47

SNOWFALL (IN)
  TODAY            0.0
  MONTH TO DATE    0.0
  SINCE DEC 1      0.0
  SINCE JUL 1      0.0
  SNOW DEPTH       0

DEGREE DAYS
 HEATING
  TODAY           12                        14     -2       18
  MONTH TO DATE  192                       340   -148      384
  SINCE DEC 1    192                       340   -148      384
  SINCE JUL 1    464                       537    -73      617

 COOLING
  TODAY            0                         0      0        0
  MONTH TO DATE    6                         0      6        5
  SINCE DEC 1      6                         0      6        5
  SINCE JAN 1   3694                      3372    322     3746
..................................................................


WIND (MPH)
  HIGHEST WIND SPEED    21   HIGHEST WIND DIRECTION    NW (330)
  HIGHEST GUST SPEED    27   HIGHEST GUST DIRECTION    NW (330)
  AVERAGE WIND SPEED    13.1



WEATHER CONDITIONS
 THE FOLLOWING WEATHER WAS RECORDED TODAY.
  NO SIGNIFICANT WEATHER WAS OBSERVED.


RELATIVE HUMIDITY (PERCENT)
 HIGHEST    83           200 AM
 LOWEST     50           700 AM
 AVERAGE    67

..........................................................


THE DEL RIO CLIMATE NORMALS FOR TOMORROW
                         NORMAL    RECORD    YEAR
 MAXIMUM TEMPERATURE (F)   63        86      1946
 MINIMUM TEMPERATURE (F)   40        19      1925


SUNRISE AND SUNSET
DECEMBER 27 2014......SUNRISE   737 AM CST   SUNSET   553 PM CST
DECEMBER 28 2014......SUNRISE   737 AM CST   SUNSET   554 PM CST


-  INDICATES NEGATIVE NUMBERS.
R  INDICATES RECORD WAS SET OR TIED.
MM INDICATES DATA IS MISSING.
T  INDICATES TRACE AMOUNT.




$$
