000
CDUS44 KEWX 030705
CLIDRT


CLIMATE REPORT
NATIONAL WEATHER SERVICE AUSTIN/SAN ANTONIO, TX
200 AM CDT FRI JUL 3 2015


...................................

...THE DEL RIO CLIMATE SUMMARY FOR JULY 2 2015...

CLIMATE NORMAL PERIOD 1981 TO 2010
CLIMATE RECORD PERIOD 1906 TO 2015


WEATHER ITEM   OBSERVED TIME   RECORD YEAR NORMAL DEPARTURE LAST
                VALUE   (LST)  VALUE       VALUE  FROM      YEAR
                                                  NORMAL
..................................................................
TEMPERATURE (F)
 YESTERDAY
  MAXIMUM         90    526 PM 108    1980  96     -6       94
  MINIMUM         70    631 AM  64    1907  75     -5       76
  AVERAGE         80                        85     -5       85

PRECIPITATION (IN)
  YESTERDAY        0.00          5.28 1914   0.06  -0.06     0.00
  MONTH TO DATE    0.00                      0.12  -0.12     0.00
  SINCE JUN 1      3.48                      2.47   1.01     4.69
  SINCE JAN 1     18.56                      9.67   8.89     6.04

SNOWFALL (IN)
  YESTERDAY        0.0
  MONTH TO DATE    0.0
  SINCE JUN 1      0.0
  SINCE JUL 1      0.0

DEGREE DAYS
 HEATING
  YESTERDAY        0                         0      0        0
  MONTH TO DATE    0                         0      0        0
  SINCE JUN 1      0                         0      0        0
  SINCE JUL 1      0                         0      0        0

 COOLING
  YESTERDAY       15                        20     -5       20
  MONTH TO DATE   32                        40     -8       42
  SINCE JUN 1    533                       611    -78      670
  SINCE JAN 1   1213                      1370   -157     1520
..................................................................


WIND (MPH)
  HIGHEST WIND SPEED    22   HIGHEST WIND DIRECTION    SE (140)
  HIGHEST GUST SPEED    29   HIGHEST GUST DIRECTION    SE (130)
  AVERAGE WIND SPEED    12.3


SKY COVER
  AVERAGE SKY COVER 0.3


WEATHER CONDITIONS
 THE FOLLOWING WEATHER WAS RECORDED YESTERDAY.
  NO SIGNIFICANT WEATHER WAS OBSERVED.


RELATIVE HUMIDITY (PERCENT)
 HIGHEST    84           600 AM
 LOWEST     47           400 PM
 AVERAGE    66

..........................................................


THE DEL RIO CLIMATE NORMALS FOR TODAY
                         NORMAL    RECORD    YEAR
 MAXIMUM TEMPERATURE (F)   96       107      1910
 MINIMUM TEMPERATURE (F)   75        66      1906


SUNRISE AND SUNSET
JULY  3 2015..........SUNRISE   648 AM CDT   SUNSET   847 PM CDT
JULY  4 2015..........SUNRISE   649 AM CDT   SUNSET   847 PM CDT


-  INDICATES NEGATIVE NUMBERS.
R  INDICATES RECORD WAS SET OR TIED.
MM INDICATES DATA IS MISSING.
T  INDICATES TRACE AMOUNT.




$$
