000
CDUS44 KEWX 200706
CLIDRT


CLIMATE REPORT
NATIONAL WEATHER SERVICE AUSTIN/SAN ANTONIO, TX
206 AM CDT SUN AUG 20 2017


...................................

...THE DEL RIO CLIMATE SUMMARY FOR AUGUST 19 2017...

CLIMATE NORMAL PERIOD 1981 TO 2010
CLIMATE RECORD PERIOD 1906 TO 2017


WEATHER ITEM   OBSERVED TIME   RECORD YEAR NORMAL DEPARTURE LAST
                VALUE   (LST)  VALUE       VALUE  FROM      YEAR
                                                  NORMAL
..................................................................
TEMPERATURE (F)
 YESTERDAY
  MAXIMUM        102    339 PM 108    1909  97      5       88
  MINIMUM         79    659 AM  66    1906  75      4       73
  AVERAGE         91                        86      5       81

PRECIPITATION (IN)
  YESTERDAY        0.00          1.40 1916   0.08  -0.08     0.99
  MONTH TO DATE    1.60                      1.14   0.46     5.59
  SINCE JUN 1      4.72                      5.27  -0.55     8.57
  SINCE JAN 1     15.81                     12.47   3.34    17.18

SNOWFALL (IN)
  YESTERDAY        0.0
  MONTH TO DATE    0.0
  SINCE JUN 1      0.0
  SINCE JUL 1      0.0

DEGREE DAYS
 HEATING
  YESTERDAY        0                         0      0        0
  MONTH TO DATE    0                         0      0        0
  SINCE JUN 1      0                         0      0        0
  SINCE JUL 1      0                         0      0        0

 COOLING
  YESTERDAY       26                        21      5       16
  MONTH TO DATE  434                       416     18      427
  SINCE JUN 1   1724                      1635     89     1781
  SINCE JAN 1   2549                      2394    155     2507
..................................................................


WIND (MPH)
  HIGHEST WIND SPEED    17   HIGHEST WIND DIRECTION     E (100)
  HIGHEST GUST SPEED    22   HIGHEST GUST DIRECTION     E (100)
  AVERAGE WIND SPEED     9.5


SKY COVER
  AVERAGE SKY COVER 0.0


WEATHER CONDITIONS
 THE FOLLOWING WEATHER WAS RECORDED YESTERDAY.
  NO SIGNIFICANT WEATHER WAS OBSERVED.


RELATIVE HUMIDITY (PERCENT)
 HIGHEST    74           700 AM
 LOWEST     23           500 PM
 AVERAGE    49

..........................................................


THE DEL RIO CLIMATE NORMALS FOR TODAY
                         NORMAL    RECORD    YEAR
 MAXIMUM TEMPERATURE (F)   97       106      1986
 MINIMUM TEMPERATURE (F)   75        62      1940


SUNRISE AND SUNSET
AUGUST 20 2017........SUNRISE   715 AM CDT   SUNSET   819 PM CDT
AUGUST 21 2017........SUNRISE   715 AM CDT   SUNSET   817 PM CDT


-  INDICATES NEGATIVE NUMBERS.
R  INDICATES RECORD WAS SET OR TIED.
MM INDICATES DATA IS MISSING.
T  INDICATES TRACE AMOUNT.




$$
