899
CDUS44 KDRT 012223
CLIDRT


CLIMATE REPORT
NATIONAL WEATHER SERVICE AUSTIN/SAN ANTONIO, TX
523 PM CDT SAT OCT 1 2016


...................................

...THE DEL RIO CLIMATE SUMMARY FOR OCTOBER 1 2016...
VALID TODAY AS OF 520 PM LOCAL TIME.

CLIMATE NORMAL PERIOD 1981 TO 2010
CLIMATE RECORD PERIOD 1906 TO 2016


WEATHER ITEM   OBSERVED TIME   RECORD YEAR NORMAL DEPARTURE LAST
                VALUE   (LST)  VALUE       VALUE  FROM      YEAR
                                                  NORMAL
..................................................................
TEMPERATURE (F)
 TODAY
  MAXIMUM         79    353 PM 101    1979  86     -7       98
  MINIMUM         65    759 AM  45    1906  65      0       71
  AVERAGE         72                        76     -4       85

PRECIPITATION (IN)
  TODAY            T             1.69 1927   0.10  -0.10     0.00
  MONTH TO DATE    T                         0.10  -0.10     0.00
  SINCE SEP 1      5.92                      2.30   3.62     0.50
  SINCE JAN 1     27.77                     15.81  11.96    21.12

SNOWFALL (IN)
  TODAY            0.0
  MONTH TO DATE    0.0
  SINCE SEP 1      0.0
  SINCE JUL 1      0.0
  SNOW DEPTH       0

DEGREE DAYS
 HEATING
  TODAY            0                         0      0        0
  MONTH TO DATE    0                         0      0        0
  SINCE SEP 1      0                         1     -1        0
  SINCE JUL 1      0                         1     -1        0

 COOLING
  TODAY            7                        11     -4       20
  MONTH TO DATE    7                        11     -4       20
  SINCE SEP 1    477                       471      6      580
  SINCE JAN 1   3191                      3106     85     3169
..................................................................


WIND (MPH)
  HIGHEST WIND SPEED    14   HIGHEST WIND DIRECTION     S (170)
  HIGHEST GUST SPEED    33   HIGHEST GUST DIRECTION     W (250)
  AVERAGE WIND SPEED     8.7



WEATHER CONDITIONS
 THE FOLLOWING WEATHER WAS RECORDED TODAY.
  NO SIGNIFICANT WEATHER WAS OBSERVED.


RELATIVE HUMIDITY (PERCENT)
 HIGHEST    81           200 AM
 LOWEST     52           400 PM
 AVERAGE    67

..........................................................


THE DEL RIO CLIMATE NORMALS FOR TOMORROW
                         NORMAL    RECORD    YEAR
 MAXIMUM TEMPERATURE (F)   86       102      1951
 MINIMUM TEMPERATURE (F)   65        44      1906


SUNRISE AND SUNSET
OCTOBER  1 2016.......SUNRISE   737 AM CDT   SUNSET   729 PM CDT
OCTOBER  2 2016.......SUNRISE   738 AM CDT   SUNSET   727 PM CDT


-  INDICATES NEGATIVE NUMBERS.
R  INDICATES RECORD WAS SET OR TIED.
MM INDICATES DATA IS MISSING.
T  INDICATES TRACE AMOUNT.




$$
