000
CDUS44 KEWX 180721
CLIDRT


CLIMATE REPORT
NATIONAL WEATHER SERVICE AUSTIN/SAN ANTONIO, TX
220 AM CDT FRI APR 18 2014


...................................

...THE DEL RIO CLIMATE SUMMARY FOR APRIL 17 2014...

CLIMATE NORMAL PERIOD 1981 TO 2010
CLIMATE RECORD PERIOD 1906 TO 2014


WEATHER ITEM   OBSERVED TIME   RECORD YEAR NORMAL DEPARTURE LAST
                VALUE   (LST)  VALUE       VALUE  FROM      YEAR
                                                  NORMAL
..................................................................
TEMPERATURE (F)
 YESTERDAY
  MAXIMUM         82    512 PM 101    2006  84     -2       96
                                      1920
  MINIMUM         59    651 AM  43    1999  60     -1       75
                                      1947
  AVERAGE         71                        72     -1       86

PRECIPITATION (IN)
  YESTERDAY        0.00          1.14 2009   0.06  -0.06      T
  MONTH TO DATE    0.00                      0.82  -0.82     0.33
  SINCE MAR 1      0.32                      1.96  -1.64     0.39
  SINCE JAN 1      0.54                      3.56  -3.02     1.72

SNOWFALL (IN)
  YESTERDAY        0.0
  MONTH TO DATE    0.0
  SINCE MAR 1      0.0
  SINCE JUL 1      0.0

DEGREE DAYS
 HEATING
  YESTERDAY        0                         1     -1        0
  MONTH TO DATE   14                        21     -7       12
  SINCE MAR 1    148                       135     13      104
  SINCE JUL 1   1555                      1371    184      997

 COOLING
  YESTERDAY        6                         8     -2       21
  MONTH TO DATE  127                       105     22      151
  SINCE MAR 1    211                       192     19      299
  SINCE JAN 1    256                       211     45      338
..................................................................


WIND (MPH)
  HIGHEST WIND SPEED    20   HIGHEST WIND DIRECTION     E (100)
  HIGHEST GUST SPEED    26   HIGHEST GUST DIRECTION     E (100)
  AVERAGE WIND SPEED    11.4


SKY COVER
  AVERAGE SKY COVER 0.3


WEATHER CONDITIONS
 THE FOLLOWING WEATHER WAS RECORDED YESTERDAY.
  NO SIGNIFICANT WEATHER WAS OBSERVED.


RELATIVE HUMIDITY (PERCENT)
 HIGHEST    80           600 AM
 LOWEST     36           500 PM
 AVERAGE    58

..........................................................


THE DEL RIO CLIMATE NORMALS FOR TODAY
                         NORMAL    RECORD    YEAR
 MAXIMUM TEMPERATURE (F)   84       104      2006
 MINIMUM TEMPERATURE (F)   60        42      1921


SUNRISE AND SUNSET
APRIL 18 2014.........SUNRISE   714 AM CDT   SUNSET   812 PM CDT
APRIL 19 2014.........SUNRISE   713 AM CDT   SUNSET   813 PM CDT


-  INDICATES NEGATIVE NUMBERS.
R  INDICATES RECORD WAS SET OR TIED.
MM INDICATES DATA IS MISSING.
T  INDICATES TRACE AMOUNT.




$$
