562
CDUS44 KDRT 242243
CLIDRT


CLIMATE REPORT
NATIONAL WEATHER SERVICE AUSTIN/SAN ANTONIO, TX
543 PM CDT TUE MAY 24 2016


...................................

...THE DEL RIO CLIMATE SUMMARY FOR MAY 24 2016...
VALID TODAY AS OF 0543 PM LOCAL TIME.

CLIMATE NORMAL PERIOD 1981 TO 2010
CLIMATE RECORD PERIOD 1906 TO 2016


WEATHER ITEM   OBSERVED TIME   RECORD YEAR NORMAL DEPARTURE LAST
                VALUE   (LST)  VALUE       VALUE  FROM      YEAR
                                                  NORMAL
..................................................................
TEMPERATURE (F)
 TODAY
  MAXIMUM         92    332 PM 109    2000  91      1       87
  MINIMUM         73    601 AM  49    1910  70      3       67
  AVERAGE         83                        81      2       77

PRECIPITATION (IN)
  TODAY            0.00          7.12 2010   0.10  -0.10     0.00
  MONTH TO DATE    1.48                      2.09  -0.61     6.14
  SINCE MAR 1      7.72                      4.88   2.84    10.06
  SINCE JAN 1      8.47                      6.48   1.99    11.05

SNOWFALL (IN)
  TODAY            0.0
  MONTH TO DATE    0.0
  SINCE MAR 1      0.0
  SINCE JUL 1      T
  SNOW DEPTH       0

DEGREE DAYS
 HEATING
  TODAY            0                         0      0        0
  MONTH TO DATE    1                         0      1        0
  SINCE MAR 1     70                       139    -69      148
  SINCE JUL 1   1050                      1375   -325     1475

 COOLING
  TODAY           18                        16      2       12
  MONTH TO DATE  264                       315    -51      286
  SINCE MAR 1    584                       625    -41      577
  SINCE JAN 1    619                       644    -25      592
..................................................................


WIND (MPH)
  HIGHEST WIND SPEED    20   HIGHEST WIND DIRECTION     E (110)
  HIGHEST GUST SPEED    27   HIGHEST GUST DIRECTION     E (110)
  AVERAGE WIND SPEED    11.9



WEATHER CONDITIONS
 THE FOLLOWING WEATHER WAS RECORDED TODAY.
  FOG
  HAZE


RELATIVE HUMIDITY (PERCENT)
 HIGHEST    94           800 AM
 LOWEST     56           300 PM
 AVERAGE    75

..........................................................


THE DEL RIO CLIMATE NORMALS FOR TOMORROW
                         NORMAL    RECORD    YEAR
 MAXIMUM TEMPERATURE (F)   92       104      2011
 MINIMUM TEMPERATURE (F)   70        59      1952
                                             1940
                                             1910


SUNRISE AND SUNSET
MAY 24 2016...........SUNRISE   647 AM CDT   SUNSET   835 PM CDT
MAY 25 2016...........SUNRISE   646 AM CDT   SUNSET   835 PM CDT


-  INDICATES NEGATIVE NUMBERS.
R  INDICATES RECORD WAS SET OR TIED.
MM INDICATES DATA IS MISSING.
T  INDICATES TRACE AMOUNT.




$$
