000
CDUS44 KDRT 012224
CLIDRT


CLIMATE REPORT
NATIONAL WEATHER SERVICE AUSTIN/SAN ANTONIO, TX
523 PM CDT SUN MAY 1 2016


...................................

...THE DEL RIO CLIMATE SUMMARY FOR MAY 1 2016...
VALID TODAY AS OF 520 PM LOCAL TIME.

CLIMATE NORMAL PERIOD 1981 TO 2010
CLIMATE RECORD PERIOD 1906 TO 2016


WEATHER ITEM   OBSERVED TIME   RECORD YEAR NORMAL DEPARTURE LAST
                VALUE   (LST)  VALUE       VALUE  FROM      YEAR
                                                  NORMAL
..................................................................
TEMPERATURE (F)
 TODAY
  MAXIMUM         83    339 PM 104    2002  87     -4       85
  MINIMUM         62    323 AM  46    1908  64     -2       54
  AVERAGE         73                        75     -2       70

PRECIPITATION (IN)
  TODAY            T             1.87 1959   0.07  -0.07     0.00
  MONTH TO DATE    T                         0.07  -0.07     0.00
  SINCE MAR 1      6.24                      2.86   3.38     3.92
  SINCE JAN 1      6.99                      4.46   2.53     4.91

SNOWFALL (IN)
  TODAY            0.0
  MONTH TO DATE    0.0
  SINCE MAR 1      0.0
  SINCE JUL 1      T
  SNOW DEPTH       0

DEGREE DAYS
 HEATING
  TODAY            0                         0      0        0
  MONTH TO DATE    0                         0      0        0
  SINCE MAR 1     69                       139    -70      148
  SINCE JUL 1   1049                      1375   -326     1475

 COOLING
  TODAY            8                        11     -3        5
  MONTH TO DATE    8                        11     -3        5
  SINCE MAR 1    328                       321      7      296
  SINCE JAN 1    363                       340     23      311
..................................................................


WIND (MPH)
  HIGHEST WIND SPEED    17   HIGHEST WIND DIRECTION     E (80)
  HIGHEST GUST SPEED    24   HIGHEST GUST DIRECTION     E (80)
  AVERAGE WIND SPEED     8.2



WEATHER CONDITIONS
 THE FOLLOWING WEATHER WAS RECORDED TODAY.
  NO SIGNIFICANT WEATHER WAS OBSERVED.


RELATIVE HUMIDITY (PERCENT)
 HIGHEST    87           400 AM
 LOWEST     58           200 PM
 AVERAGE    73

..........................................................


THE DEL RIO CLIMATE NORMALS FOR TOMORROW
                         NORMAL    RECORD    YEAR
 MAXIMUM TEMPERATURE (F)   87       105      2002
 MINIMUM TEMPERATURE (F)   64        49      2011
                                             2004
                                             1976


SUNRISE AND SUNSET
MAY  1 2016...........SUNRISE   701 AM CDT   SUNSET   820 PM CDT
MAY  2 2016...........SUNRISE   700 AM CDT   SUNSET   821 PM CDT


-  INDICATES NEGATIVE NUMBERS.
R  INDICATES RECORD WAS SET OR TIED.
MM INDICATES DATA IS MISSING.
T  INDICATES TRACE AMOUNT.




$$
