000
CDUS44 KEWX 152330
CLIDRT


CLIMATE REPORT
NATIONAL WEATHER SERVICE AUSTIN/SAN ANTONIO, TX
529 PM CST FRI DEC 15 2017


...................................

...THE DEL RIO CLIMATE SUMMARY FOR DECEMBER 15 2017...
VALID TODAY AS OF 0529 PM LOCAL TIME.

CLIMATE NORMAL PERIOD 1981 TO 2010
CLIMATE RECORD PERIOD 1906 TO 2017


WEATHER ITEM   OBSERVED TIME   RECORD YEAR NORMAL DEPARTURE LAST
                VALUE   (LST)  VALUE       VALUE  FROM      YEAR
                                                  NORMAL
..................................................................
TEMPERATURE (F)
 TODAY
  MAXIMUM         57    358 PM  84    1950  64     -7       56
  MINIMUM         46    847 AM  23    1916  41      5       48
  AVERAGE         52                        52      0       52

PRECIPITATION (IN)
  TODAY            0.02          0.33 1996   0.03  -0.01     0.00
  MONTH TO DATE    1.65                      0.29   1.36     2.37
  SINCE DEC 1      1.65                      0.29   1.36     2.37
  SINCE JAN 1     24.33                     19.16   5.17    32.36

SNOWFALL (IN)
  TODAY           MM
  MONTH TO DATE    T
  SINCE DEC 1      T
  SINCE JUL 1      T
  SNOW DEPTH       0

DEGREE DAYS
 HEATING
  TODAY           13                        13      0       13
  MONTH TO DATE  168                       177     -9      186
  SINCE DEC 1    168                       177     -9      186
  SINCE JUL 1    319                       374    -55      255

 COOLING
  TODAY            0                         0      0        0
  MONTH TO DATE   10                         0     10        0
  SINCE DEC 1     10                         0     10        0
  SINCE JAN 1   3579                      3372    207     3579
..................................................................


WIND (MPH)
  HIGHEST WIND SPEED    10   HIGHEST WIND DIRECTION     N (20)
  HIGHEST GUST SPEED    15   HIGHEST GUST DIRECTION    NE (30)
  AVERAGE WIND SPEED     5.3



WEATHER CONDITIONS
 THE FOLLOWING WEATHER WAS RECORDED TODAY.
  RAIN


RELATIVE HUMIDITY (PERCENT)
 HIGHEST    86           400 AM
 LOWEST     38          1200 AM
 AVERAGE    62

..........................................................


THE DEL RIO CLIMATE NORMALS FOR TOMORROW
                         NORMAL    RECORD    YEAR
 MAXIMUM TEMPERATURE (F)   64        87      1977
 MINIMUM TEMPERATURE (F)   40        21      1972


SUNRISE AND SUNSET
DECEMBER 15 2017......SUNRISE   731 AM CST   SUNSET   547 PM CST
DECEMBER 16 2017......SUNRISE   731 AM CST   SUNSET   548 PM CST


-  INDICATES NEGATIVE NUMBERS.
R  INDICATES RECORD WAS SET OR TIED.
MM INDICATES DATA IS MISSING.
T  INDICATES TRACE AMOUNT.




$$
