000
CDUS43 KDMX 022229
CLIDSM

CLIMATE REPORT
NATIONAL WEATHER SERVICE DES MOINES IA
528 PM CDT TUE JUN 2 2015


...................................

...THE DES MOINES IA CLIMATE SUMMARY FOR JUNE 2 2015...
VALID TODAY AS OF 0500 PM LOCAL TIME.

CLIMATE NORMAL PERIOD 1981 TO 2010
CLIMATE RECORD PERIOD 1878 TO 2015


WEATHER ITEM   OBSERVED TIME   RECORD YEAR NORMAL DEPARTURE LAST
                VALUE   (LST)  VALUE       VALUE  FROM      YEAR
                                                  NORMAL
..................................................................
TEMPERATURE (F)
 TODAY
  MAXIMUM         73    359 PM 100    1934  78     -5       85
  MINIMUM         54    511 AM  43    1888  58     -4       64
  AVERAGE         64                        68     -4       75

PRECIPITATION (IN)
  TODAY            0.00          1.50 1941   0.17  -0.17     0.02
                                      1932
  MONTH TO DATE    0.00                      0.33  -0.33     0.05
  SINCE JUN 1      0.00                      0.33  -0.33     0.05
  SINCE JAN 1      9.35                     13.51  -4.16    11.20

SNOWFALL (IN)
  TODAY            0.0          MM      MM   0.0    0.0      0.0
  MONTH TO DATE    0.0                       0.0    0.0      0.0
  SINCE JUN 1      0.0                       0.0    0.0      0.0
  SINCE JUL 1     29.1                      35.3   -6.2     48.3
  SNOW DEPTH       0

DEGREE DAYS
 HEATING
  TODAY            1                         2     -1        0
  MONTH TO DATE    3                         4     -1        0
  SINCE JUN 1      3                         4     -1        0
  SINCE JUL 1   5915                      6189   -274     6787

 COOLING
  TODAY            0                         4     -4       10
  MONTH TO DATE    0                         8     -8       23
  SINCE JUN 1      0                         8     -8       23
  SINCE JAN 1     80                        84     -4      154
..................................................................


WIND (MPH)
  HIGHEST WIND SPEED    21   HIGHEST WIND DIRECTION     S (170)
  HIGHEST GUST SPEED    26   HIGHEST GUST DIRECTION     S (160)
  AVERAGE WIND SPEED    11.8


SKY COVER
  POSSIBLE SUNSHINE  MM
  AVERAGE SKY COVER 0.7


WEATHER CONDITIONS
 THE FOLLOWING WEATHER WAS RECORDED TODAY.
  NO SIGNIFICANT WEATHER WAS OBSERVED.


RELATIVE HUMIDITY (PERCENT)
 HIGHEST    86           200 AM
 LOWEST     53           400 PM
 AVERAGE    70

..........................................................


THE DES MOINES IA CLIMATE NORMALS FOR TOMORROW
                         NORMAL    RECORD    YEAR
 MAXIMUM TEMPERATURE (F)   78        95      1911
 MINIMUM TEMPERATURE (F)   58        38      1945


SUNRISE AND SUNSET
JUNE  2 2015..........SUNRISE   543 AM CDT   SUNSET   843 PM CDT
JUNE  3 2015..........SUNRISE   542 AM CDT   SUNSET   844 PM CDT


-  INDICATES NEGATIVE NUMBERS.
R  INDICATES RECORD WAS SET OR TIED.
MM INDICATES DATA IS MISSING.
T  INDICATES TRACE AMOUNT.

$$
