000
CDUS43 KDTX 260546
CLIDTW


CLIMATE REPORT
NATIONAL WEATHER SERVICE DETROIT/PONTIAC MI
1245 AM EST FRI DEC 26 2014


...................................

...THE DETROIT MI CLIMATE SUMMARY FOR DECEMBER 25 2014...

CLIMATE NORMAL PERIOD 1981 TO 2010
CLIMATE RECORD PERIOD 1874 TO 2014


WEATHER ITEM   OBSERVED TIME   RECORD YEAR NORMAL DEPARTURE LAST
                VALUE   (LST)  VALUE       VALUE  FROM      YEAR
                                                  NORMAL
..................................................................
TEMPERATURE (F)
 YESTERDAY
  MAXIMUM         40   1248 PM  64    1982  34      6       25
  MINIMUM         32   1137 PM -10    1983  22     10       11
  AVERAGE         36                        28      8       18

PRECIPITATION (IN)
  YESTERDAY        T             1.16 1945   0.08  -0.08     0.01
  MONTH TO DATE    1.35                      2.01  -0.66     2.29
  SINCE DEC 1      1.35                      2.01  -0.66     2.29
  SINCE JAN 1     37.51                     33.02   4.49    39.77

SNOWFALL (IN)
  YESTERDAY        0.0           7.9  1915   0.3   -0.3      0.2
  MONTH TO DATE    T                         7.3   -7.3     12.2
  SINCE DEC 1      T                         7.3   -7.3     12.2
  SINCE JUL 1      4.0                       8.9   -4.9     13.4
  SNOW DEPTH       0

DEGREE DAYS
 HEATING
  YESTERDAY       29                        37     -8       47
  MONTH TO DATE  759                       853    -94      958
  SINCE DEC 1    759                       853    -94      958
  SINCE JUL 1   2136                      2068     68     2260

 COOLING
  YESTERDAY        0                         0      0        0
  MONTH TO DATE    0                         0      0        0
  SINCE DEC 1      0                         0      0        0
  SINCE JAN 1    704                       803    -99      891
..................................................................


WIND (MPH)
  HIGHEST WIND SPEED    25   HIGHEST WIND DIRECTION    NW (300)
  HIGHEST GUST SPEED    33   HIGHEST GUST DIRECTION    NW (310)
  AVERAGE WIND SPEED    13.8


SKY COVER
  POSSIBLE SUNSHINE  MM
  AVERAGE SKY COVER 0.9


WEATHER CONDITIONS
 THE FOLLOWING WEATHER WAS RECORDED YESTERDAY.
  LIGHT RAIN
  FOG


RELATIVE HUMIDITY (PERCENT)
 HIGHEST    92           300 AM
 LOWEST     64           200 PM
 AVERAGE    78

..........................................................


THE DETROIT MI CLIMATE NORMALS FOR TODAY
                         NORMAL    RECORD    YEAR
 MAXIMUM TEMPERATURE (F)   33        55      1888
 MINIMUM TEMPERATURE (F)   21        -8      1983


SUNRISE AND SUNSET
DECEMBER 26 2014......SUNRISE   801 AM EST   SUNSET   507 PM EST
DECEMBER 27 2014......SUNRISE   801 AM EST   SUNSET   508 PM EST


-  INDICATES NEGATIVE NUMBERS.
R  INDICATES RECORD WAS SET OR TIED.
MM INDICATES DATA IS MISSING.
T  INDICATES TRACE AMOUNT.




$$
