000
CDUS43 KDTX 022038
CLIDTW


CLIMATE REPORT
NATIONAL WEATHER SERVICE DETROIT/PONTIAC MI
437 PM EDT TUE JUN 2 2015


...................................

...THE DETROIT MI CLIMATE SUMMARY FOR JUNE 2 2015...
VALID TODAY AS OF 0400 PM LOCAL TIME.

CLIMATE NORMAL PERIOD 1981 TO 2010
CLIMATE RECORD PERIOD 1874 TO 2015


WEATHER ITEM   OBSERVED TIME   RECORD YEAR NORMAL DEPARTURE LAST
                VALUE   (LST)  VALUE       VALUE  FROM      YEAR
                                                  NORMAL
..................................................................
TEMPERATURE (F)
 TODAY
  MAXIMUM         73   1242 PM  95    1895  75     -2       85
  MINIMUM         46    501 AM  38    1894  55     -9       66
  AVERAGE         60                        65     -5       76

PRECIPITATION (IN)
  TODAY            0.00          2.41 1892   0.11  -0.11     0.21
  MONTH TO DATE    0.00                      0.23  -0.23     0.21
  SINCE JUN 1      0.00                      0.23  -0.23     0.21
  SINCE JAN 1     11.74                     12.77  -1.03    14.88

SNOWFALL (IN)
  TODAY            0.0           0.0    MM   0.0    0.0      0.0
  MONTH TO DATE    0.0                       0.0    0.0      0.0
  SINCE JUN 1      0.0                       0.0    0.0      0.0
  SINCE JUL 1     47.5                      42.5    5.0     94.9
  SNOW DEPTH       0

DEGREE DAYS
 HEATING
  TODAY            5                         3      2        0
  MONTH TO DATE   14                         6      8        0
  SINCE JUN 1     14                         6      8        0
  SINCE JUL 1   6612                      6108    504     7011

 COOLING
  TODAY            0                         3     -3       11
  MONTH TO DATE    0                         6     -6       16
  SINCE JUN 1      0                         6     -6       16
  SINCE JAN 1    104                        54     50       80
..................................................................


WIND (MPH)
  HIGHEST WIND SPEED    15   HIGHEST WIND DIRECTION     E (70)
  HIGHEST GUST SPEED    18   HIGHEST GUST DIRECTION     E (100)
  AVERAGE WIND SPEED     5.2


SKY COVER
  POSSIBLE SUNSHINE  MM
  AVERAGE SKY COVER 0.5


WEATHER CONDITIONS
 THE FOLLOWING WEATHER WAS RECORDED TODAY.
  NO SIGNIFICANT WEATHER WAS OBSERVED.


RELATIVE HUMIDITY (PERCENT)
 HIGHEST    77           200 AM
 LOWEST     39          1200 PM
 AVERAGE    58

..........................................................


THE DETROIT MI CLIMATE NORMALS FOR TOMORROW
                         NORMAL    RECORD    YEAR
 MAXIMUM TEMPERATURE (F)   76        96      1895
 MINIMUM TEMPERATURE (F)   56        39      1926


SUNRISE AND SUNSET
JUNE  2 2015..........SUNRISE   559 AM EDT   SUNSET   904 PM EDT
JUNE  3 2015..........SUNRISE   559 AM EDT   SUNSET   905 PM EDT


-  INDICATES NEGATIVE NUMBERS.
R  INDICATES RECORD WAS SET OR TIED.
MM INDICATES DATA IS MISSING.
T  INDICATES TRACE AMOUNT.




$$
