000
CDUS43 KDTX 250536
CLIDTW


CLIMATE REPORT
NATIONAL WEATHER SERVICE DETROIT/PONTIAC MI
136 AM EDT MON JUL 25 2016


...................................

...THE DETROIT MI CLIMATE SUMMARY FOR JULY 24 2016...

CLIMATE NORMAL PERIOD 1981 TO 2010
CLIMATE RECORD PERIOD 1874 TO 2016


WEATHER ITEM   OBSERVED TIME   RECORD YEAR NORMAL DEPARTURE LAST
                VALUE   (LST)  VALUE       VALUE  FROM      YEAR
                                                  NORMAL
..................................................................
TEMPERATURE (F)
 YESTERDAY
  MAXIMUM         87    442 PM 105    1934  83      4       89
  MINIMUM         75   1259 PM  52    1974  64     11       66
                                      1953
  AVERAGE         81                        74      7       78

PRECIPITATION (IN)
  YESTERDAY        0.09          2.34 1912   0.12  -0.03     0.00
  MONTH TO DATE    1.52                      2.55  -1.03     1.18
  SINCE JUN 1      2.82                      6.07  -3.25     6.50
  SINCE JAN 1     15.55                     18.61  -3.06    18.24

SNOWFALL (IN)
  YESTERDAY        0.0           0.0    MM   0.0    0.0      0.0
  MONTH TO DATE    0.0                       0.0    0.0      0.0
  SINCE JUN 1      0.0                       0.0    0.0      0.0
  SINCE JUL 1      0.0                       0.0    0.0      0.0
  SNOW DEPTH       0

DEGREE DAYS
 HEATING
  YESTERDAY        0                         0      0        0
  MONTH TO DATE    0                         0      0        3
  SINCE JUN 1     14                        35    -21       25
  SINCE JUL 1      0                         0      0        3

 COOLING
  YESTERDAY       16                         9      7       13
  MONTH TO DATE  276                       213     63      162
  SINCE JUN 1    479                       380     99      302
  SINCE JAN 1    557                       428    129      406
..................................................................


WIND (MPH)
  HIGHEST WIND SPEED    17   HIGHEST WIND DIRECTION    SW (230)
  HIGHEST GUST SPEED    22   HIGHEST GUST DIRECTION    SW (210)
  AVERAGE WIND SPEED     7.1


SKY COVER
  POSSIBLE SUNSHINE  MM
  AVERAGE SKY COVER 0.7


WEATHER CONDITIONS
 THE FOLLOWING WEATHER WAS RECORDED YESTERDAY.
  LIGHT RAIN
  FOG


RELATIVE HUMIDITY (PERCENT)
 HIGHEST    87          1200 PM
 LOWEST     51          1200 AM
 AVERAGE    69

..........................................................


THE DETROIT MI CLIMATE NORMALS FOR TODAY
                         NORMAL    RECORD    YEAR
 MAXIMUM TEMPERATURE (F)   83        99      1940
 MINIMUM TEMPERATURE (F)   64        51      1953


SUNRISE AND SUNSET
JULY 25 2016..........SUNRISE   620 AM EDT   SUNSET   859 PM EDT
JULY 26 2016..........SUNRISE   621 AM EDT   SUNSET   858 PM EDT


-  INDICATES NEGATIVE NUMBERS.
R  INDICATES RECORD WAS SET OR TIED.
MM INDICATES DATA IS MISSING.
T  INDICATES TRACE AMOUNT.




$$
