000
CDUS45 KTWC 200735
CLIDUG

CLIMATE REPORT
NATIONAL WEATHER SERVICE TUCSON AZ
1234 AM MST SAT DEC 20 2014


...................................

...THE DOUGLAS AZ CLIMATE SUMMARY FOR DECEMBER 19 2014...

CLIMATE NORMAL PERIOD 1981 TO 2010
CLIMATE RECORD PERIOD 1948 TO 2014


WEATHER ITEM   OBSERVED TIME   RECORD YEAR NORMAL DEPARTURE LAST
                VALUE   (LST)  VALUE       VALUE  FROM      YEAR
                                                  NORMAL
..................................................................
TEMPERATURE (F)
 YESTERDAY
  MAXIMUM         57    300 PM  73    1955  62     -5       65
                                      1950
  MINIMUM         23    729 AM  13    1996  29     -6       39
  AVERAGE         40                        45     -5       52

PRECIPITATION (IN)
  YESTERDAY        0.00          0.42 1984   0.03  -0.03     0.00
  MONTH TO DATE    0.35                      0.61  -0.26     0.25
  SINCE OCT 1      1.72                      2.19  -0.47     0.77
  SINCE JAN 1     15.29                     12.74   2.55    17.88

DEGREE DAYS
 HEATING
  YESTERDAY       25                        20      5       13
  MONTH TO DATE  289                       352    -63      360
  SINCE DEC 1    289                       352    -63      360
  SINCE JUL 1    683                       787   -104      806

 COOLING
  YESTERDAY        0                         0      0        0
  MONTH TO DATE    0                         0      0        0
  SINCE DEC 1      0                         0      0        0
  SINCE JAN 1   1780                      1813    -33     1842
..................................................................


WIND (MPH)
  HIGHEST WIND SPEED    10   HIGHEST WIND DIRECTION     N (10)
  HIGHEST GUST SPEED    12   HIGHEST GUST DIRECTION    NE (30)
  AVERAGE WIND SPEED     3.9


SKY COVER
  POSSIBLE SUNSHINE  MM
  AVERAGE SKY COVER 0.1


WEATHER CONDITIONS
 THE FOLLOWING WEATHER WAS RECORDED YESTERDAY.
  FOG
  FOG W/VISIBILITY <= 1/4 MILE


RELATIVE HUMIDITY (PERCENT)
 HIGHEST   100
 LOWEST     43
 AVERAGE    72

..........................................................


THE DOUGLAS AZ CLIMATE NORMALS FOR TODAY
                         NORMAL    RECORD    YEAR
 MAXIMUM TEMPERATURE (F)   62        74      1955
 MINIMUM TEMPERATURE (F)   29        16      1966


SUNRISE AND SUNSET
DECEMBER 20 2014......SUNRISE   713 AM MST   SUNSET   519 PM MST
DECEMBER 21 2014......SUNRISE   714 AM MST   SUNSET   520 PM MST


-  INDICATES NEGATIVE NUMBERS.
R  INDICATES RECORD WAS SET OR TIED.
MM INDICATES DATA IS MISSING.
T  INDICATES TRACE AMOUNT.




$$
