655
CDUS45 KTWC 240731 RRA
CLIDUG

CLIMATE REPORT
NATIONAL WEATHER SERVICE TUCSON AZ
1230 AM MST MON APR 24 2017


...................................

...THE DOUGLAS AZ CLIMATE SUMMARY FOR APRIL 23 2017...

CLIMATE NORMAL PERIOD 1981 TO 2010
CLIMATE RECORD PERIOD 1948 TO 2017


WEATHER ITEM   OBSERVED TIME   RECORD YEAR NORMAL DEPARTURE LAST
                VALUE   (LST)  VALUE       VALUE  FROM      YEAR
                                                  NORMAL
..................................................................
TEMPERATURE (F)
 YESTERDAY
  MAXIMUM         94    323 PM  96    2012  82     12       87
  MINIMUM         51    605 AM  28    1968  45      6       54
  AVERAGE         73                        63     10       71

PRECIPITATION (IN)
  YESTERDAY        0.00          0.11 1981   0.01  -0.01     0.00
  MONTH TO DATE    T                         0.17  -0.17     0.04
  SINCE OCT 1      3.05                      4.61  -1.56     2.68
  SINCE JAN 1      1.70                      2.06  -0.36     1.47

DEGREE DAYS
 HEATING
  YESTERDAY        0                         3     -3        0
  MONTH TO DATE   89                       121    -32      127
  SINCE MAR 1    270                       446   -176      394
  SINCE JUL 1   2063                      2482   -419     2566

 COOLING
  YESTERDAY        8                         2      6        6
  MONTH TO DATE   19                        12      7       14
  SINCE MAR 1     26                        13     13       14
  SINCE JAN 1     26                        13     13       14
..................................................................


WIND (MPH)
  HIGHEST WIND SPEED    26   HIGHEST WIND DIRECTION     W (280)
  HIGHEST GUST SPEED    32   HIGHEST GUST DIRECTION     W (270)
  AVERAGE WIND SPEED     8.6


SKY COVER
  POSSIBLE SUNSHINE  MM
  AVERAGE SKY COVER 0.0


WEATHER CONDITIONS
 THE FOLLOWING WEATHER WAS RECORDED YESTERDAY.
  NO SIGNIFICANT WEATHER WAS OBSERVED.


RELATIVE HUMIDITY (PERCENT)
 HIGHEST    38
 LOWEST      4
 AVERAGE    21

..........................................................


THE DOUGLAS AZ CLIMATE NORMALS FOR TODAY
                         NORMAL    RECORD    YEAR
 MAXIMUM TEMPERATURE (F)   82        95      1996
 MINIMUM TEMPERATURE (F)   46        34      2007


SUNRISE AND SUNSET
APRIL 24 2017.........SUNRISE   540 AM MST   SUNSET   653 PM MST
APRIL 25 2017.........SUNRISE   539 AM MST   SUNSET   654 PM MST


-  INDICATES NEGATIVE NUMBERS.
R  INDICATES RECORD WAS SET OR TIED.
MM INDICATES DATA IS MISSING.
T  INDICATES TRACE AMOUNT.




$$
