000
CDUS45 KTWC 170736 RRA
CLIDUG

CLIMATE REPORT
NATIONAL WEATHER SERVICE TUCSON AZ
1234 AM MST SUN DEC 17 2017


...................................

...THE DOUGLAS AZ CLIMATE SUMMARY FOR DECEMBER 16 2017...

CLIMATE NORMAL PERIOD 1981 TO 2010
CLIMATE RECORD PERIOD 1948 TO 2017


WEATHER ITEM   OBSERVED TIME   RECORD YEAR NORMAL DEPARTURE LAST
                VALUE   (LST)  VALUE       VALUE  FROM      YEAR
                                                  NORMAL
..................................................................
TEMPERATURE (F)
 YESTERDAY
  MAXIMUM         61    237 PM  75    1980  62     -1       73
  MINIMUM         17    656 AM  15    2015  29    -12       53
  AVERAGE         39                        46     -7       63

PRECIPITATION (IN)
  YESTERDAY        0.00          1.04 1986   0.04  -0.04     0.00
  MONTH TO DATE    0.03                      0.52  -0.49     0.16
  SINCE OCT 1      0.26                      2.10  -1.84     0.42
  SINCE JAN 1      8.94                     12.65  -3.71    12.56

DEGREE DAYS
 HEATING
  YESTERDAY       26                        19      7        2
  MONTH TO DATE  257                       293    -36      244
  SINCE DEC 1    257                       293    -36      244
  SINCE JUL 1    455                       728   -273      580

 COOLING
  YESTERDAY        0                         0      0        0
  MONTH TO DATE    0                         0      0        0
  SINCE DEC 1      0                         0      0        0
  SINCE JAN 1   1892                      1813     79     1786
..................................................................


WIND (MPH)
  HIGHEST WIND SPEED    26   HIGHEST WIND DIRECTION    SW (230)
  HIGHEST GUST SPEED    33   HIGHEST GUST DIRECTION    SW (220)
  AVERAGE WIND SPEED     8.2


SKY COVER
  POSSIBLE SUNSHINE  MM
  AVERAGE SKY COVER  MM


WEATHER CONDITIONS
 THE FOLLOWING WEATHER WAS RECORDED YESTERDAY.
  NO SIGNIFICANT WEATHER WAS OBSERVED.


RELATIVE HUMIDITY (PERCENT)
 HIGHEST    MM
 LOWEST     MM
 AVERAGE    MM

..........................................................


THE DOUGLAS AZ CLIMATE NORMALS FOR TODAY
                         NORMAL    RECORD    YEAR
 MAXIMUM TEMPERATURE (F)   62        74      2013
                                             1980
 MINIMUM TEMPERATURE (F)   29        15      2015


SUNRISE AND SUNSET
DECEMBER 17 2017......SUNRISE   712 AM MST   SUNSET   518 PM MST
DECEMBER 18 2017......SUNRISE   712 AM MST   SUNSET   518 PM MST


-  INDICATES NEGATIVE NUMBERS.
R  INDICATES RECORD WAS SET OR TIED.
MM INDICATES DATA IS MISSING.
T  INDICATES TRACE AMOUNT.




$$
