165
CDUS45 KTWC 280732 RRA
CLIDUG

CLIMATE REPORT
NATIONAL WEATHER SERVICE TUCSON AZ
1232 AM MST TUE FEB 28 2017


...................................

...THE DOUGLAS AZ CLIMATE SUMMARY FOR FEBRUARY 27 2017...

CLIMATE NORMAL PERIOD 1981 TO 2010
CLIMATE RECORD PERIOD 1948 TO 2017


WEATHER ITEM   OBSERVED TIME   RECORD YEAR NORMAL DEPARTURE LAST
                VALUE   (LST)  VALUE       VALUE  FROM      YEAR
                                                  NORMAL
..................................................................
TEMPERATURE (F)
 YESTERDAY
  MAXIMUM         68    222 PM  82    2016  69     -1       82
  MINIMUM         33    659 AM  17    1964  35     -2       33
  AVERAGE         51                        52     -1       58

PRECIPITATION (IN)
  YESTERDAY        0.00          0.30 1981   0.02  -0.02     0.00
  MONTH TO DATE    0.38                      0.63  -0.25     0.08
  SINCE OCT 1      2.97                      3.92  -0.95     2.45
  SINCE JAN 1      1.62                      1.37   0.25     1.24

DEGREE DAYS
 HEATING
  YESTERDAY       14                        13      1        7
  MONTH TO DATE  347                       418    -71      379
  SINCE DEC 1   1444                      1588   -144     1704
  SINCE JUL 1   1780                      2023   -243     2157

 COOLING
  YESTERDAY        0                         0      0        0
  MONTH TO DATE    0                         0      0        0
  SINCE DEC 1      0                         0      0        0
  SINCE JAN 1      0                         0      0        0
..................................................................


WIND (MPH)
  HIGHEST WIND SPEED    31   HIGHEST WIND DIRECTION    SW (210)
  HIGHEST GUST SPEED    39   HIGHEST GUST DIRECTION    SW (220)
  AVERAGE WIND SPEED     9.9


SKY COVER
  POSSIBLE SUNSHINE  MM
  AVERAGE SKY COVER 0.2


WEATHER CONDITIONS
 THE FOLLOWING WEATHER WAS RECORDED YESTERDAY.
  NO SIGNIFICANT WEATHER WAS OBSERVED.


RELATIVE HUMIDITY (PERCENT)
 HIGHEST    69
 LOWEST     18
 AVERAGE    44

..........................................................


THE DOUGLAS AZ CLIMATE NORMALS FOR TODAY
                         NORMAL    RECORD    YEAR
 MAXIMUM TEMPERATURE (F)   69        81      2008
 MINIMUM TEMPERATURE (F)   35        15      2011


SUNRISE AND SUNSET
FEBRUARY 28 2017......SUNRISE   646 AM MST   SUNSET   616 PM MST
MARCH  1 2017.........SUNRISE   645 AM MST   SUNSET   617 PM MST


-  INDICATES NEGATIVE NUMBERS.
R  INDICATES RECORD WAS SET OR TIED.
MM INDICATES DATA IS MISSING.
T  INDICATES TRACE AMOUNT.

$$
