000
CDUS45 KTWC 031506
CLIDUG

CLIMATE REPORT
NATIONAL WEATHER SERVICE TUCSON AZ
804 AM MST SAT DEC 3 2016


...................................

...THE DOUGLAS AZ CLIMATE SUMMARY FOR DECEMBER 3 2016...
VALID AS OF 0800 AM LOCAL TIME.

CLIMATE NORMAL PERIOD 1981 TO 2010
CLIMATE RECORD PERIOD 1948 TO 2016


WEATHER ITEM   OBSERVED TIME   RECORD YEAR NORMAL DEPARTURE LAST
                VALUE   (LST)  VALUE       VALUE  FROM      YEAR
                                                  NORMAL
..................................................................
TEMPERATURE (F)
 TODAY
  MINIMUM         36    659 AM  16    2015  31      5       16

PRECIPITATION (IN)
  TODAY            0.02          0.54 1992   0.03  -0.01     0.00
  MONTH TO DATE    0.16                      0.08   0.08     0.00
  SINCE OCT 1      0.42                      1.66  -1.24     0.86
  SINCE JAN 1     12.56                     12.21   0.35    12.22

DEGREE DAYS
 HEATING
  TODAY           27                        17     10       22

 COOLING
  TODAY            0                         0      0        0
..................................................................


WIND (MPH)
  HIGHEST WIND SPEED    12   HIGHEST WIND DIRECTION     N (360)
  HIGHEST GUST SPEED    13   HIGHEST GUST DIRECTION     N (10)
  AVERAGE WIND SPEED     3.8


SKY COVER
  POSSIBLE SUNSHINE  MM
  AVERAGE SKY COVER 0.9


WEATHER CONDITIONS
 THE FOLLOWING WEATHER WAS RECORDED TODAY.
  LIGHT RAIN
  FOG


RELATIVE HUMIDITY (PERCENT)
 HIGHEST   100           300 AM

..........................................................


THE DOUGLAS AZ CLIMATE NORMALS FOR TOMORROW
                         NORMAL    RECORD    YEAR
 MAXIMUM TEMPERATURE (F)   64        80      1958
 MINIMUM TEMPERATURE (F)   31        15      1957


SUNRISE AND SUNSET
DECEMBER  3 2016......SUNRISE   702 AM MST   SUNSET   515 PM MST
DECEMBER  4 2016......SUNRISE   703 AM MST   SUNSET   515 PM MST


-  INDICATES NEGATIVE NUMBERS.
R  INDICATES RECORD WAS SET OR TIED.
MM INDICATES DATA IS MISSING.
T  INDICATES TRACE AMOUNT.

$$
