000
CDUS43 KDVN 081016
CLIDVN


CLIMATE REPORT
NATIONAL WEATHER SERVICE QUAD CITIES IA IL
416 AM CST MON FEB 8 2016


...................................

...THE DAVENPORT IA CLIMATE SUMMARY FOR FEBRUARY 7 2016...

CLIMATE NORMAL PERIOD 1981 TO 2010
CLIMATE RECORD PERIOD 9999 TO 9999


WEATHER ITEM   OBSERVED TIME   RECORD YEAR NORMAL DEPARTURE LAST
                VALUE   (LST)  VALUE       VALUE  FROM      YEAR
                                                  NORMAL
..................................................................
TEMPERATURE (F)
 YESTERDAY
  MAXIMUM         45    150 PM  MM      MM  32     13       42
  MINIMUM         32    934 PM  MM      MM  15     17       19
  AVERAGE         39                        24     15       31

PRECIPITATION (IN)
  YESTERDAY        T            MM      MM   0.05  -0.05     0.00
  MONTH TO DATE    0.31                      0.29   0.02     1.39
  SINCE DEC 1      5.15                      3.21   1.94     3.17
  SINCE JAN 1      0.71                      1.48  -0.77     2.38

SNOWFALL (IN)
  YESTERDAY        T            MM      MM  MM     MM        0.0
  MONTH TO DATE    0.3                      MM     MM       12.5
  SINCE DEC 1      6.2                      MM     MM       24.4
  SINCE JUL 1     13.1                      MM     MM       28.4
  SNOW DEPTH       0

DEGREE DAYS
 HEATING
  YESTERDAY       26                        41    -15       34
  MONTH TO DATE  239                       294    -55      357
  SINCE DEC 1   2396                      2882   -486     2772
  SINCE JUL 1   3459                      4230   -771     4377

 COOLING
  YESTERDAY        0                         0      0        0
  MONTH TO DATE    0                         0      0        0
  SINCE DEC 1      0                         0      0        0
  SINCE JAN 1      0                         0      0        0
..................................................................


WIND (MPH)
  HIGHEST WIND SPEED    26   HIGHEST WIND DIRECTION     W (290)
  HIGHEST GUST SPEED    33   HIGHEST GUST DIRECTION    NW (300)
  AVERAGE WIND SPEED    15.8


SKY COVER
  POSSIBLE SUNSHINE  MM
  AVERAGE SKY COVER 0.2


WEATHER CONDITIONS
 THE FOLLOWING WEATHER WAS RECORDED YESTERDAY.
  LIGHT RAIN
  LIGHT SNOW
  FOG


RELATIVE HUMIDITY (PERCENT)
 HIGHEST    82          1000 PM
 LOWEST     57           400 PM
 AVERAGE    70

..........................................................


THE DAVENPORT IA CLIMATE NORMALS FOR TODAY
                         NORMAL    RECORD    YEAR
 MAXIMUM TEMPERATURE (F)   32        MM        MM
 MINIMUM TEMPERATURE (F)   16        MM        MM


SUNRISE AND SUNSET
FEBRUARY  8 2016......SUNRISE   707 AM CST   SUNSET   526 PM CST
FEBRUARY  9 2016......SUNRISE   706 AM CST   SUNSET   528 PM CST


-  INDICATES NEGATIVE NUMBERS.
R  INDICATES RECORD WAS SET OR TIED.
MM INDICATES DATA IS MISSING.
T  INDICATES TRACE AMOUNT.




$$
