000
CDUS43 KDVN 161025
CLIDVN


CLIMATE REPORT
NATIONAL WEATHER SERVICE QUAD CITIES IA IL
423 AM CST MON JAN 16 2017


...................................

...THE DAVENPORT IA CLIMATE SUMMARY FOR JANUARY 15 2017...

CLIMATE NORMAL PERIOD 1981 TO 2010
CLIMATE RECORD PERIOD 9999 TO 9999


WEATHER ITEM   OBSERVED TIME   RECORD YEAR NORMAL DEPARTURE LAST
                VALUE   (LST)  VALUE       VALUE  FROM      YEAR
                                                  NORMAL
..................................................................
TEMPERATURE (F)
 YESTERDAY
  MAXIMUM         33    316 PM  MM      MM  30      3       42
  MINIMUM         15    120 AM  MM      MM  12      3       22
  AVERAGE         24                        21      3       32

PRECIPITATION (IN)
  YESTERDAY        T            MM      MM   0.03  -0.03      T
  MONTH TO DATE    0.16                      0.33  -0.17     0.21
  SINCE DEC 1      1.54                      2.06  -0.52     4.65
  SINCE JAN 1      0.16                      0.33  -0.17     0.21

SNOWFALL (IN)
  YESTERDAY        0.0          MM      MM  MM     MM        0.1
  MONTH TO DATE    T                        MM     MM        0.6
  SINCE DEC 1     16.5                      MM     MM        4.9
  SINCE JUL 1     16.5                      MM     MM       11.8
  SNOW DEPTH       0

DEGREE DAYS
 HEATING
  YESTERDAY       41                        44     -3       33
  MONTH TO DATE  667                       659      8      618
  SINCE DEC 1   1909                      1891     18     1471
  SINCE JUL 1   2764                      3239   -475     2534

 COOLING
  YESTERDAY        0                         0      0        0
  MONTH TO DATE    0                         0      0        0
  SINCE DEC 1      0                         0      0        0
  SINCE JAN 1      0                         0      0        0
..................................................................


WIND (MPH)
  HIGHEST WIND SPEED     9   HIGHEST WIND DIRECTION    SE (120)
  HIGHEST GUST SPEED    10   HIGHEST GUST DIRECTION     E (110)
  AVERAGE WIND SPEED     4.7


SKY COVER
  POSSIBLE SUNSHINE  MM
  AVERAGE SKY COVER 0.4


WEATHER CONDITIONS
 THE FOLLOWING WEATHER WAS RECORDED YESTERDAY.
  LT FREEZING RAIN
  HAZE


RELATIVE HUMIDITY (PERCENT)
 HIGHEST    84           100 AM
 LOWEST     38           300 PM
 AVERAGE    61

..........................................................


THE DAVENPORT IA CLIMATE NORMALS FOR TODAY
                         NORMAL    RECORD    YEAR
 MAXIMUM TEMPERATURE (F)   30        MM        MM
 MINIMUM TEMPERATURE (F)   12        MM        MM


SUNRISE AND SUNSET
JANUARY 16 2017.......SUNRISE   726 AM CST   SUNSET   459 PM CST
JANUARY 17 2017.......SUNRISE   726 AM CST   SUNSET   500 PM CST


-  INDICATES NEGATIVE NUMBERS.
R  INDICATES RECORD WAS SET OR TIED.
MM INDICATES DATA IS MISSING.
T  INDICATES TRACE AMOUNT.




$$
