000
CDUS46 KOTX 070841
CLIEAT


CLIMATE REPORT
NATIONAL WEATHER SERVICE SPOKANE, WA
1241 AM PST WED DEC 7 2016


...................................

...THE WENATCHEE WA PANGBORN FIELD CLIMATE SUMMARY FOR DECEMBER 6 2016...

CLIMATE NORMAL PERIOD 1981 TO 2010
CLIMATE RECORD PERIOD 1959 TO 2016


WEATHER ITEM   OBSERVED TIME   RECORD YEAR NORMAL DEPARTURE LAST
                VALUE   (LST)  VALUE       VALUE  FROM      YEAR
                                                  NORMAL
..................................................................
TEMPERATURE (F)
 YESTERDAY
  MAXIMUM         32    123 PM  54    1979  34     -2       40
  MINIMUM         25   1153 PM   5    1980  25      0       34
  AVERAGE         29                        30     -1       37

PRECIPITATION (IN)
  YESTERDAY        T             0.27 1985   0.04  -0.04     0.02
  MONTH TO DATE    0.09                      0.28  -0.19     0.72
  SINCE OCT 1      2.50                      1.83   0.67     1.76
  SINCE JAN 1      9.85                      6.89   2.96     6.15

SNOWFALL (IN)
  YESTERDAY       MM

DEGREE DAYS
 HEATING
  YESTERDAY       36                        35      1       28
  MONTH TO DATE  186                       207    -21      197
  SINCE DEC 1    186                       207    -21      197
  SINCE JUL 1   1263                      1579   -316     1262

 COOLING
  YESTERDAY        0                         0      0        0
  MONTH TO DATE    0                         0      0        0
  SINCE DEC 1      0                         0      0        0
  SINCE JAN 1    801                       790     11     1397
..................................................................


WIND (MPH)
  HIGHEST WIND SPEED    13   HIGHEST WIND DIRECTION     W (280)
  HIGHEST GUST SPEED    18   HIGHEST GUST DIRECTION    SW (210)
  AVERAGE WIND SPEED     6.0


SKY COVER
  POSSIBLE SUNSHINE  MM
  AVERAGE SKY COVER 0.6


WEATHER CONDITIONS
 THE FOLLOWING WEATHER WAS RECORDED YESTERDAY.
  LIGHT SNOW
  FOG


RELATIVE HUMIDITY (PERCENT)
 HIGHEST    92           300 AM
 LOWEST     50           600 PM
 AVERAGE    71

..........................................................


THE WENATCHEE WA PANGBORN FIELD CLIMATE NORMALS FOR TODAY
                         NORMAL    RECORD    YEAR
 MAXIMUM TEMPERATURE (F)   34        51      1991
 MINIMUM TEMPERATURE (F)   25         3      1972


SUNRISE AND SUNSET
DECEMBER  7 2016......SUNRISE   735 AM PST   SUNSET   410 PM PST
DECEMBER  8 2016......SUNRISE   736 AM PST   SUNSET   410 PM PST


-  INDICATES NEGATIVE NUMBERS.
R  INDICATES RECORD WAS SET OR TIED.
MM INDICATES DATA IS MISSING.
T  INDICATES TRACE AMOUNT.




$$
