000
CDUS46 KOTX 270838
CLIEAT


CLIMATE REPORT
NATIONAL WEATHER SERVICE SPOKANE, WA
133 AM PDT THU APR 27 2017


...................................

...THE WENATCHEE WA PANGBORN FIELD CLIMATE SUMMARY FOR APRIL 26 2017...

CLIMATE NORMAL PERIOD 1981 TO 2010
CLIMATE RECORD PERIOD 1959 TO 2017


WEATHER ITEM   OBSERVED TIME   RECORD YEAR NORMAL DEPARTURE LAST
                VALUE   (LST)  VALUE       VALUE  FROM      YEAR
                                                  NORMAL
..................................................................
TEMPERATURE (F)
 YESTERDAY
  MAXIMUM         62    310 PM  82    2005  65     -3       69
                                      1992
  MINIMUM         42    325 AM  32    1970  43     -1       45
  AVERAGE         52                        54     -2       57

PRECIPITATION (IN)
  YESTERDAY        T             0.38 1989   0.01  -0.01     0.00
  MONTH TO DATE    2.15                      0.40   1.75     0.50
  SINCE OCT 1      9.01                      5.86   3.15     9.30
  SINCE JAN 1      6.19                      2.91   3.28     5.44
DEGREE DAYS
 HEATING
  YESTERDAY       13                        11      2        8
  MONTH TO DATE  420                       360     60      159
  SINCE MAR 1   1158                      1008    150      745
  SINCE JUL 1   5949                      5472    477     4618

 COOLING
  YESTERDAY        0                         0      0        0
  MONTH TO DATE    0                         0      0       12
  SINCE MAR 1      0                         2     -2       12
  SINCE JAN 1      0                         2     -2       12
..................................................................


WIND (MPH)
  HIGHEST WIND SPEED    28   HIGHEST WIND DIRECTION     W (270)
  HIGHEST GUST SPEED    35   HIGHEST GUST DIRECTION     W (270)
  AVERAGE WIND SPEED    13.0


SKY COVER
  POSSIBLE SUNSHINE  MM
  AVERAGE SKY COVER 0.1


WEATHER CONDITIONS
 THE FOLLOWING WEATHER WAS RECORDED YESTERDAY.
  LIGHT RAIN


RELATIVE HUMIDITY (PERCENT)
 HIGHEST    76           300 AM
 LOWEST     27           300 PM
 AVERAGE    52

..........................................................


THE WENATCHEE WA PANGBORN FIELD CLIMATE NORMALS FOR TODAY
                         NORMAL    RECORD    YEAR
 MAXIMUM TEMPERATURE (F)   65        86      1987
 MINIMUM TEMPERATURE (F)   43        32      1970


SUNRISE AND SUNSET
APRIL 27 2017.........SUNRISE   550 AM PDT   SUNSET   807 PM PDT
APRIL 28 2017.........SUNRISE   549 AM PDT   SUNSET   809 PM PDT


-  INDICATES NEGATIVE NUMBERS.
R  INDICATES RECORD WAS SET OR TIED.
MM INDICATES DATA IS MISSING.
T  INDICATES TRACE AMOUNT.




$$
