000
CDUS46 KOTX 250824
CLIEAT


CLIMATE REPORT
NATIONAL WEATHER SERVICE SPOKANE, WA
124 AM PDT SUN JUN 25 2017


...................................

...THE WENATCHEE WA PANGBORN FIELD CLIMATE SUMMARY FOR JUNE 24 2017...

CLIMATE NORMAL PERIOD 1981 TO 2010
CLIMATE RECORD PERIOD 1959 TO 2017


WEATHER ITEM   OBSERVED TIME   RECORD YEAR NORMAL DEPARTURE LAST
                VALUE   (LST)  VALUE       VALUE  FROM      YEAR
                                                  NORMAL
..................................................................
TEMPERATURE (F)
 YESTERDAY
  MAXIMUM         93    350 PM 104    1992  80     13       73
  MINIMUM         56    417 AM  42    1983  57     -1       55
  AVERAGE         75                        68      7       64

PRECIPITATION (IN)
  YESTERDAY        0.00          0.37 2013   0.01  -0.01     0.00
  MONTH TO DATE    0.20                      0.52  -0.32     0.66
  SINCE OCT 1      9.82                      7.12   2.70    10.90
  SINCE JAN 1      7.00                      4.17   2.83     7.04

SNOWFALL (IN)
  YESTERDAY       MM

DEGREE DAYS
 HEATING
  YESTERDAY        0                         1     -1        1
  MONTH TO DATE   40                        52    -12       56
  SINCE JUN 1     40                        52    -12       56
  SINCE JUL 1   6241                      5766    475     4767

 COOLING
  YESTERDAY       10                         5      5        0
  MONTH TO DATE   60                        77    -17      110
  SINCE JUN 1     60                        77    -17      110
  SINCE JAN 1    116                       224   -108      152
..................................................................


WIND (MPH)
  HIGHEST WIND SPEED    14   HIGHEST WIND DIRECTION     W (280)
  HIGHEST GUST SPEED    17   HIGHEST GUST DIRECTION     W (290)
  AVERAGE WIND SPEED     5.7


SKY COVER
  POSSIBLE SUNSHINE  MM
  AVERAGE SKY COVER 0.0


WEATHER CONDITIONS
 THE FOLLOWING WEATHER WAS RECORDED YESTERDAY.
  NO SIGNIFICANT WEATHER WAS OBSERVED.


RELATIVE HUMIDITY (PERCENT)
 HIGHEST    55           300 AM
 LOWEST     12           400 PM
 AVERAGE    34

..........................................................


THE WENATCHEE WA PANGBORN FIELD CLIMATE NORMALS FOR TODAY
                         NORMAL    RECORD    YEAR
 MAXIMUM TEMPERATURE (F)   81       101      1992
 MINIMUM TEMPERATURE (F)   57        43      1976


SUNRISE AND SUNSET
JUNE 25 2017..........SUNRISE   505 AM PDT   SUNSET   902 PM PDT
JUNE 26 2017..........SUNRISE   506 AM PDT   SUNSET   902 PM PDT


-  INDICATES NEGATIVE NUMBERS.
R  INDICATES RECORD WAS SET OR TIED.
MM INDICATES DATA IS MISSING.
T  INDICATES TRACE AMOUNT.




$$
