000
CDUS46 KOTX 232331
CLIEAT


CLIMATE REPORT
NATIONAL WEATHER SERVICE SPOKANE, WA
431 PM PDT TUE AUG 23 2016


...................................

...THE WENATCHEE WA PANGBORN FIELD CLIMATE SUMMARY FOR AUGUST 23 2016...
VALID AS OF 0400 PM LOCAL TIME.

CLIMATE NORMAL PERIOD 1981 TO 2010
CLIMATE RECORD PERIOD 1959 TO 2016


WEATHER ITEM   OBSERVED TIME   RECORD YEAR NORMAL DEPARTURE LAST
                VALUE   (LST)  VALUE       VALUE  FROM      YEAR
                                                  NORMAL
..................................................................
TEMPERATURE (F)
 TODAY
  MAXIMUM         84    259 PM 101    1970  84      0       85
  MINIMUM         53    513 AM  42    1992  59     -6       54
  AVERAGE         69                        72     -3       70

PRECIPITATION (IN)
  TODAY            0.00          0.90 1965   0.00   0.00     0.00
  MONTH TO DATE    T                         0.14  -0.14      T
  SINCE OCT 1     11.16                      7.61   3.55     7.15
  SINCE JAN 1      7.30                      4.66   2.64     3.97

SNOWFALL (IN)
  TODAY           MM

DEGREE DAYS
 HEATING
  TODAY            0                         0      0        0
  MONTH TO DATE    2                         0      2        0
  SINCE JUN 1     60                        65     -5        0
  SINCE JUL 1      4                         7     -3        0

 COOLING
  TODAY            4                         7     -3        5
  MONTH TO DATE  238                       219     19      306
  SINCE JUN 1    662                       780   -118     1169
  SINCE JAN 1    704                       927   -223     1268
..................................................................


WIND (MPH)
  HIGHEST WIND SPEED    16   HIGHEST WIND DIRECTION    NW (310)
  HIGHEST GUST SPEED    19   HIGHEST GUST DIRECTION    NW (330)
  AVERAGE WIND SPEED     8.1


SKY COVER
  POSSIBLE SUNSHINE  MM
  AVERAGE SKY COVER 0.0


WEATHER CONDITIONS
 THE FOLLOWING WEATHER WAS RECORDED TODAY.
  NO SIGNIFICANT WEATHER WAS OBSERVED.


RELATIVE HUMIDITY (PERCENT)
 HIGHEST    61           500 AM
 LOWEST     18           100 PM
 AVERAGE    40

..........................................................


THE WENATCHEE WA PANGBORN FIELD CLIMATE NORMALS FOR TOMORROW
                         NORMAL    RECORD    YEAR
 MAXIMUM TEMPERATURE (F)   84        98      1970
 MINIMUM TEMPERATURE (F)   59        44      1992


SUNRISE AND SUNSET
AUGUST 23 2016........SUNRISE   609 AM PDT   SUNSET   757 PM PDT
AUGUST 24 2016........SUNRISE   610 AM PDT   SUNSET   755 PM PDT


-  INDICATES NEGATIVE NUMBERS.
R  INDICATES RECORD WAS SET OR TIED.
MM INDICATES DATA IS MISSING.
T  INDICATES TRACE AMOUNT.




$$
