000
CDUS46 KOTX 122346
CLIEAT


CLIMATE REPORT
NATIONAL WEATHER SERVICE SPOKANE, WA
446 PM PDT SAT JUL 12 2014


...................................

...THE WENATCHEE WA PANGBORN FIELD CLIMATE SUMMARY FOR JULY 12 2014...
VALID AS OF 0400 PM LOCAL TIME.

CLIMATE NORMAL PERIOD 1981 TO 2010
CLIMATE RECORD PERIOD 1959 TO 2014


WEATHER ITEM   OBSERVED TIME   RECORD YEAR NORMAL DEPARTURE LAST
                VALUE   (LST)  VALUE       VALUE  FROM      YEAR
                                                  NORMAL
..................................................................
TEMPERATURE (F)
 TODAY
  MAXIMUM        101    259 PM 104    2002  87     14       75
  MINIMUM         69    404 AM  48    1997  61      8       59
  AVERAGE         85                        74     11       67

PRECIPITATION (IN)
  TODAY            0.00          0.06 1990   0.01  -0.01     0.00
  MONTH TO DATE    0.00                      0.13  -0.13      T
  SINCE OCT 1      3.31                      7.33  -4.02     7.71
  SINCE JAN 1      2.75                      4.38  -1.63     3.91

DEGREE DAYS
 HEATING
  TODAY            0                         0      0        0
  MONTH TO DATE    0                         2     -2        0
  SINCE JUN 1     15                        60    -45       35
  SINCE JUL 1      0                         2     -2        0

 COOLING
  TODAY           20                         9     11        2
  MONTH TO DATE  200                        90    110      151
  SINCE JUN 1    356                       382    -26      257
  SINCE JAN 1    414                       529   -115      317
..................................................................


WIND (MPH)
  HIGHEST WIND SPEED    13   HIGHEST WIND DIRECTION     W (280)
  HIGHEST GUST SPEED    16   HIGHEST GUST DIRECTION    NW (310)
  AVERAGE WIND SPEED     6.1


SKY COVER
  POSSIBLE SUNSHINE  MM
  AVERAGE SKY COVER 0.0


WEATHER CONDITIONS
 THE FOLLOWING WEATHER WAS RECORDED TODAY.
  HAZE


RELATIVE HUMIDITY (PERCENT)
 HIGHEST    47           400 AM
 LOWEST      9           300 PM
 AVERAGE    28

..........................................................


THE WENATCHEE WA PANGBORN FIELD CLIMATE NORMALS FOR TOMORROW
                         NORMAL    RECORD    YEAR
 MAXIMUM TEMPERATURE (F)   87       105      1961
 MINIMUM TEMPERATURE (F)   61        50      1981


SUNRISE AND SUNSET
JULY 12 2014..........SUNRISE   517 AM PDT   SUNSET   856 PM PDT
JULY 13 2014..........SUNRISE   518 AM PDT   SUNSET   855 PM PDT


-  INDICATES NEGATIVE NUMBERS.
R  INDICATES RECORD WAS SET OR TIED.
MM INDICATES DATA IS MISSING.
T  INDICATES TRACE AMOUNT.




$$
