000
CDUS46 KOTX 292337
CLIEAT


CLIMATE REPORT
NATIONAL WEATHER SERVICE SPOKANE, WA
437 PM PDT THU SEP 29 2016


...................................

...THE WENATCHEE WA PANGBORN FIELD CLIMATE SUMMARY FOR SEPTEMBER 29 2016...
VALID AS OF 0400 PM LOCAL TIME.

CLIMATE NORMAL PERIOD 1981 TO 2010
CLIMATE RECORD PERIOD 1959 TO 2016


WEATHER ITEM   OBSERVED TIME   RECORD YEAR NORMAL DEPARTURE LAST
                VALUE   (LST)  VALUE       VALUE  FROM      YEAR
                                                  NORMAL
..................................................................
TEMPERATURE (F)
 TODAY
  MAXIMUM         79    252 PM  87    1993  71      8       77
  MINIMUM         51    358 AM  31    1985  48      3       46
  AVERAGE         65                        59      6       62

PRECIPITATION (IN)
  TODAY            0.00          0.08 1971   0.01  -0.01     0.00
  MONTH TO DATE    0.05                      0.33  -0.28     0.40
  SINCE OCT 1     11.21                      8.00   3.21     7.57
  SINCE JAN 1      7.35                      5.05   2.30     4.39

SNOWFALL (IN)
  TODAY           MM

DEGREE DAYS
 HEATING
  TODAY            0                         7     -7        3
  MONTH TO DATE   68                        92    -24       74
  SINCE SEP 1     68                        92    -24       74
  SINCE JUL 1     72                       106    -34       74

 COOLING
  TODAY            0                         1     -1        0
  MONTH TO DATE   28                        81    -53       50
  SINCE SEP 1     28                        81    -53       50
  SINCE JAN 1    801                       869    -68     1388
..................................................................


WIND (MPH)
  HIGHEST WIND SPEED    12   HIGHEST WIND DIRECTION    NW (300)
  HIGHEST GUST SPEED    14   HIGHEST GUST DIRECTION    NW (320)
  AVERAGE WIND SPEED     4.5


SKY COVER
  POSSIBLE SUNSHINE  MM
  AVERAGE SKY COVER 0.0


WEATHER CONDITIONS
 THE FOLLOWING WEATHER WAS RECORDED TODAY.
  HAZE


RELATIVE HUMIDITY (PERCENT)
 HIGHEST    71           400 AM
 LOWEST     28           200 PM
 AVERAGE    50

..........................................................


THE WENATCHEE WA PANGBORN FIELD CLIMATE NORMALS FOR TOMORROW
                         NORMAL    RECORD    YEAR
 MAXIMUM TEMPERATURE (F)   70        85      1970
 MINIMUM TEMPERATURE (F)   47        34      1985


SUNRISE AND SUNSET
SEPTEMBER 29 2016.....SUNRISE   658 AM PDT   SUNSET   643 PM PDT
SEPTEMBER 30 2016.....SUNRISE   659 AM PDT   SUNSET   641 PM PDT


-  INDICATES NEGATIVE NUMBERS.
R  INDICATES RECORD WAS SET OR TIED.
MM INDICATES DATA IS MISSING.
T  INDICATES TRACE AMOUNT.




$$
