000
CDUS46 KOTX 230829
CLIEAT


CLIMATE REPORT
NATIONAL WEATHER SERVICE SPOKANE, WA
129 AM PDT THU MAR 23 2017


...................................

...THE WENATCHEE WA PANGBORN FIELD CLIMATE SUMMARY FOR MARCH 22 2017...

CLIMATE NORMAL PERIOD 1981 TO 2010
CLIMATE RECORD PERIOD 1959 TO 2017


WEATHER ITEM   OBSERVED TIME   RECORD YEAR NORMAL DEPARTURE LAST
                VALUE   (LST)  VALUE       VALUE  FROM      YEAR
                                                  NORMAL
..................................................................
TEMPERATURE (F)
 YESTERDAY
  MAXIMUM         48    715 PM  71    1978  56     -8       61
  MINIMUM         35   1251 AM  25    1994  37     -2       44
  AVERAGE         42                        46     -4       53

PRECIPITATION (IN)
  YESTERDAY        0.03          0.26 1983   0.02   0.01     0.00
  MONTH TO DATE    0.89                      0.48   0.41     2.29
  SINCE OCT 1      6.52                      5.30   1.22     8.80
  SINCE JAN 1      3.70                      2.35   1.35     4.94

SNOWFALL (IN)
  YESTERDAY       MM

DEGREE DAYS
 HEATING
  YESTERDAY       23                        19      4       12
  MONTH TO DATE  561                       491     70      457
  SINCE MAR 1    561                       491     70      457
  SINCE JUL 1   5352                      4955    397     4330

 COOLING
  YESTERDAY        0                         0      0        0
  MONTH TO DATE    0                         0      0        0
  SINCE MAR 1      0                         0      0        0
  SINCE JAN 1      0                         0      0        0
..................................................................


WIND (MPH)
  HIGHEST WIND SPEED    17   HIGHEST WIND DIRECTION     W (290)
  HIGHEST GUST SPEED    19   HIGHEST GUST DIRECTION     W (290)
  AVERAGE WIND SPEED     3.5


SKY COVER
  POSSIBLE SUNSHINE  MM
  AVERAGE SKY COVER 0.8


WEATHER CONDITIONS
 THE FOLLOWING WEATHER WAS RECORDED YESTERDAY.
  LIGHT RAIN
  FOG


RELATIVE HUMIDITY (PERCENT)
 HIGHEST   100           100 AM
 LOWEST     70          1100 PM
 AVERAGE    85

..........................................................


THE WENATCHEE WA PANGBORN FIELD CLIMATE NORMALS FOR TODAY
                         NORMAL    RECORD    YEAR
 MAXIMUM TEMPERATURE (F)   56        73      1960
 MINIMUM TEMPERATURE (F)   37        25      1964


SUNRISE AND SUNSET
MARCH 23 2017.........SUNRISE   657 AM PDT   SUNSET   718 PM PDT
MARCH 24 2017.........SUNRISE   655 AM PDT   SUNSET   720 PM PDT


-  INDICATES NEGATIVE NUMBERS.
R  INDICATES RECORD WAS SET OR TIED.
MM INDICATES DATA IS MISSING.
T  INDICATES TRACE AMOUNT.




$$
