000
CDUS43 KMPX 280854
CLIEAU


CLIMATE REPORT
NATIONAL WEATHER SERVICE CHANHASSEN MN
254 AM CST FRI NOV 28 2014


...................................

...THE EAU CLAIRE WI CLIMATE SUMMARY FOR NOVEMBER 27 2014...

CLIMATE NORMAL PERIOD 1981 TO 2010
CLIMATE RECORD PERIOD 1893 TO 2014


WEATHER ITEM   OBSERVED TIME   RECORD YEAR NORMAL DEPARTURE LAST
                VALUE   (LST)  VALUE       VALUE  FROM      YEAR
                                                  NORMAL
..................................................................
TEMPERATURE (F)
 YESTERDAY
  MAXIMUM         17   1216 AM  67    1998  35    -18       24
  MINIMUM         -2    751 AM  -9    1897  18    -20        6
  AVERAGE          8                        26    -18       15

PRECIPITATION (IN)
  YESTERDAY        T             0.65 2001   0.06  -0.06      T
  MONTH TO DATE    1.68                      1.68   0.00     1.32
  SINCE SEP 1      9.57                      7.70   1.87     6.73
  SINCE JAN 1     42.24                     29.82  12.42    34.37

SNOWFALL (IN)
  YESTERDAY        T             7.6  1977   0.3   -0.3       T
  MONTH TO DATE   12.6                       5.1    7.5      2.2
  SINCE SEP 1     13.2                       5.5    7.7      2.2
  SINCE JUL 1     13.2                       5.5    7.7      2.2
  SNOW DEPTH       3

DEGREE DAYS
 HEATING
  YESTERDAY       57                        39     18       50
  MONTH TO DATE 1062                       843    219      900
  SINCE SEP 1   1815                      1588    227     1580
  SINCE JUL 1   1838                      1627    211     1618

 COOLING
  YESTERDAY        0                         0      0        0
  MONTH TO DATE    0                         0      0        0
  SINCE SEP 1     22                        52    -30       87
  SINCE JAN 1    500                       579    -79      653
..................................................................


WIND (MPH)
  HIGHEST WIND SPEED    15   HIGHEST WIND DIRECTION    NW (320)
  HIGHEST GUST SPEED    19   HIGHEST GUST DIRECTION    NW (320)
  AVERAGE WIND SPEED     5.3


SKY COVER
  POSSIBLE SUNSHINE  MM
  AVERAGE SKY COVER 0.2


WEATHER CONDITIONS
 THE FOLLOWING WEATHER WAS RECORDED YESTERDAY.
  LIGHT SNOW


RELATIVE HUMIDITY (PERCENT)
 HIGHEST    87           700 PM
 LOWEST     55           400 PM
 AVERAGE    71

..........................................................


THE EAU CLAIRE WI CLIMATE NORMALS FOR TODAY
                         NORMAL    RECORD    YEAR
 MAXIMUM TEMPERATURE (F)   34        60      1998
 MINIMUM TEMPERATURE (F)   18        -7      1976


SUNRISE AND SUNSET
NOVEMBER 28 2014......SUNRISE   720 AM CST   SUNSET   428 PM CST
NOVEMBER 29 2014......SUNRISE   721 AM CST   SUNSET   427 PM CST


-  INDICATES NEGATIVE NUMBERS.
R  INDICATES RECORD WAS SET OR TIED.
MM INDICATES DATA IS MISSING.
T  INDICATES TRACE AMOUNT.




$$
