000
CDUS43 KMPX 180706
CLIEAU


CLIMATE REPORT
NATIONAL WEATHER SERVICE CHANHASSEN MN
206 AM CDT FRI AUG 18 2017


...................................

...THE EAU CLAIRE WI CLIMATE SUMMARY FOR AUGUST 17 2017...

CLIMATE NORMAL PERIOD 1981 TO 2010
CLIMATE RECORD PERIOD 1893 TO 2017


WEATHER ITEM   OBSERVED TIME   RECORD YEAR NORMAL DEPARTURE LAST
                VALUE   (LST)  VALUE       VALUE  FROM      YEAR
                                                  NORMAL
..................................................................
TEMPERATURE (F)
 YESTERDAY
  MAXIMUM         74   1133 AM 101    1947  80     -6       83
  MINIMUM         64   1152 PM  41    1963  59      5       60
  AVERAGE         69                        70     -1       72

PRECIPITATION (IN)
  YESTERDAY        0.46          1.88 1933   0.15   0.31     0.00
  MONTH TO DATE    3.43                      2.55   0.88     3.58
  SINCE JUN 1     12.93                     10.56   2.37    13.38
  SINCE JAN 1     27.43                     20.20   7.23    25.57

SNOWFALL (IN)
  YESTERDAY        0.0           0.0    MM   0.0    0.0      0.0
  MONTH TO DATE    0.0                       0.0    0.0      0.0
  SINCE JUN 1      0.0                       0.0    0.0      0.0
  SINCE JUL 1      0.0                       0.0    0.0      0.0
  SNOW DEPTH       0

DEGREE DAYS
 HEATING
  YESTERDAY        0                         1     -1        0
  MONTH TO DATE   15                        12      3        0
  SINCE JUN 1     54                        85    -31       36
  SINCE JUL 1     17                        23     -6        4

 COOLING
  YESTERDAY        4                         5     -1        7
  MONTH TO DATE   36                        99    -63      141
  SINCE JUN 1    340                       433    -93      488
  SINCE JAN 1    348                       465   -117      528
..................................................................


WIND (MPH)
  HIGHEST WIND SPEED    26   HIGHEST WIND DIRECTION    NW (300)
  HIGHEST GUST SPEED    33   HIGHEST GUST DIRECTION     W (290)
  AVERAGE WIND SPEED    11.3


SKY COVER
  POSSIBLE SUNSHINE  MM
  AVERAGE SKY COVER 0.8


WEATHER CONDITIONS
 THE FOLLOWING WEATHER WAS RECORDED YESTERDAY.
  THUNDERSTORM
  HEAVY RAIN
  RAIN
  LIGHT RAIN
  FOG


RELATIVE HUMIDITY (PERCENT)
 HIGHEST    97           300 AM
 LOWEST     79          1200 PM
 AVERAGE    88

..........................................................


THE EAU CLAIRE WI CLIMATE NORMALS FOR TODAY
                         NORMAL    RECORD    YEAR
 MAXIMUM TEMPERATURE (F)   80        96      1976
                                             1947
 MINIMUM TEMPERATURE (F)   58        39      1950


SUNRISE AND SUNSET
AUGUST 18 2017........SUNRISE   612 AM CDT   SUNSET   807 PM CDT
AUGUST 19 2017........SUNRISE   613 AM CDT   SUNSET   805 PM CDT


-  INDICATES NEGATIVE NUMBERS.
R  INDICATES RECORD WAS SET OR TIED.
MM INDICATES DATA IS MISSING.
T  INDICATES TRACE AMOUNT.




$$
