000
CDUS43 KMPX 010806
CLIEAU


CLIMATE REPORT
NATIONAL WEATHER SERVICE CHANHASSEN MN
305 AM CDT WED OCT 1 2014


...................................

...THE EAU CLAIRE WI CLIMATE SUMMARY FOR SEPTEMBER 30 2014...

CLIMATE NORMAL PERIOD 1981 TO 2010
CLIMATE RECORD PERIOD 1893 TO 2014


WEATHER ITEM   OBSERVED TIME   RECORD YEAR NORMAL DEPARTURE LAST
                VALUE   (LST)  VALUE       VALUE  FROM      YEAR
                                                  NORMAL
..................................................................
TEMPERATURE (F)
 YESTERDAY
  MAXIMUM         57    223 PM  85    1971  65     -8       75
  MINIMUM         40    628 AM  22    1899  42     -2       54
  AVERAGE         49                        54     -5       65

PRECIPITATION (IN)
  YESTERDAY        0.00          3.00 1925   0.10  -0.10     0.00
  MONTH TO DATE    5.46                      3.68   1.78     1.77
  SINCE SEP 1      5.46                      3.68   1.78     1.77
  SINCE JAN 1     38.13                     25.80  12.33    29.41

SNOWFALL (IN)
  YESTERDAY        0.0           0.0    MM   0.0    0.0      0.0
  MONTH TO DATE    0.0                       0.0    0.0      0.0
  SINCE SEP 1      0.0                       0.0    0.0      0.0
  SINCE JUL 1      0.0                       0.0    0.0      0.0
  SNOW DEPTH       0

DEGREE DAYS
 HEATING
  YESTERDAY       16                        12      4        0
  MONTH TO DATE  187                       193     -6      129
  SINCE SEP 1    187                       194     -7      129
  SINCE JUL 1    210                       233    -23      167

 COOLING
  YESTERDAY        0                         0      0        0
  MONTH TO DATE   22                        48    -26       87
  SINCE SEP 1     22                        48    -26       87
  SINCE JAN 1    500                       575    -75      653
..................................................................


WIND (MPH)
  HIGHEST WIND SPEED    14   HIGHEST WIND DIRECTION    SE (150)
  HIGHEST GUST SPEED    19   HIGHEST GUST DIRECTION     S (160)
  AVERAGE WIND SPEED     8.4


SKY COVER
  POSSIBLE SUNSHINE  MM
  AVERAGE SKY COVER 0.6


WEATHER CONDITIONS
 THE FOLLOWING WEATHER WAS RECORDED YESTERDAY.
  NO SIGNIFICANT WEATHER WAS OBSERVED.


RELATIVE HUMIDITY (PERCENT)
 HIGHEST    82           100 AM
 LOWEST     59           100 PM
 AVERAGE    71

..........................................................


THE EAU CLAIRE WI CLIMATE NORMALS FOR TODAY
                         NORMAL    RECORD    YEAR
 MAXIMUM TEMPERATURE (F)   65        89      1976
 MINIMUM TEMPERATURE (F)   42        25      2003
                                             1974


SUNRISE AND SUNSET
OCTOBER  1 2014.......SUNRISE   704 AM CDT   SUNSET   646 PM CDT
OCTOBER  2 2014.......SUNRISE   705 AM CDT   SUNSET   645 PM CDT


-  INDICATES NEGATIVE NUMBERS.
R  INDICATES RECORD WAS SET OR TIED.
MM INDICATES DATA IS MISSING.
T  INDICATES TRACE AMOUNT.




$$
