752
CDUS42 KAKQ 240545
CLIECG


CLIMATE REPORT
NATIONAL WEATHER SERVICE WAKEFIELD, VA
145 AM EDT SAT JUN 24 2017


...................................

...THE ELIZABETH CITY NC CLIMATE SUMMARY FOR JUNE 23 2017...

CLIMATE NORMAL PERIOD 1981 TO 2010
CLIMATE RECORD PERIOD 1934 TO 2017


WEATHER ITEM   OBSERVED TIME   RECORD YEAR NORMAL DEPARTURE LAST
                VALUE   (LST)  VALUE       VALUE  FROM      YEAR
                                                  NORMAL
..................................................................
TEMPERATURE (F)
 YESTERDAY
  MAXIMUM         90    347 PM  99    2011  86      4       87
  MINIMUM         75    524 AM  54    1947  68      7       71
  AVERAGE         83                        77      6       79

PRECIPITATION (IN)
  YESTERDAY        0.00          1.87 2001   0.13  -0.13     0.42
  MONTH TO DATE    2.73                      3.51  -0.78     2.64
  SINCE JUN 1      2.73                      3.51  -0.78     2.64
  SINCE JAN 1     19.70                     20.68  -0.98    20.85

SNOWFALL (IN)
  YESTERDAY        0.0           0.0  2002  MM     MM
  MONTH TO DATE    0.0                      MM     MM
  SINCE NOV 1      1.2                      MM     MM
  SINCE JUL 1      1.2                      MM     MM
  SNOW DEPTH       0

DEGREE DAYS
 HEATING
  YESTERDAY        0                         0      0        0
  MONTH TO DATE    4                         0      4        0
  SINCE JUN 1      4                         0      4        0
  SINCE JUL 1   2691                      3229   -538     2481

 COOLING
  YESTERDAY       18                        12      6       14
  MONTH TO DATE  270                       225     45      244
  SINCE JUN 1    270                       225     45      244
  SINCE JAN 1    568                       389    179      414
..................................................................


WIND (MPH)
  HIGHEST WIND SPEED    22   HIGHEST WIND DIRECTION     S (200)
  HIGHEST GUST SPEED    28   HIGHEST GUST DIRECTION     S (190)
  AVERAGE WIND SPEED    12.9


SKY COVER
  POSSIBLE SUNSHINE  MM
  AVERAGE SKY COVER 0.3


WEATHER CONDITIONS
 THE FOLLOWING WEATHER WAS RECORDED YESTERDAY.
  NO SIGNIFICANT WEATHER WAS OBSERVED.


RELATIVE HUMIDITY (PERCENT)
 HIGHEST    97           800 AM
 LOWEST     68           400 PM
 AVERAGE    83

..........................................................


THE ELIZABETH CITY NC CLIMATE NORMALS FOR TODAY
                         NORMAL    RECORD    YEAR
 MAXIMUM TEMPERATURE (F)   87        99      2010
 MINIMUM TEMPERATURE (F)   68        54      1963
                                             1947
                                             1937


SUNRISE AND SUNSET
JUNE 24 2017..........SUNRISE   548 AM EDT   SUNSET   826 PM EDT
JUNE 25 2017..........SUNRISE   549 AM EDT   SUNSET   826 PM EDT


-  INDICATES NEGATIVE NUMBERS.
R  INDICATES RECORD WAS SET OR TIED.
MM INDICATES DATA IS MISSING.
T  INDICATES TRACE AMOUNT.




$$
