000
CDUS42 KAKQ 260845
CLIECG


CLIMATE REPORT
NATIONAL WEATHER SERVICE WAKEFIELD, VA
445 AM EDT THU MAR 26 2015


...................................

...THE ELIZABETH CITY NC CLIMATE SUMMARY FOR MARCH 25 2015...

CLIMATE NORMAL PERIOD 1981 TO 2010
CLIMATE RECORD PERIOD 1934 TO 2015


WEATHER ITEM   OBSERVED TIME   RECORD YEAR NORMAL DEPARTURE LAST
                VALUE   (LST)  VALUE       VALUE  FROM      YEAR
                                                  NORMAL
..................................................................
TEMPERATURE (F)
 YESTERDAY
  MAXIMUM         67    401 PM  86    1939  64      3       48
  MINIMUM         43   1219 AM  24    1940  42      1       35
  AVERAGE         55                        53      2       42

PRECIPITATION (IN)
  YESTERDAY        0.00          1.21 1983   0.14  -0.14     0.54
  MONTH TO DATE    2.12                      3.07  -0.95     2.24
  SINCE MAR 1      2.12                      3.07  -0.95     2.24
  SINCE JAN 1      8.92                      9.51  -0.59     6.38

SNOWFALL (IN)
  YESTERDAY        0.0           6.5  1940  MM     MM
  MONTH TO DATE    0.0                      MM     MM
  SINCE NOV 1      T                        MM     MM
  SINCE JUL 1      T                        MM     MM
  SNOW DEPTH       0

DEGREE DAYS
 HEATING
  YESTERDAY       10                        13     -3       23
  MONTH TO DATE  381                       396    -15      463
  SINCE MAR 1    381                       396    -15      463
  SINCE JUL 1   2915                      2868     47     3038

 COOLING
  YESTERDAY        0                         0      0        0
  MONTH TO DATE    2                         0      2        0
  SINCE MAR 1      2                         0      2        0
  SINCE JAN 1      4                         2      2        0
..................................................................


WIND (MPH)
  HIGHEST WIND SPEED    15   HIGHEST WIND DIRECTION    NE (40)
  HIGHEST GUST SPEED    18   HIGHEST GUST DIRECTION    NE (40)
  AVERAGE WIND SPEED     8.4


SKY COVER
  POSSIBLE SUNSHINE  MM
  AVERAGE SKY COVER 0.4


WEATHER CONDITIONS
 THE FOLLOWING WEATHER WAS RECORDED YESTERDAY.
  NO SIGNIFICANT WEATHER WAS OBSERVED.


RELATIVE HUMIDITY (PERCENT)
 HIGHEST    84           800 PM
 LOWEST     57          1000 AM
 AVERAGE    71

..........................................................


THE ELIZABETH CITY NC CLIMATE NORMALS FOR TODAY
                         NORMAL    RECORD    YEAR
 MAXIMUM TEMPERATURE (F)   64        86      1939
 MINIMUM TEMPERATURE (F)   42        19      1940


SUNRISE AND SUNSET
MARCH 26 2015.........SUNRISE   700 AM EDT   SUNSET   721 PM EDT
MARCH 27 2015.........SUNRISE   659 AM EDT   SUNSET   722 PM EDT


-  INDICATES NEGATIVE NUMBERS.
R  INDICATES RECORD WAS SET OR TIED.
MM INDICATES DATA IS MISSING.
T  INDICATES TRACE AMOUNT.




$$
