000
CDUS42 KAKQ 230829
CLIECG


CLIMATE REPORT
NATIONAL WEATHER SERVICE WAKEFIELD, VA
428 AM EDT WED JUL 23 2014


...................................

...THE ELIZABETH CITY NC CLIMATE SUMMARY FOR JULY 22 2014...

CLIMATE NORMAL PERIOD 1981 TO 2010
CLIMATE RECORD PERIOD 1934 TO 2014


WEATHER ITEM   OBSERVED TIME   RECORD YEAR NORMAL DEPARTURE LAST
                VALUE   (LST)  VALUE       VALUE  FROM      YEAR
                                                  NORMAL
..................................................................
TEMPERATURE (F)
 YESTERDAY
  MAXIMUM         85    214 PM 104    1952  88     -3       89
  MINIMUM         72   1044 PM  57    1974  70      2       75
  AVERAGE         79                        79      0       82

PRECIPITATION (IN)
  YESTERDAY        0.15          2.43 1984   0.18  -0.03     0.03
  MONTH TO DATE    5.37                      3.91   1.46     3.29
  SINCE JUN 1      9.20                      8.40   0.80     9.91
  SINCE JAN 1     24.16                     25.57  -1.41    20.58

SNOWFALL (IN)
  YESTERDAY        0.0           0.0  2002  MM     MM
  MONTH TO DATE    0.0                      MM     MM
  SINCE NOV 1     10.2                      MM     MM
  SINCE JUL 1      0.0                      MM     MM
  SNOW DEPTH       0

DEGREE DAYS
 HEATING
  YESTERDAY        0                         0      0        0
  MONTH TO DATE    0                         0      0        0
  SINCE JUN 1      5                         3      2        0
  SINCE JUL 1      0                         0      0        0

 COOLING
  YESTERDAY       14                        14      0       17
  MONTH TO DATE  276                       303    -27      353
  SINCE JUN 1    587                       617    -30      701
  SINCE JAN 1    796                       781     15      907
..................................................................


WIND (MPH)
  HIGHEST WIND SPEED    14   HIGHEST WIND DIRECTION     E (90)
  HIGHEST GUST SPEED    17   HIGHEST GUST DIRECTION     E (100)
  AVERAGE WIND SPEED     6.1


SKY COVER
  POSSIBLE SUNSHINE  MM
  AVERAGE SKY COVER 0.4


WEATHER CONDITIONS
 THE FOLLOWING WEATHER WAS RECORDED YESTERDAY.
  HEAVY RAIN
  RAIN
  LIGHT RAIN
  FOG


RELATIVE HUMIDITY (PERCENT)
 HIGHEST   100          1000 PM
 LOWEST     74          1000 AM
 AVERAGE    87

..........................................................


THE ELIZABETH CITY NC CLIMATE NORMALS FOR TODAY
                         NORMAL    RECORD    YEAR
 MAXIMUM TEMPERATURE (F)   88       104      1952
 MINIMUM TEMPERATURE (F)   70        56      1974


SUNRISE AND SUNSET
JULY 23 2014..........SUNRISE   605 AM EDT   SUNSET   817 PM EDT
JULY 24 2014..........SUNRISE   605 AM EDT   SUNSET   817 PM EDT


-  INDICATES NEGATIVE NUMBERS.
R  INDICATES RECORD WAS SET OR TIED.
MM INDICATES DATA IS MISSING.
T  INDICATES TRACE AMOUNT.




$$
