000
CDUS42 KAKQ 160645
CLIECG


CLIMATE REPORT
NATIONAL WEATHER SERVICE WAKEFIELD, VA
145 AM EST MON JAN 16 2017


...................................

...THE ELIZABETH CITY NC CLIMATE SUMMARY FOR JANUARY 15 2017...

CLIMATE NORMAL PERIOD 1981 TO 2010
CLIMATE RECORD PERIOD 1934 TO 2017


WEATHER ITEM   OBSERVED TIME   RECORD YEAR NORMAL DEPARTURE LAST
                VALUE   (LST)  VALUE       VALUE  FROM      YEAR
                                                  NORMAL
..................................................................
TEMPERATURE (F)
 YESTERDAY
  MAXIMUM         50    256 PM  80    1937  51     -1       61
  MINIMUM         38   1002 PM  18    1994  32      6       32
  AVERAGE         44                        41      3       47

PRECIPITATION (IN)
  YESTERDAY        T             1.24 1944   0.10  -0.10     0.56
  MONTH TO DATE    2.94                      1.51   1.43     1.30
  SINCE DEC 1      5.61                      4.07   1.54     5.31
  SINCE JAN 1      2.94                      1.51   1.43     1.30

SNOWFALL (IN)
  YESTERDAY       MM             1.0  1957  MM     MM
  MONTH TO DATE    1.2                      MM     MM
  SINCE NOV 1      1.2                      MM     MM
  SINCE JUL 1      1.2                      MM     MM
  SNOW DEPTH       0

DEGREE DAYS
 HEATING
  YESTERDAY       21                        24     -3       18
  MONTH TO DATE  326                       360    -34      321
  SINCE DEC 1    931                      1000    -69      565
  SINCE JUL 1   1421                      1515    -94      921

 COOLING
  YESTERDAY        0                         0      0        0
  MONTH TO DATE    0                         0      0        0
  SINCE DEC 1      0                         2     -2       31
  SINCE JAN 1      0                         0      0        0
..................................................................


WIND (MPH)
  HIGHEST WIND SPEED    14   HIGHEST WIND DIRECTION     N (10)
  HIGHEST GUST SPEED    17   HIGHEST GUST DIRECTION     N (360)
  AVERAGE WIND SPEED     6.9


SKY COVER
  POSSIBLE SUNSHINE  MM
  AVERAGE SKY COVER 0.6


WEATHER CONDITIONS
 THE FOLLOWING WEATHER WAS RECORDED YESTERDAY.
  LIGHT RAIN


RELATIVE HUMIDITY (PERCENT)
 HIGHEST   100           100 AM
 LOWEST     66           200 PM
 AVERAGE    83

..........................................................


THE ELIZABETH CITY NC CLIMATE NORMALS FOR TODAY
                         NORMAL    RECORD    YEAR
 MAXIMUM TEMPERATURE (F)   51        74      1953
 MINIMUM TEMPERATURE (F)   32         6      1994


SUNRISE AND SUNSET
JANUARY 16 2017.......SUNRISE   715 AM EST   SUNSET   515 PM EST
JANUARY 17 2017.......SUNRISE   714 AM EST   SUNSET   516 PM EST


-  INDICATES NEGATIVE NUMBERS.
R  INDICATES RECORD WAS SET OR TIED.
MM INDICATES DATA IS MISSING.
T  INDICATES TRACE AMOUNT.




$$
