000
CDUS42 KAKQ 210845
CLIECG


CLIMATE REPORT
NATIONAL WEATHER SERVICE WAKEFIELD, VA
345 AM EST SUN DEC 21 2014


...................................

...THE ELIZABETH CITY NC CLIMATE SUMMARY FOR DECEMBER 20 2014...

CLIMATE NORMAL PERIOD 1981 TO 2010
CLIMATE RECORD PERIOD 1934 TO 2014


WEATHER ITEM   OBSERVED TIME   RECORD YEAR NORMAL DEPARTURE LAST
                VALUE   (LST)  VALUE       VALUE  FROM      YEAR
                                                  NORMAL
..................................................................
TEMPERATURE (F)
 YESTERDAY
  MAXIMUM         45    420 PM  73    1999  53     -8       68
  MINIMUM         35    428 AM  15    2004  34      1       43
  AVERAGE         40                        43     -3       56

PRECIPITATION (IN)
  YESTERDAY        0.00          1.13 1946   0.09  -0.09     0.00
  MONTH TO DATE    0.70                      1.70  -1.00     2.92
  SINCE DEC 1      0.70                      1.70  -1.00     2.92
  SINCE JAN 1     37.99                     45.72  -7.73    42.51

SNOWFALL (IN)
  YESTERDAY        0.0           2.5  1942  MM     MM
  MONTH TO DATE    0.0                      MM     MM
  SINCE NOV 1      0.0                      MM     MM
  SINCE JUL 1      0.0                      MM     MM
  SNOW DEPTH       0

DEGREE DAYS
 HEATING
  YESTERDAY       25                        22      3        9
  MONTH TO DATE  308                       388    -80      369
  SINCE DEC 1    308                       388    -80      369
  SINCE JUL 1    823                       903    -80      932

 COOLING
  YESTERDAY        0                         0      0        0
  MONTH TO DATE    0                         0      0        7
  SINCE DEC 1      0                         0      0        7
  SINCE JAN 1   1586                      1588     -2     1672
..................................................................


WIND (MPH)
  HIGHEST WIND SPEED    10   HIGHEST WIND DIRECTION     N (350)
  HIGHEST GUST SPEED    13   HIGHEST GUST DIRECTION     N (350)
  AVERAGE WIND SPEED     5.1


SKY COVER
  POSSIBLE SUNSHINE  MM
  AVERAGE SKY COVER 0.4


WEATHER CONDITIONS
 THE FOLLOWING WEATHER WAS RECORDED YESTERDAY.
  NO SIGNIFICANT WEATHER WAS OBSERVED.


RELATIVE HUMIDITY (PERCENT)
 HIGHEST    75           300 AM
 LOWEST     53           200 PM
 AVERAGE    64

..........................................................


THE ELIZABETH CITY NC CLIMATE NORMALS FOR TODAY
                         NORMAL    RECORD    YEAR
 MAXIMUM TEMPERATURE (F)   53        72      2013
 MINIMUM TEMPERATURE (F)   33         9      1942


SUNRISE AND SUNSET
DECEMBER 21 2014......SUNRISE   712 AM EST   SUNSET   454 PM EST
DECEMBER 22 2014......SUNRISE   713 AM EST   SUNSET   454 PM EST


-  INDICATES NEGATIVE NUMBERS.
R  INDICATES RECORD WAS SET OR TIED.
MM INDICATES DATA IS MISSING.
T  INDICATES TRACE AMOUNT.




$$
