000
CDUS42 KAKQ 190645
CLIECG


CLIMATE REPORT
NATIONAL WEATHER SERVICE WAKEFIELD, VA
145 AM EST MON FEB 19 2018


...................................

...THE ELIZABETH CITY NC CLIMATE SUMMARY FOR FEBRUARY 18 2018...

CLIMATE NORMAL PERIOD 1981 TO 2010
CLIMATE RECORD PERIOD 1934 TO 2018


WEATHER ITEM   OBSERVED TIME   RECORD YEAR NORMAL DEPARTURE LAST
                VALUE   (LST)  VALUE       VALUE  FROM      YEAR
                                                  NORMAL
..................................................................
TEMPERATURE (F)
 YESTERDAY
  MAXIMUM         53    202 PM  80    1976  54     -1       71
  MINIMUM         41   1159 PM  10    1958  35      6       38
  AVERAGE         47                        44      3       55

PRECIPITATION (IN)
  YESTERDAY        0.04          1.12 1940   0.12  -0.08     0.00
  MONTH TO DATE    2.54                      2.04   0.50     0.91
  SINCE DEC 1      9.50                      7.86   1.64     7.27
  SINCE JAN 1      6.44                      5.30   1.14     4.60

SNOWFALL (IN)
  YESTERDAY       MM             6.0  1979  MM     MM
  MONTH TO DATE    0.0                      MM     MM
  SINCE NOV 1      6.8                      MM     MM
  SINCE JUL 1      6.8                      MM     MM
  SNOW DEPTH       0

DEGREE DAYS
 HEATING
  YESTERDAY       18                        20     -2       10
  MONTH TO DATE  301                       388    -87      318
  SINCE DEC 1   1794                      1760     34     1525
  SINCE JUL 1   2228                      2275    -47     2015

 COOLING
  YESTERDAY        0                         0      0        0
  MONTH TO DATE    7                         0      7        3
  SINCE DEC 1     10                         3      7        3
  SINCE JAN 1     10                         1      9        3
..................................................................


WIND (MPH)
  HIGHEST WIND SPEED    20   HIGHEST WIND DIRECTION    NE (40)
  HIGHEST GUST SPEED    24   HIGHEST GUST DIRECTION    NE (40)
  AVERAGE WIND SPEED    10.2


SKY COVER
  POSSIBLE SUNSHINE  MM
  AVERAGE SKY COVER 0.2


WEATHER CONDITIONS
 THE FOLLOWING WEATHER WAS RECORDED YESTERDAY.
  LIGHT RAIN
  FOG


RELATIVE HUMIDITY (PERCENT)
 HIGHEST   100          1200 AM
 LOWEST     59           300 PM
 AVERAGE    80

..........................................................


THE ELIZABETH CITY NC CLIMATE NORMALS FOR TODAY
                         NORMAL    RECORD    YEAR
 MAXIMUM TEMPERATURE (F)   55        77      1939
 MINIMUM TEMPERATURE (F)   35        14      2015


SUNRISE AND SUNSET
FEBRUARY 19 2018......SUNRISE   648 AM EST   SUNSET   550 PM EST
FEBRUARY 20 2018......SUNRISE   646 AM EST   SUNSET   551 PM EST


-  INDICATES NEGATIVE NUMBERS.
R  INDICATES RECORD WAS SET OR TIED.
MM INDICATES DATA IS MISSING.
T  INDICATES TRACE AMOUNT.




$$
