000
CDUS42 KAKQ 292238
CLIECG


CLIMATE REPORT
NATIONAL WEATHER SERVICE WAKEFIELD, VA
528 PM EST THU JAN 29 2015


...................................

...THE ELIZABETH CITY NC CLIMATE SUMMARY FOR JANUARY 29 2015...
VALID TODAY AS OF 0500 PM LOCAL TIME.

CLIMATE NORMAL PERIOD 1981 TO 2010
CLIMATE RECORD PERIOD 1934 TO 2015


WEATHER ITEM   OBSERVED TIME   RECORD YEAR NORMAL DEPARTURE LAST
                VALUE   (LST)  VALUE       VALUE  FROM      YEAR
                                                  NORMAL
..................................................................
TEMPERATURE (F)
 TODAY
  MAXIMUM         41    345 PM  78    2002  52    -11       23
                                      1957
  MINIMUM         20    642 AM  10    1940  33    -13       14
  AVERAGE         31

PRECIPITATION (IN)
  TODAY            0.00          2.03 1937   0.11  -0.11     0.09
  MONTH TO DATE    3.94                      3.01   0.93     2.17
  SINCE DEC 1      7.08                      5.57   1.51     7.32
  SINCE JAN 1      3.94                      3.01   0.93     2.17

SNOWFALL (IN)
  TODAY            0.0
  MONTH TO DATE    T
  SINCE NOV 1      T
  SINCE JUL 1      T
  SNOW DEPTH       0

DEGREE DAYS
 HEATING
  TODAY           34
  MONTH TO DATE  592
  SINCE DEC 1   1059
  SINCE JUL 1   1574

 COOLING
  TODAY            0
  MONTH TO DATE    2
  SINCE DEC 1      2
  SINCE JAN 1      2
..................................................................


WIND (MPH)
  RESULTANT WIND SPEED   2   RESULTANT WIND DIRECTION   W (280)
  HIGHEST WIND SPEED    12   HIGHEST WIND DIRECTION     N (340)
  HIGHEST GUST SPEED    13   HIGHEST GUST DIRECTION    NW (330)


SKY COVER
  POSSIBLE SUNSHINE  MM
  AVERAGE SKY COVER 0.0


WEATHER CONDITIONS
 THE FOLLOWING WEATHER WAS RECORDED TODAY.
  NO SIGNIFICANT WEATHER WAS OBSERVED.


RELATIVE HUMIDITY (PERCENT)
 HIGHEST    74
 LOWEST     33
 AVERAGE    54

..........................................................


THE ELIZABETH CITY NC CLIMATE NORMALS FOR TOMORROW
                         NORMAL    RECORD    YEAR
 MAXIMUM TEMPERATURE (F)   52        80      2002
 MINIMUM TEMPERATURE (F)   33         7      2014


SUNRISE AND SUNSET
JANUARY 29 2015.......SUNRISE   708 AM EST   SUNSET   528 PM EST
JANUARY 30 2015.......SUNRISE   708 AM EST   SUNSET   529 PM EST


-  INDICATES NEGATIVE NUMBERS.
R  INDICATES RECORD WAS SET OR TIED.
MM INDICATES DATA IS MISSING.
T  INDICATES TRACE AMOUNT.




$$
