564
CDUS42 KAKQ 070845
CLIECG


CLIMATE REPORT
NATIONAL WEATHER SERVICE WAKEFIELD, VA
345 AM EST SUN FEB 7 2016


...................................

...THE ELIZABETH CITY NC CLIMATE SUMMARY FOR FEBRUARY 6 2016...

CLIMATE NORMAL PERIOD 1981 TO 2010
CLIMATE RECORD PERIOD 1934 TO 2016


WEATHER ITEM   OBSERVED TIME   RECORD YEAR NORMAL DEPARTURE LAST
                VALUE   (LST)  VALUE       VALUE  FROM      YEAR
                                                  NORMAL
..................................................................
TEMPERATURE (F)
 YESTERDAY
  MAXIMUM         46    238 PM  79    2008  53     -7       36
  MINIMUM         28    425 AM  10    1996  34     -6       19
  AVERAGE         37                        43     -6       28

PRECIPITATION (IN)
  YESTERDAY        0.00          1.62 1960   0.11  -0.11     0.00
  MONTH TO DATE    2.90                      0.69   2.21     0.73
  SINCE DEC 1      9.82                      6.51   3.31     7.88
  SINCE JAN 1      5.81                      3.95   1.86     4.74

SNOWFALL (IN)
  YESTERDAY        0.0          MM      MM  MM     MM
  MONTH TO DATE    T                        MM     MM
  SINCE NOV 1      T                        MM     MM
  SINCE JUL 1      T                        MM     MM
  SNOW DEPTH       0

DEGREE DAYS
 HEATING
  YESTERDAY       28                        22      6       37
  MONTH TO DATE   89                       133    -44      170
  SINCE DEC 1   1065                      1505   -440     1322
  SINCE JUL 1   1421                      2020   -599     1837

 COOLING
  YESTERDAY        0                         0      0        0
  MONTH TO DATE    0                         0      0        0
  SINCE DEC 1     31                         3     28        2
  SINCE JAN 1      0                         1     -1        2
..................................................................


WIND (MPH)
  HIGHEST WIND SPEED    13   HIGHEST WIND DIRECTION     N (10)
  HIGHEST GUST SPEED    16   HIGHEST GUST DIRECTION     N (360)
  AVERAGE WIND SPEED     6.8


SKY COVER
  POSSIBLE SUNSHINE  MM
  AVERAGE SKY COVER 0.1


WEATHER CONDITIONS
 THE FOLLOWING WEATHER WAS RECORDED YESTERDAY.
  NO SIGNIFICANT WEATHER WAS OBSERVED.


RELATIVE HUMIDITY (PERCENT)
 HIGHEST    85           100 AM
 LOWEST     49           100 PM
 AVERAGE    67

..........................................................


THE ELIZABETH CITY NC CLIMATE NORMALS FOR TODAY
                         NORMAL    RECORD    YEAR
 MAXIMUM TEMPERATURE (F)   53        71      2008
 MINIMUM TEMPERATURE (F)   34        12      1996


SUNRISE AND SUNSET
FEBRUARY  7 2016......SUNRISE   701 AM EST   SUNSET   537 PM EST
FEBRUARY  8 2016......SUNRISE   700 AM EST   SUNSET   538 PM EST


-  INDICATES NEGATIVE NUMBERS.
R  INDICATES RECORD WAS SET OR TIED.
MM INDICATES DATA IS MISSING.
T  INDICATES TRACE AMOUNT.




$$
