000
CDUS45 KGJT 222337
CLIEEO


CLIMATE REPORT
NATIONAL WEATHER SERVICE GRAND JUNCTION CO
534 PM MDT MON SEP 22 2014


...................................

...THE MEEKER CO CLIMATE SUMMARY FOR SEPTEMBER 22 2014...
VALID TODAY AS OF 0500 PM LOCAL TIME.

CLIMATE NORMAL PERIOD 1981 TO 2010
CLIMATE RECORD PERIOD 9999 TO 9999


WEATHER ITEM   OBSERVED TIME   RECORD YEAR NORMAL DEPARTURE LAST
                VALUE   (LST)  VALUE       VALUE  FROM      YEAR
                                                  NORMAL
..................................................................
TEMPERATURE (F)
 TODAY
  MAXIMUM         69    316 PM  MM      MM  71     -2       67
  MINIMUM         49    646 AM  MM      MM  37     12       43
  AVERAGE         59                        54      5       55

PRECIPITATION (IN)
  TODAY            0.02         MM      MM   0.06  -0.04     0.52
  MONTH TO DATE    1.31                      1.28   0.03     2.29
  SINCE SEP 1      1.31                      1.28   0.03     2.29
  SINCE JAN 1     13.04                     11.14   1.90    12.38

SNOWFALL (IN)
  TODAY           MM            MM      MM  MM     MM       MM
  MONTH TO DATE   MM                        MM     MM       MM
  SINCE SEP 1     MM                        MM     MM       MM
  SINCE JUL 1     MM                        MM     MM       MM
  SNOW DEPTH      MM

DEGREE DAYS
 HEATING
  TODAY            6                        11     -5       10
  MONTH TO DATE  105                       150    -45       70
  SINCE SEP 1    105                       150    -45       70
  SINCE JUL 1    162                       204    -42       89

 COOLING
  TODAY            0                         0      0        0
  MONTH TO DATE    1                         0      1       41
  SINCE SEP 1      1                         0      1       41
  SINCE JAN 1    197                       168     29      324
..................................................................


WIND (MPH)
  HIGHEST WIND SPEED    20   HIGHEST WIND DIRECTION     W (260)
  HIGHEST GUST SPEED    26   HIGHEST GUST DIRECTION     W (250)
  AVERAGE WIND SPEED     4.7


SKY COVER
  POSSIBLE SUNSHINE  MM
  AVERAGE SKY COVER 0.7


WEATHER CONDITIONS
 THE FOLLOWING WEATHER WAS RECORDED TODAY.
  THUNDERSTORM
  LIGHT RAIN
  FOG
  FOG W/VISIBILITY <= 1/4 MILE


RELATIVE HUMIDITY (PERCENT)
 HIGHEST   100           600 AM
 LOWEST     45           300 PM
 AVERAGE    73

..........................................................


THE MEEKER CO CLIMATE NORMALS FOR TOMORROW
                         NORMAL    RECORD    YEAR
 MAXIMUM TEMPERATURE (F)   71        MM        MM
 MINIMUM TEMPERATURE (F)   37        MM        MM


SUNRISE AND SUNSET
SEPTEMBER 22 2014.....SUNRISE   659 AM MDT   SUNSET   708 PM MDT
SEPTEMBER 23 2014.....SUNRISE   700 AM MDT   SUNSET   707 PM MDT


-  INDICATES NEGATIVE NUMBERS.
R  INDICATES RECORD WAS SET OR TIED.
MM INDICATES DATA IS MISSING.
T  INDICATES TRACE AMOUNT.




$$
