296
CDUS45 KGJT 192345
CLIEEO


CLIMATE REPORT
NATIONAL WEATHER SERVICE GRAND JUNCTION CO
530 PM MDT SAT AUG 19 2017


...................................

...THE MEEKER CO CLIMATE SUMMARY FOR AUGUST 19 2017...
VALID TODAY AS OF 0500 PM LOCAL TIME.

CLIMATE NORMAL PERIOD 1981 TO 2010
CLIMATE RECORD PERIOD 9999 TO 9999


WEATHER ITEM   OBSERVED TIME   RECORD YEAR NORMAL DEPARTURE LAST
                VALUE   (LST)  VALUE       VALUE  FROM      YEAR
                                                  NORMAL
..................................................................
TEMPERATURE (F)
 TODAY
  MAXIMUM         87    138 PM  MM      MM  83      4       83
  MINIMUM         46    542 AM  MM      MM  48     -2       44
  AVERAGE         67                        66      1       64

PRECIPITATION (IN)
  TODAY            0.00         MM      MM   0.04  -0.04     0.01
  MONTH TO DATE    1.21                      0.76   0.45     0.30
  SINCE JUN 1      3.90                      3.15   0.75     2.45
  SINCE JAN 1     10.16                      9.30   0.86    10.31

SNOWFALL (IN)
  TODAY           MM            MM      MM  MM     MM       MM
  MONTH TO DATE   MM                        MM     MM       MM
  SINCE JUN 1     MM                        MM     MM       MM
  SINCE JUL 1     MM                        MM     MM       MM
  SNOW DEPTH      MM

DEGREE DAYS
 HEATING
  TODAY            0                         1     -1        1
  MONTH TO DATE    9                        12     -3        8
  SINCE JUN 1     65                       176   -111       50
  SINCE JUL 1      9                        32    -23       18

 COOLING
  TODAY            2                         2      0        0
  MONTH TO DATE   38                        51    -13       45
  SINCE JUN 1    266                       153    113      217
  SINCE JAN 1    266                       154    112      217
..................................................................


WIND (MPH)
  HIGHEST WIND SPEED    18   HIGHEST WIND DIRECTION     W (270)
  HIGHEST GUST SPEED    28   HIGHEST GUST DIRECTION     W (280)
  AVERAGE WIND SPEED     6.6


SKY COVER
  POSSIBLE SUNSHINE  MM
  AVERAGE SKY COVER 0.0


WEATHER CONDITIONS
 THE FOLLOWING WEATHER WAS RECORDED TODAY.
  NO SIGNIFICANT WEATHER WAS OBSERVED.


RELATIVE HUMIDITY (PERCENT)
 HIGHEST    66           600 AM
 LOWEST      9           100 PM
 AVERAGE    38

..........................................................


THE MEEKER CO CLIMATE NORMALS FOR TOMORROW
                         NORMAL    RECORD    YEAR
 MAXIMUM TEMPERATURE (F)   83        MM        MM
 MINIMUM TEMPERATURE (F)   48        MM        MM


SUNRISE AND SUNSET
AUGUST 19 2017........SUNRISE   627 AM MDT   SUNSET   802 PM MDT
AUGUST 20 2017........SUNRISE   628 AM MDT   SUNSET   801 PM MDT


-  INDICATES NEGATIVE NUMBERS.
R  INDICATES RECORD WAS SET OR TIED.
MM INDICATES DATA IS MISSING.
T  INDICATES TRACE AMOUNT.




$$
