000
CDUS44 KBMX 220736
CLIEET


CLIMATE REPORT
NATIONAL WEATHER SERVICE BIRMINGHAM, AL
236 AM CDT MON MAY 22 2017


...................................

...THE SHELBY COUNTY AIRPORT CLIMATE SUMMARY FOR MAY 21 2017...

CLIMATE NORMAL PERIOD 1981 TO 2010
CLIMATE RECORD PERIOD 9999 TO 9999


WEATHER ITEM   OBSERVED TIME   RECORD YEAR NORMAL DEPARTURE LAST
                VALUE   (LST)  VALUE       VALUE  FROM      YEAR
                                                  NORMAL
..................................................................
TEMPERATURE (F)
 YESTERDAY
  MAXIMUM         84    200 PM  MM      MM  82      2       82
  MINIMUM         67    537 AM  MM      MM  62      5       63
  AVERAGE         76                        72      4       73

PRECIPITATION (IN)
  YESTERDAY        0.02                      0.16  -0.14     0.00
  MONTH TO DATE    2.65                      2.93  -0.28     1.51
  SINCE MAR 1     13.22                     11.30   1.92    11.88
  SINCE JAN 1     24.32                     22.38   1.94    22.52

DEGREE DAYS
 COOLING
  YESTERDAY       11                         7      4        8
  MONTH TO DATE  132                       110     22       95
  SINCE MAR 1    341                       181    160      190
  SINCE JAN 1    351                       185    166      197
..................................................................


WIND (MPH)
  HIGHEST WIND SPEED    10   HIGHEST WIND DIRECTION     S (170)
  HIGHEST GUST SPEED    16   HIGHEST GUST DIRECTION     W (270)
  AVERAGE WIND SPEED     3.2


SKY COVER
  POSSIBLE SUNSHINE  MM
  AVERAGE SKY COVER 0.4


WEATHER CONDITIONS
 THE FOLLOWING WEATHER WAS RECORDED YESTERDAY.
  LIGHT RAIN


RELATIVE HUMIDITY (PERCENT)
 HIGHEST   100           100 AM
 LOWEST     63           300 PM
 AVERAGE    82

..........................................................


THE SHELBY COUNTY AIRPORT CLIMATE NORMALS FOR TODAY
                         NORMAL    RECORD    YEAR
 MAXIMUM TEMPERATURE (F)   83        MM        MM
 MINIMUM TEMPERATURE (F)   62        MM        MM


SUNRISE AND SUNSET
MAY 22 2017...........SUNRISE   543 AM CDT   SUNSET   745 PM CDT
MAY 23 2017...........SUNRISE   542 AM CDT   SUNSET   746 PM CDT


-  INDICATES NEGATIVE NUMBERS.
R  INDICATES RECORD WAS SET OR TIED.
MM INDICATES DATA IS MISSING.
T  INDICATES TRACE AMOUNT.




$$
