000
CDUS44 KBMX 290726
CLIEET


CLIMATE REPORT
NATIONAL WEATHER SERVICE BIRMINGHAM, AL
125 AM CST THU JAN 29 2015


...................................

...THE SHELBY COUNTY AIRPORT CLIMATE SUMMARY FOR JANUARY 28 2015...

CLIMATE NORMAL PERIOD 1981 TO 2010
CLIMATE RECORD PERIOD 9999 TO 9999


WEATHER ITEM   OBSERVED TIME   RECORD YEAR NORMAL DEPARTURE LAST
                VALUE   (LST)  VALUE       VALUE  FROM      YEAR
                                                  NORMAL
..................................................................
TEMPERATURE (F)
 YESTERDAY
  MAXIMUM         58    356 PM  MM      MM  56      2       28
  MINIMUM         32    637 AM  MM      MM  35     -3       20
  AVERAGE         45                        45      0       24

PRECIPITATION (IN)
  YESTERDAY        0.00                      0.19  -0.19     0.10
  MONTH TO DATE    4.82                      4.75   0.07     2.93
  SINCE DEC 1     12.90                      9.55   3.35    13.27
  SINCE JAN 1      4.82                      4.75   0.07     2.93

SNOWFALL (IN)
  YESTERDAY        0.0                      MM     MM        1.0
  MONTH TO DATE    0.0                      MM     MM        1.0
  SINCE DEC 1      0.0                      MM     MM        1.0
  SINCE JUL 1      0.0                      MM     MM        1.0
  SNOW DEPTH       0

DEGREE DAYS
 HEATING
  YESTERDAY       20                        20      0       41
  MONTH TO DATE  584                       582      2      742
  SINCE DEC 1   1027                      1158   -131     1249
  SINCE JUL 1   1553                      1602    -49     1705
..................................................................


WIND (MPH)
  HIGHEST WIND SPEED    10   HIGHEST WIND DIRECTION     N (360)
  HIGHEST GUST SPEED    17   HIGHEST GUST DIRECTION     N (350)
  AVERAGE WIND SPEED     1.9


SKY COVER
  POSSIBLE SUNSHINE  MM
  AVERAGE SKY COVER 0.0


WEATHER CONDITIONS
 THE FOLLOWING WEATHER WAS RECORDED YESTERDAY.
  FOG
  HAZE


RELATIVE HUMIDITY (PERCENT)
 HIGHEST    82           400 AM
 LOWEST     30           300 PM
 AVERAGE    56

..........................................................


THE SHELBY COUNTY AIRPORT CLIMATE NORMALS FOR TODAY
                         NORMAL    RECORD    YEAR
 MAXIMUM TEMPERATURE (F)   56        MM        MM
 MINIMUM TEMPERATURE (F)   35        MM        MM


SUNRISE AND SUNSET
JANUARY 29 2015.......SUNRISE   645 AM CST   SUNSET   516 PM CST
JANUARY 30 2015.......SUNRISE   644 AM CST   SUNSET   517 PM CST


-  INDICATES NEGATIVE NUMBERS.
R  INDICATES RECORD WAS SET OR TIED.
MM INDICATES DATA IS MISSING.
T  INDICATES TRACE AMOUNT.




$$
