000
CDUS44 KBMX 190742
CLIEET


CLIMATE REPORT
NATIONAL WEATHER SERVICE BIRMINGHAM, AL
241 AM CDT SAT AUG 19 2017


...................................

...THE SHELBY COUNTY AIRPORT CLIMATE SUMMARY FOR AUGUST 18 2017...

CLIMATE NORMAL PERIOD 1981 TO 2010
CLIMATE RECORD PERIOD 9999 TO 9999


WEATHER ITEM   OBSERVED TIME   RECORD YEAR NORMAL DEPARTURE LAST
                VALUE   (LST)  VALUE       VALUE  FROM      YEAR
                                                  NORMAL
..................................................................
TEMPERATURE (F)
 YESTERDAY
  MAXIMUM         90    444 PM  MM      MM  90      0       93
  MINIMUM         73   1159 PM  MM      MM  70      3       72
  AVERAGE         82                        80      2       83

PRECIPITATION (IN)
  YESTERDAY        0.00                      0.18  -0.18     0.24
  MONTH TO DATE    5.01                      2.75   2.26     1.56
  SINCE JUN 1     21.01                     12.14   8.87     7.34
  SINCE JAN 1     48.79                     36.07  12.72    29.86

DEGREE DAYS
 COOLING
  YESTERDAY       17                        15      2       18
  MONTH TO DATE  280                       282     -2      323
  SINCE JUN 1   1175                      1143     32     1346
  SINCE JAN 1   1597                      1412    185     1650
..................................................................


WIND (MPH)
  HIGHEST WIND SPEED    13   HIGHEST WIND DIRECTION    NW (310)
  HIGHEST GUST SPEED    18   HIGHEST GUST DIRECTION    NW (310)
  AVERAGE WIND SPEED     3.7


SKY COVER
  POSSIBLE SUNSHINE  MM
  AVERAGE SKY COVER 0.2


WEATHER CONDITIONS
 THE FOLLOWING WEATHER WAS RECORDED YESTERDAY.
  FOG


RELATIVE HUMIDITY (PERCENT)
 HIGHEST   100           400 AM
 LOWEST     52           200 PM
 AVERAGE    76

..........................................................


THE SHELBY COUNTY AIRPORT CLIMATE NORMALS FOR TODAY
                         NORMAL    RECORD    YEAR
 MAXIMUM TEMPERATURE (F)   90        MM        MM
 MINIMUM TEMPERATURE (F)   70        MM        MM


SUNRISE AND SUNSET
AUGUST 19 2017........SUNRISE   613 AM CDT   SUNSET   728 PM CDT
AUGUST 20 2017........SUNRISE   614 AM CDT   SUNSET   727 PM CDT


-  INDICATES NEGATIVE NUMBERS.
R  INDICATES RECORD WAS SET OR TIED.
MM INDICATES DATA IS MISSING.
T  INDICATES TRACE AMOUNT.




$$
