000
CDUS44 KBMX 242147
CLIEET


CLIMATE REPORT
NATIONAL WEATHER SERVICE BIRMINGHAM, AL
447 PM CDT SAT JUN 24 2017


...................................

...THE SHELBY COUNTY AIRPORT CLIMATE SUMMARY FOR JUNE 24 2017...
VALID TODAY AS OF 0400 PM LOCAL TIME.

CLIMATE NORMAL PERIOD 1981 TO 2010
CLIMATE RECORD PERIOD 9999 TO 9999


WEATHER ITEM   OBSERVED TIME   RECORD YEAR NORMAL DEPARTURE LAST
                VALUE   (LST)  VALUE       VALUE  FROM      YEAR
                                                  NORMAL
..................................................................
TEMPERATURE (F)
 TODAY
  MAXIMUM         85    232 PM  MM      MM  89     -4       93
  MINIMUM         73    548 AM  MM      MM  69      4       71
  AVERAGE         79                        79      0       82

PRECIPITATION (IN)
  TODAY            0.79                      0.15   0.64     0.00
  MONTH TO DATE   11.32                      3.74   7.58     2.56
  SINCE JUN 1     11.32                      3.74   7.58     2.56
  SINCE JAN 1     39.10                     27.67  11.43    25.08

DEGREE DAYS
 COOLING
  TODAY           14                        14      0       17
  MONTH TO DATE  294                       289      5      350
  SINCE JUN 1    294                       289      5      350
  SINCE JAN 1    716                       558    158      654
..................................................................


WIND (MPH)
  HIGHEST WIND SPEED     9   HIGHEST WIND DIRECTION     W (290)
  HIGHEST GUST SPEED    14   HIGHEST GUST DIRECTION    SW (210)
  AVERAGE WIND SPEED     4.2


SKY COVER
  POSSIBLE SUNSHINE  MM
  AVERAGE SKY COVER 0.7


WEATHER CONDITIONS
 THE FOLLOWING WEATHER WAS RECORDED TODAY.
  THUNDERSTORM
  HEAVY RAIN
  LIGHT RAIN
  FOG


RELATIVE HUMIDITY (PERCENT)
 HIGHEST   100           100 AM
 LOWEST     80           200 PM
 AVERAGE    90

..........................................................


THE SHELBY COUNTY AIRPORT CLIMATE NORMALS FOR TOMORROW
                         NORMAL    RECORD    YEAR
 MAXIMUM TEMPERATURE (F)   89        MM        MM
 MINIMUM TEMPERATURE (F)   69        MM        MM


SUNRISE AND SUNSET
JUNE 24 2017..........SUNRISE   539 AM CDT   SUNSET   800 PM CDT
JUNE 25 2017..........SUNRISE   540 AM CDT   SUNSET   800 PM CDT


-  INDICATES NEGATIVE NUMBERS.
R  INDICATES RECORD WAS SET OR TIED.
MM INDICATES DATA IS MISSING.
T  INDICATES TRACE AMOUNT.




$$
