000
CDUS46 KEKA 230043
CLIEKA


CLIMATE REPORT
NATIONAL WEATHER SERVICE EUREKA CA
541 PM PDT FRI MAY 22 2015


...................................

...THE EUREKA CA CLIMATE SUMMARY FOR MAY 22 2015...
VALID TODAY AS OF 0500 PM LOCAL TIME.

CLIMATE NORMAL PERIOD 1981 TO 2010
CLIMATE RECORD PERIOD 1886 TO 2015


WEATHER ITEM   OBSERVED RECORD YEAR NORMAL DEPARTURE LAST
                VALUE   VALUE       VALUE  FROM      YEAR
                                           NORMAL
...........................................................
TEMPERATURE (F)
 TODAY
  MAXIMUM         61     74    1985  61      0       60
  MINIMUM         52     40    1986  48      4       51
  AVERAGE         57                 54      3       56

PRECIPITATION (IN)
  TODAY            0.00   0.88 1958   0.05  -0.05      T
  MONTH TO DATE    T                  1.34  -1.34     0.58
  SINCE OCT 1     30.56              38.06  -7.50    17.54
  SINCE JAN 1     12.18              22.09  -9.91    15.64

SNOWFALL (IN)
  TODAY            0.0   MM      MM   0.0    0.0      0.0
  MONTH TO DATE    0.0                0.0    0.0      0.0
  SINCE MAR 1      T                  T      0.0      0.0
  SINCE JUL 1      T                  0.2   -0.2       T
  SNOW DEPTH      MM

...........................................................


WIND (MPH)
  HIGHEST WIND SPEED    14   HIGHEST WIND DIRECTION     N (360)
  HIGHEST GUST SPEED    17   HIGHEST GUST DIRECTION     N (10)
  AVERAGE WIND SPEED     7.3


SKY COVER
  AVERAGE SKY COVER 1.0


WEATHER CONDITIONS
 THE FOLLOWING WEATHER WAS RECORDED TODAY.
  FOG


..........................................................


THE EUREKA CA CLIMATE NORMALS FOR TOMORROW
                         NORMAL    RECORD    YEAR
 MAXIMUM TEMPERATURE (F)   61        67      1992
 MINIMUM TEMPERATURE (F)   48        37      2010


SUNRISE AND SUNSET
MAY 22 2015...........SUNRISE   554 AM PDT   SUNSET   834 PM PDT
MAY 23 2015...........SUNRISE   553 AM PDT   SUNSET   835 PM PDT


-  INDICATES NEGATIVE NUMBERS.
R  INDICATES RECORD WAS SET OR TIED.
MM INDICATES DATA IS MISSING.
T  INDICATES TRACE AMOUNT.




&&

..........................................................

TOTAL SEASON     NORMAL   % OF NORMAL     LAST SEASON

    30.56         38.06        80            17.54


$$
