000
CDUS46 KEKA 181215
CLIEKA


CLIMATE REPORT
NATIONAL WEATHER SERVICE EUREKA CA
414 AM PST MON DEC 18 2017


...................................

...THE EUREKA CA CLIMATE SUMMARY FOR DECEMBER 17 2017...

CLIMATE NORMAL PERIOD 1981 TO 2010
CLIMATE RECORD PERIOD 1886 TO 2017


WEATHER ITEM   OBSERVED RECORD YEAR NORMAL DEPARTURE LAST
                VALUE   VALUE       VALUE  FROM      YEAR
                                           NORMAL
...........................................................
TEMPERATURE (F)
 YESTERDAY
  MAXIMUM         54     72    1981  55     -1       48
                               1979
  MINIMUM         36     27    2008  40     -4       29
  AVERAGE         45                 48     -3       39

PRECIPITATION (IN)
  YESTERDAY        0.00   1.84 1941   0.28  -0.28     0.00
  MONTH TO DATE    0.87               4.46  -3.59     6.65
  SINCE OCT 1      9.91              12.31  -2.40    24.55
  SINCE JAN 1     47.98              36.67  11.31    51.91

SNOWFALL (IN)
  YESTERDAY        0.0    0.0  2001   0.0    0.0      0.0
  MONTH TO DATE    0.0                0.0    0.0      0.0
  SINCE DEC 1      0.0                0.0    0.0      0.0
  SINCE JUL 1      0.0                0.0    0.0       T
  SNOW DEPTH       0

DEGREE DAYS
 HEATING
  YESTERDAY       20                 17      3       26
  MONTH TO DATE  295                288      7      318
  SINCE DEC 1    295                288      7      318
  SINCE JUL 1   1555               1710   -155     1552

 COOLING
  YESTERDAY        0                  0      0        0
  MONTH TO DATE    0                  0      0        0
  SINCE DEC 1      0                  0      0        0
  SINCE JAN 1     15                  0     15        0
...........................................................


WIND (MPH)
  HIGHEST WIND SPEED    13   HIGHEST WIND DIRECTION     N (10)
  HIGHEST GUST SPEED    17   HIGHEST GUST DIRECTION    MM
  AVERAGE WIND SPEED     3.6


SKY COVER
  AVERAGE SKY COVER 0.5


WEATHER CONDITIONS
 THE FOLLOWING WEATHER WAS RECORDED YESTERDAY.
  NO SIGNIFICANT WEATHER WAS OBSERVED.


..........................................................


THE EUREKA CA CLIMATE NORMALS FOR TODAY
                         NORMAL    RECORD    YEAR
 MAXIMUM TEMPERATURE (F)   55        69      1979
 MINIMUM TEMPERATURE (F)   40        24      1924


SUNRISE AND SUNSET
DECEMBER 18 2017......SUNRISE   736 AM PST   SUNSET   451 PM PST
DECEMBER 19 2017......SUNRISE   737 AM PST   SUNSET   451 PM PST


-  INDICATES NEGATIVE NUMBERS.
R  INDICATES RECORD WAS SET OR TIED.
MM INDICATES DATA IS MISSING.
T  INDICATES TRACE AMOUNT.




&&

..........................................................

TOTAL SEASON     NORMAL   % OF NORMAL     LAST SEASON

     9.91         12.31        81            24.55


$$
