000
CDUS46 KEKA 281209
CLIEKA


CLIMATE REPORT
NATIONAL WEATHER SERVICE EUREKA CA
409 AM PST WED JAN 28 2015


...................................

...THE EUREKA CA CLIMATE SUMMARY FOR JANUARY 27 2015...

CLIMATE NORMAL PERIOD 1981 TO 2010
CLIMATE RECORD PERIOD 1886 TO 2015


WEATHER ITEM   OBSERVED RECORD YEAR NORMAL DEPARTURE LAST
                VALUE   VALUE       VALUE  FROM      YEAR
                                           NORMAL
...........................................................
TEMPERATURE (F)
 YESTERDAY
  MAXIMUM         58     73    1940  56      2       54
  MINIMUM         46     28    1957  41      5       40
  AVERAGE         52                 49      3       47

PRECIPITATION (IN)
  YESTERDAY        0.00   1.88 1967   0.20  -0.20      T
  MONTH TO DATE    1.36               5.74  -4.38     0.73
  SINCE JUL 1     22.87              22.79   0.08     5.85
  SINCE JAN 1      1.36               5.74  -4.38     0.73

SNOWFALL (IN)
  YESTERDAY        0.0    T    2008   0.0    0.0     MM
  MONTH TO DATE    0.0                0.0    0.0      0.0
  SINCE DEC 1      0.0                T      0.0       T
  SINCE JUL 1      0.0                T      0.0       T
  SNOW DEPTH       0

DEGREE DAYS
 HEATING
  YESTERDAY       13                 16     -3       18
  MONTH TO DATE  372                453    -81      470
  SINCE DEC 1    743                986   -243     1162
  SINCE JUL 1   1763               2408   -645     2613

 COOLING
  YESTERDAY        0                  0      0        0
  MONTH TO DATE    0                  0      0        0
  SINCE DEC 1      0                  0      0        0
  SINCE JAN 1      0                  0      0        0
...........................................................


WIND (MPH)
  HIGHEST WIND SPEED     6   HIGHEST WIND DIRECTION    NW (300)
  HIGHEST GUST SPEED     7   HIGHEST GUST DIRECTION    MM
  AVERAGE WIND SPEED     1.2


SKY COVER
  AVERAGE SKY COVER 0.9


WEATHER CONDITIONS
 THE FOLLOWING WEATHER WAS RECORDED YESTERDAY.
  FOG


..........................................................


THE EUREKA CA CLIMATE NORMALS FOR TODAY
                         NORMAL    RECORD    YEAR
 MAXIMUM TEMPERATURE (F)   56        70      1940
 MINIMUM TEMPERATURE (F)   41        29      1980


SUNRISE AND SUNSET
JANUARY 28 2015.......SUNRISE   731 AM PST   SUNSET   529 PM PST
JANUARY 29 2015.......SUNRISE   730 AM PST   SUNSET   530 PM PST


-  INDICATES NEGATIVE NUMBERS.
R  INDICATES RECORD WAS SET OR TIED.
MM INDICATES DATA IS MISSING.
T  INDICATES TRACE AMOUNT.




&&

..........................................................

TOTAL SEASON     NORMAL   % OF NORMAL     LAST SEASON

    22.87         22.79        100             5.85


$$
