000
CDUS46 KEKA 271210
CLIEKA


CLIMATE REPORT
NATIONAL WEATHER SERVICE EUREKA CA
509 AM PDT MON MAR 27 2017


...................................

...THE EUREKA CA CLIMATE SUMMARY FOR MARCH 26 2017...

CLIMATE NORMAL PERIOD 1981 TO 2010
CLIMATE RECORD PERIOD 1886 TO 2017


WEATHER ITEM   OBSERVED RECORD YEAR NORMAL DEPARTURE LAST
                VALUE   VALUE       VALUE  FROM      YEAR
                                           NORMAL
...........................................................
TEMPERATURE (F)
 YESTERDAY
  MAXIMUM         57     75    1895  57      0       58
  MINIMUM         45     33    1972  43      2       45
                               1920
                               1913
  AVERAGE         51                 50      1       52

PRECIPITATION (IN)
  YESTERDAY        0.25   2.02 1940   0.16   0.09     0.03
  MONTH TO DATE    7.18               4.56   2.62     7.98
  SINCE OCT 1     54.56              32.66  21.90    43.74
  SINCE JAN 1     28.79              16.69  12.10    23.02

SNOWFALL (IN)
  YESTERDAY       MM      T    2007   0.0   MM       MM
  MONTH TO DATE    T                  0.0    0.0      0.0
  SINCE MAR 1      T                  0.0    0.0      0.0
  SINCE JUL 1      T                  0.2   -0.2       T
  SNOW DEPTH       0

DEGREE DAYS
 HEATING
  YESTERDAY       14                 15     -1       13
  MONTH TO DATE  359                398    -39      318
  SINCE MAR 1    359                398    -39      318
  SINCE JUL 1   3248               3320    -72     2728

 COOLING
  YESTERDAY        0                  0      0        0
  MONTH TO DATE    0                  0      0        0
  SINCE MAR 1      0                  0      0        0
  SINCE JAN 1      0                  0      0        0
...........................................................


WIND (MPH)
  HIGHEST WIND SPEED    17   HIGHEST WIND DIRECTION    SE (150)
  HIGHEST GUST SPEED    30   HIGHEST GUST DIRECTION    SE (150)
  AVERAGE WIND SPEED     8.0


SKY COVER
  AVERAGE SKY COVER 1.0


WEATHER CONDITIONS
 THE FOLLOWING WEATHER WAS RECORDED YESTERDAY.
  LIGHT RAIN


..........................................................


THE EUREKA CA CLIMATE NORMALS FOR TODAY
                         NORMAL    RECORD    YEAR
 MAXIMUM TEMPERATURE (F)   57        78      1930
 MINIMUM TEMPERATURE (F)   43        32      1898


SUNRISE AND SUNSET
MARCH 27 2017.........SUNRISE   708 AM PDT   SUNSET   737 PM PDT
MARCH 28 2017.........SUNRISE   706 AM PDT   SUNSET   738 PM PDT


-  INDICATES NEGATIVE NUMBERS.
R  INDICATES RECORD WAS SET OR TIED.
MM INDICATES DATA IS MISSING.
T  INDICATES TRACE AMOUNT.




&&

..........................................................

TOTAL SEASON     NORMAL   % OF NORMAL     LAST SEASON

    54.56         32.66        167            43.74


$$
