000
CDUS46 KEKA 231217
CLIEKA


CLIMATE REPORT
NATIONAL WEATHER SERVICE EUREKA CA
517 AM PDT THU OCT 23 2014


...................................

...THE EUREKA CA CLIMATE SUMMARY FOR OCTOBER 22 2014...

CLIMATE NORMAL PERIOD 1981 TO 2010
CLIMATE RECORD PERIOD 1886 TO 2014


WEATHER ITEM   OBSERVED RECORD YEAR NORMAL DEPARTURE LAST
                VALUE   VALUE       VALUE  FROM      YEAR
                                           NORMAL
...........................................................
TEMPERATURE (F)
 YESTERDAY
  MAXIMUM         67     75    1965  61      6       50
  MINIMUM         58     37    2000  47     11       44
                               1935
  AVERAGE         63                 54      9       47

PRECIPITATION (IN)
  YESTERDAY        0.45   1.72 1985   0.08   0.37     0.00
  MONTH TO DATE    2.15               1.26   0.89     0.01
  SINCE JUL 1      5.28               2.34   2.94     3.23
  SINCE JAN 1     21.27              25.62  -4.35    14.71

SNOWFALL (IN)
  YESTERDAY        0.0    0.0  2002   0.0    0.0      0.0
                               2001
  MONTH TO DATE    0.0                0.0    0.0      0.0
  SINCE SEP 1      0.0                0.0    0.0      0.0
  SINCE JUL 1      0.0                0.0    0.0      0.0
  SNOW DEPTH       0

DEGREE DAYS
 HEATING
  YESTERDAY        2                 11     -9       18
  MONTH TO DATE  118                225   -107      288
  SINCE SEP 1    278                464   -186      426
  SINCE JUL 1    641                890   -249      845

 COOLING
  YESTERDAY        0                  0      0        0
  MONTH TO DATE    0                  0      0        0
  SINCE SEP 1      3                  0      3        1
  SINCE JAN 1      4                  0      4        6
...........................................................


WIND (MPH)
  HIGHEST WIND SPEED    17   HIGHEST WIND DIRECTION     S (180)
  HIGHEST GUST SPEED    25   HIGHEST GUST DIRECTION     S (180)
  AVERAGE WIND SPEED    10.7


SKY COVER
  AVERAGE SKY COVER 1.0


WEATHER CONDITIONS
 THE FOLLOWING WEATHER WAS RECORDED YESTERDAY.
  RAIN
  LIGHT RAIN


..........................................................


THE EUREKA CA CLIMATE NORMALS FOR TODAY
                         NORMAL    RECORD    YEAR
 MAXIMUM TEMPERATURE (F)   61        80      1965
 MINIMUM TEMPERATURE (F)   47        37      1935


SUNRISE AND SUNSET
OCTOBER 23 2014.......SUNRISE   737 AM PDT   SUNSET   624 PM PDT
OCTOBER 24 2014.......SUNRISE   738 AM PDT   SUNSET   623 PM PDT


-  INDICATES NEGATIVE NUMBERS.
R  INDICATES RECORD WAS SET OR TIED.
MM INDICATES DATA IS MISSING.
T  INDICATES TRACE AMOUNT.




&&

..........................................................

TOTAL SEASON     NORMAL   % OF NORMAL     LAST SEASON

     5.28          2.34        226             3.23


$$
