000
CDUS46 KEKA 221210
CLIEKA


CLIMATE REPORT
NATIONAL WEATHER SERVICE EUREKA CA
510 AM PDT TUE JUL 22 2014


...................................

...THE EUREKA CA CLIMATE SUMMARY FOR JULY 21 2014...

CLIMATE NORMAL PERIOD 1981 TO 2010
CLIMATE RECORD PERIOD 1886 TO 2014


WEATHER ITEM   OBSERVED RECORD YEAR NORMAL DEPARTURE LAST
                VALUE   VALUE       VALUE  FROM      YEAR
                                           NORMAL
...........................................................
TEMPERATURE (F)
 YESTERDAY
  MAXIMUM         65     74    2007  64      1       59
  MINIMUM         55     47    1962  52      3       51
                               1914
  AVERAGE         60                 58      2       55

PRECIPITATION (IN)
  YESTERDAY        0.00   0.09 1964   0.00   0.00      T
  MONTH TO DATE    0.02               0.13  -0.11      T
  SINCE JUL 1      0.02               0.13  -0.11      T
  SINCE JAN 1     16.01              23.41  -7.40    11.48

SNOWFALL (IN)
  YESTERDAY        0.0    0.0  2002   0.0    0.0      0.0
                               2001
  MONTH TO DATE    0.0                0.0    0.0      0.0
  SINCE JUN 1      0.0                0.0    0.0      0.0
  SINCE JUL 1      0.0                0.0    0.0      0.0
  SNOW DEPTH       0

DEGREE DAYS
 HEATING
  YESTERDAY        5                  7     -2       10
  MONTH TO DATE  127                158    -31      170
  SINCE JUN 1    379                424    -45      393
  SINCE JUL 1    127                158    -31      170

 COOLING
  YESTERDAY        0                  0      0        0
  MONTH TO DATE    0                  0      0        0
  SINCE JUN 1      0                  0      0        0
  SINCE JAN 1      1                  0      1        0
...........................................................


WIND (MPH)
  HIGHEST WIND SPEED    13   HIGHEST WIND DIRECTION     W (290)
  HIGHEST GUST SPEED    17   HIGHEST GUST DIRECTION     W (260)
  AVERAGE WIND SPEED     5.9


SKY COVER
  AVERAGE SKY COVER 0.9


WEATHER CONDITIONS
 THE FOLLOWING WEATHER WAS RECORDED YESTERDAY.
  NO SIGNIFICANT WEATHER WAS OBSERVED.


..........................................................


THE EUREKA CA CLIMATE NORMALS FOR TODAY
                         NORMAL    RECORD    YEAR
 MAXIMUM TEMPERATURE (F)   64        73      2007
 MINIMUM TEMPERATURE (F)   52        47      1962
                                             1924
                                             1893


SUNRISE AND SUNSET
JULY 22 2014..........SUNRISE   604 AM PDT   SUNSET   842 PM PDT
JULY 23 2014..........SUNRISE   605 AM PDT   SUNSET   841 PM PDT


-  INDICATES NEGATIVE NUMBERS.
R  INDICATES RECORD WAS SET OR TIED.
MM INDICATES DATA IS MISSING.
T  INDICATES TRACE AMOUNT.




&&

..........................................................

TOTAL SEASON     NORMAL   % OF NORMAL     LAST SEASON

     0.02          0.13        15             0.00

$$
