000
CDUS46 KEKA 241217
CLIEKA


CLIMATE REPORT
NATIONAL WEATHER SERVICE EUREKA CA
513 AM PDT THU APR 24 2014


...................................

...THE EUREKA CA CLIMATE SUMMARY FOR APRIL 23 2014...

CLIMATE NORMAL PERIOD 1981 TO 2010
CLIMATE RECORD PERIOD 1886 TO 2014


WEATHER ITEM   OBSERVED RECORD YEAR NORMAL DEPARTURE LAST
                VALUE   VALUE       VALUE  FROM      YEAR
                                           NORMAL
...........................................................
TEMPERATURE (F)
 YESTERDAY
  MAXIMUM         59     68    1888  58      1       67
  MINIMUM         48     38    1960  45      3       42
                               1892
  AVERAGE         54                 51      3       55

PRECIPITATION (IN)
  YESTERDAY        0.23   1.46 1996   0.10   0.13     0.00
  MONTH TO DATE    0.92               2.71  -1.79     2.44
  SINCE JUL 1     19.73              37.19 -17.46    30.71
  SINCE JAN 1     14.61              20.14  -5.53     9.88

SNOWFALL (IN)
  YESTERDAY        0.0   MM      MM   0.0    0.0      0.0
  MONTH TO DATE    0.0                0.0    0.0      0.0
  SINCE MAR 1      0.0                0.0    0.0      0.0
  SINCE JUL 1      T                  0.2   -0.2       T
  SNOW DEPTH       0

DEGREE DAYS
 HEATING
  YESTERDAY       11                 14     -3       10
  MONTH TO DATE  302                333    -31      328
  SINCE MAR 1    712                809    -97      858
  SINCE JUL 1   3803               3731     72     4096

 COOLING
  YESTERDAY        0                  0      0        0
  MONTH TO DATE    0                  0      0        0
  SINCE MAR 1      0                  0      0        0
  SINCE JAN 1      0                  0      0        0
...........................................................


WIND (MPH)
  HIGHEST WIND SPEED    14   HIGHEST WIND DIRECTION     S (180)
  HIGHEST GUST SPEED    18   HIGHEST GUST DIRECTION     S (180)
  AVERAGE WIND SPEED     8.0


SKY COVER
  AVERAGE SKY COVER 1.0


WEATHER CONDITIONS
 THE FOLLOWING WEATHER WAS RECORDED YESTERDAY.
  LIGHT RAIN
  FOG


..........................................................


THE EUREKA CA CLIMATE NORMALS FOR TODAY
                         NORMAL    RECORD    YEAR
 MAXIMUM TEMPERATURE (F)   58        70      2013
 MINIMUM TEMPERATURE (F)   45        36      2008


SUNRISE AND SUNSET
APRIL 24 2014.........SUNRISE   624 AM PDT   SUNSET   806 PM PDT
APRIL 25 2014.........SUNRISE   623 AM PDT   SUNSET   807 PM PDT


-  INDICATES NEGATIVE NUMBERS.
R  INDICATES RECORD WAS SET OR TIED.
MM INDICATES DATA IS MISSING.
T  INDICATES TRACE AMOUNT.




&&

..........................................................

TOTAL SEASON     NORMAL   % OF NORMAL     LAST SEASON

    19.73         37.19        53            30.71

$$
