852
CDUS46 KEKA 131210
CLIEKA


CLIMATE REPORT
NATIONAL WEATHER SERVICE EUREKA CA
409 AM PST SAT FEB 13 2016


...................................

...THE EUREKA CA CLIMATE SUMMARY FOR FEBRUARY 12 2016...

CLIMATE NORMAL PERIOD 1981 TO 2010
CLIMATE RECORD PERIOD 1886 TO 2016


WEATHER ITEM   OBSERVED RECORD YEAR NORMAL DEPARTURE LAST
                VALUE   VALUE       VALUE  FROM      YEAR
                                           NORMAL
...........................................................
TEMPERATURE (F)
 YESTERDAY
  MAXIMUM         59     72    1971  56      3       63
  MINIMUM         48     29    2001  42      6       41
                               1949
  AVERAGE         54                 49      5       52

PRECIPITATION (IN)
  YESTERDAY        0.07   1.77 1895   0.20  -0.13     0.00
  MONTH TO DATE    0.45               2.43  -1.98     4.56
  SINCE OCT 1     33.23              24.90   8.33    24.30
  SINCE JAN 1     12.51               8.93   3.58     5.92

SNOWFALL (IN)
  YESTERDAY       MM      0.0  2002   0.0   MM        0.0
  MONTH TO DATE    0.0                0.1   -0.1      0.0
  SINCE DEC 1      T                  0.1   -0.1      0.0
  SINCE JUL 1      T                  0.1   -0.1      0.0
  SNOW DEPTH       0

DEGREE DAYS
 HEATING
  YESTERDAY       11                 16     -5       13
  MONTH TO DATE  156                192    -36      109
  SINCE DEC 1   1088               1241   -153      904
  SINCE JUL 1   2170               2663   -493     1924

 COOLING
  YESTERDAY        0                  0      0        0
  MONTH TO DATE    0                  0      0        0
  SINCE DEC 1      0                  0      0        0
  SINCE JAN 1      0                  0      0        0
...........................................................


WIND (MPH)
  HIGHEST WIND SPEED     8   HIGHEST WIND DIRECTION     W (250)
  HIGHEST GUST SPEED    12   HIGHEST GUST DIRECTION    MM
  AVERAGE WIND SPEED     2.7


SKY COVER
  AVERAGE SKY COVER 0.9


WEATHER CONDITIONS
 THE FOLLOWING WEATHER WAS RECORDED YESTERDAY.
  LIGHT RAIN
  FOG W/VISIBILITY <= 1/4 MILE


..........................................................


THE EUREKA CA CLIMATE NORMALS FOR TODAY
                         NORMAL    RECORD    YEAR
 MAXIMUM TEMPERATURE (F)   56        70      1943
 MINIMUM TEMPERATURE (F)   42        28      1903


SUNRISE AND SUNSET
FEBRUARY 13 2016......SUNRISE   714 AM PST   SUNSET   549 PM PST
FEBRUARY 14 2016......SUNRISE   712 AM PST   SUNSET   550 PM PST


-  INDICATES NEGATIVE NUMBERS.
R  INDICATES RECORD WAS SET OR TIED.
MM INDICATES DATA IS MISSING.
T  INDICATES TRACE AMOUNT.




&&

..........................................................

TOTAL SEASON     NORMAL   % OF NORMAL     LAST SEASON

    33.23         24.90        133            24.30


$$
