000
CDUS41 KRLX 202216
CLIEKN


CLIMATE REPORT
NATIONAL WEATHER SERVICE CHARLESTON WV
516 PM EST SAT DEC 20 2014


...................................

...THE ELKINS WV CLIMATE SUMMARY FOR DECEMBER 20 2014...
VALID TODAY AS OF 0500 PM LOCAL TIME.

CLIMATE NORMAL PERIOD 1981 TO 2010
CLIMATE RECORD PERIOD 1899 TO 2014


WEATHER ITEM   OBSERVED TIME   RECORD YEAR NORMAL DEPARTURE LAST
                VALUE   (LST)  VALUE       VALUE  FROM      YEAR
                                                  NORMAL
..................................................................
TEMPERATURE (F)
 TODAY
  MAXIMUM         34    359 PM  65    1949  41     -7       60
  MINIMUM         23    806 AM  -8    1942  22      1       29
  AVERAGE         29                        31     -2       45

PRECIPITATION (IN)
  TODAY            0.00          1.30 1978   0.09  -0.09     0.01
  MONTH TO DATE    3.28                      2.17   1.11     4.51
  SINCE DEC 1      3.28                      2.17   1.11     4.51
  SINCE JAN 1     41.66                     44.84  -3.18    44.25

DEGREE DAYS
 HEATING
  TODAY           36                        34      2       20
  MONTH TO DATE  572                       626    -54      603
  SINCE DEC 1    572                       626    -54      603
  SINCE JUL 1   1928                      1910     18     1898

 COOLING
  TODAY            0                         0      0        0
  MONTH TO DATE    0                         0      0        0
  SINCE DEC 1      0                         0      0        0
  SINCE JAN 1    505                       475     30      533
..................................................................


WIND (MPH)
  HIGHEST WIND SPEED     6   HIGHEST WIND DIRECTION     N (360)
  HIGHEST GUST SPEED     7   HIGHEST GUST DIRECTION     N (360)
  AVERAGE WIND SPEED     2.2


SKY COVER
  POSSIBLE SUNSHINE  MM
  AVERAGE SKY COVER 0.9


WEATHER CONDITIONS
 THE FOLLOWING WEATHER WAS RECORDED TODAY.
  FOG


RELATIVE HUMIDITY (PERCENT)
 HIGHEST    96           800 AM
 LOWEST     69           200 PM
 AVERAGE    83

..........................................................


THE ELKINS WV CLIMATE NORMALS FOR TOMORROW
                         NORMAL    RECORD    YEAR
 MAXIMUM TEMPERATURE (F)   41        74      2013
 MINIMUM TEMPERATURE (F)   21       -15      1942


SUNRISE AND SUNSET
DECEMBER 20 2014......SUNRISE   734 AM EST   SUNSET   500 PM EST
DECEMBER 21 2014......SUNRISE   734 AM EST   SUNSET   501 PM EST


-  INDICATES NEGATIVE NUMBERS.
R  INDICATES RECORD WAS SET OR TIED.
MM INDICATES DATA IS MISSING.
T  INDICATES TRACE AMOUNT.




$$
