000
CDUS41 KRLX 240741
CLIEKN


CLIMATE REPORT
NATIONAL WEATHER SERVICE CHARLESTON WV
338 AM EDT SAT JUN 24 2017


...................................

...THE ELKINS WV CLIMATE SUMMARY FOR JUNE 23 2017...

CLIMATE NORMAL PERIOD 1981 TO 2010
CLIMATE RECORD PERIOD 1899 TO 2017


WEATHER ITEM   OBSERVED TIME   RECORD YEAR NORMAL DEPARTURE LAST
                VALUE   (LST)  VALUE       VALUE  FROM      YEAR
                                                  NORMAL
..................................................................
TEMPERATURE (F)
 YESTERDAY
  MAXIMUM         83    422 PM  89    1899  80      3       68
  MINIMUM         66   1159 PM  38    1992  57      9       60
                                      1963
                                      1902
  AVERAGE         75                        68      7       64

PRECIPITATION (IN)
  YESTERDAY        1.59          2.10 2016   0.14   1.45     2.10
  MONTH TO DATE    3.64                      3.28   0.36     4.92
  SINCE JAN 1     24.34                     22.49   1.85    22.36

SNOWFALL (IN)
  YESTERDAY        0.0
  MONTH TO DATE    0.0
  SINCE SEP 1     44.5
  SNOW DEPTH       0

DEGREE DAYS
 HEATING
  YESTERDAY        0                         1     -1        1
  MONTH TO DATE   42                        49     -7       25
  SINCE JUN 1     42                        49     -7       25
  SINCE JUL 1   4631                      5846  -1215     4985

 COOLING
  YESTERDAY       10                         4      6        0
  MONTH TO DATE   91                        61     30       84
  SINCE JUN 1     91                        61     30       84
  SINCE JAN 1    135                        84     51      113
..................................................................


WIND (MPH)
  HIGHEST WIND SPEED    23   HIGHEST WIND DIRECTION    SW (210)
  HIGHEST GUST SPEED    35   HIGHEST GUST DIRECTION    SW (210)
  AVERAGE WIND SPEED     8.7


SKY COVER
  POSSIBLE SUNSHINE  MM
  AVERAGE SKY COVER 0.7


WEATHER CONDITIONS
 THE FOLLOWING WEATHER WAS RECORDED YESTERDAY.
  HEAVY RAIN
  RAIN
  LIGHT RAIN
  FOG


RELATIVE HUMIDITY (PERCENT)
 HIGHEST    90          1200 AM
 LOWEST     55           400 PM
 AVERAGE    73

..........................................................


THE ELKINS WV CLIMATE NORMALS FOR TODAY
                         NORMAL    RECORD    YEAR
 MAXIMUM TEMPERATURE (F)   80        90      1949
                                             1914
 MINIMUM TEMPERATURE (F)   57        37      1915


SUNRISE AND SUNSET
JUNE 24 2017..........SUNRISE   555 AM EDT   SUNSET   849 PM EDT
JUNE 25 2017..........SUNRISE   555 AM EDT   SUNSET   849 PM EDT


-  INDICATES NEGATIVE NUMBERS.
R  INDICATES RECORD WAS SET OR TIED.
MM INDICATES DATA IS MISSING.
T  INDICATES TRACE AMOUNT.




$$
