000
CDUS41 KRLX 262117
CLIEKN


CLIMATE REPORT
NATIONAL WEATHER SERVICE CHARLESTON WV
517 PM EDT MON SEP 26 2016


...................................

...THE ELKINS WV CLIMATE SUMMARY FOR SEPTEMBER 26 2016...
VALID TODAY AS OF 0500 PM LOCAL TIME.

CLIMATE NORMAL PERIOD 1981 TO 2010
CLIMATE RECORD PERIOD 1899 TO 2016


WEATHER ITEM   OBSERVED TIME   RECORD YEAR NORMAL DEPARTURE LAST
                VALUE   (LST)  VALUE       VALUE  FROM      YEAR
                                                  NORMAL
..................................................................
TEMPERATURE (F)
 TODAY
  MAXIMUM         85   1237 PM  87    1930  70     15       64
                                      1908
  MINIMUM         49    635 AM  30    1950  47      2       57
  AVERAGE         67                        58      9       61

PRECIPITATION (IN)
  TODAY            0.35          1.57 1902   0.12   0.23      T
  MONTH TO DATE    0.72                      3.18  -2.46     1.42
  SINCE SEP 1      0.72                      3.18  -2.46     1.42
  SINCE JAN 1     30.72                     35.99  -5.27    38.87

DEGREE DAYS
 HEATING
  TODAY            0                         7     -7        4
  MONTH TO DATE    5                        97    -92       56
  SINCE SEP 1      5                        97    -92       56
  SINCE JUL 1      5                       127   -122       67

 COOLING
  TODAY            2                         1      1        0
  MONTH TO DATE  114                        44     70       79
  SINCE SEP 1    114                        44     70       79
  SINCE JAN 1    803                       470    333      620
..................................................................


WIND (MPH)
  HIGHEST WIND SPEED    28   HIGHEST WIND DIRECTION    NW (300)
  HIGHEST GUST SPEED    38   HIGHEST GUST DIRECTION    NW (310)
  AVERAGE WIND SPEED     3.9


SKY COVER
  POSSIBLE SUNSHINE  MM
  AVERAGE SKY COVER 0.3


WEATHER CONDITIONS
 THE FOLLOWING WEATHER WAS RECORDED TODAY.
  HEAVY RAIN
  RAIN
  LIGHT RAIN
  FOG


RELATIVE HUMIDITY (PERCENT)
 HIGHEST    93           200 AM
 LOWEST     43           100 PM
 AVERAGE    68

..........................................................


THE ELKINS WV CLIMATE NORMALS FOR TOMORROW
                         NORMAL    RECORD    YEAR
 MAXIMUM TEMPERATURE (F)   70        85      1946
                                             1900
 MINIMUM TEMPERATURE (F)   46        29      1918


SUNRISE AND SUNSET
SEPTEMBER 26 2016.....SUNRISE   711 AM EDT   SUNSET   709 PM EDT
SEPTEMBER 27 2016.....SUNRISE   712 AM EDT   SUNSET   708 PM EDT


-  INDICATES NEGATIVE NUMBERS.
R  INDICATES RECORD WAS SET OR TIED.
MM INDICATES DATA IS MISSING.
T  INDICATES TRACE AMOUNT.




$$
