000
CDUS41 KRLX 310720
CLIEKN


CLIMATE REPORT
NATIONAL WEATHER SERVICE CHARLESTON WV
320 AM EDT TUE MAY 31 2016


...................................

...THE ELKINS WV CLIMATE SUMMARY FOR MAY 30 2016...

CLIMATE NORMAL PERIOD 1981 TO 2010
CLIMATE RECORD PERIOD 1899 TO 2016


WEATHER ITEM   OBSERVED TIME   RECORD YEAR NORMAL DEPARTURE LAST
                VALUE   (LST)  VALUE       VALUE  FROM      YEAR
                                                  NORMAL
..................................................................
TEMPERATURE (F)
 YESTERDAY
  MAXIMUM         82    328 PM  89    2006  74      8       81
                                      1919
  MINIMUM         54    525 AM  32    1949  50      4       60
  AVERAGE         68                        62      6       71

PRECIPITATION (IN)
  YESTERDAY        0.00          1.10 1940   0.17  -0.17     0.10
  MONTH TO DATE    6.24                      4.96   1.28     1.79
  SINCE JAN 1     17.44                     19.05  -1.61    21.85

SNOWFALL (IN)
  YESTERDAY        0.0
  MONTH TO DATE    T
  SINCE SEP 1     59.0
  SNOW DEPTH       0

DEGREE DAYS
 HEATING
  YESTERDAY        0                         4     -4        0
  MONTH TO DATE  230                       231     -1      108
  SINCE MAR 1   1218                      1473   -255     1304
  SINCE JUL 1   4960                      5794   -834     5935

 COOLING
  YESTERDAY        3                         1      2        6
  MONTH TO DATE   22                        17      5       57
  SINCE MAR 1     25                        20      5       60
  SINCE JAN 1     25                        20      5       60
..................................................................


WIND (MPH)
  HIGHEST WIND SPEED    16   HIGHEST WIND DIRECTION     N (350)
  HIGHEST GUST SPEED    21   HIGHEST GUST DIRECTION     N (350)
  AVERAGE WIND SPEED     2.5


SKY COVER
  POSSIBLE SUNSHINE  MM
  AVERAGE SKY COVER 0.2


WEATHER CONDITIONS
 THE FOLLOWING WEATHER WAS RECORDED YESTERDAY.
  FOG


RELATIVE HUMIDITY (PERCENT)
 HIGHEST    93           200 AM
 LOWEST     45           400 PM
 AVERAGE    69

..........................................................


THE ELKINS WV CLIMATE NORMALS FOR TODAY
                         NORMAL    RECORD    YEAR
 MAXIMUM TEMPERATURE (F)   74        92      1919
 MINIMUM TEMPERATURE (F)   50        33      2001
                                             1984
                                             1966


SUNRISE AND SUNSET
MAY 31 2016...........SUNRISE   556 AM EDT   SUNSET   839 PM EDT
JUNE  1 2016..........SUNRISE   556 AM EDT   SUNSET   839 PM EDT


-  INDICATES NEGATIVE NUMBERS.
R  INDICATES RECORD WAS SET OR TIED.
MM INDICATES DATA IS MISSING.
T  INDICATES TRACE AMOUNT.




$$
