000
CDUS41 KRLX 120838
CLIEKN


CLIMATE REPORT
NATIONAL WEATHER SERVICE CHARLESTON WV
335 AM EST FRI FEB 12 2016


...................................

...THE ELKINS WV CLIMATE SUMMARY FOR FEBRUARY 11 2016...

CLIMATE NORMAL PERIOD 1981 TO 2010
CLIMATE RECORD PERIOD 1899 TO 2016


WEATHER ITEM   OBSERVED TIME   RECORD YEAR NORMAL DEPARTURE LAST
                VALUE   (LST)  VALUE       VALUE  FROM      YEAR
                                                  NORMAL
..................................................................
TEMPERATURE (F)
 YESTERDAY
  MAXIMUM         18    333 PM  77    1932  42    -24       47
  MINIMUM          2   1153 PM -20    1899  21    -19       24
  AVERAGE         10                        31    -21       36

PRECIPITATION (IN)
  YESTERDAY        T             1.12 1938   0.11  -0.11     0.00
  MONTH TO DATE    0.64                      1.17  -0.53     0.98
  SINCE JAN 1      3.01                      4.40  -1.39     4.00

SNOWFALL (IN)
  YESTERDAY        1.4
  MONTH TO DATE    6.5
  SINCE SEP 1     34.4
  SNOW DEPTH       6

DEGREE DAYS
 HEATING
  YESTERDAY       55                        34     21       29
  MONTH TO DATE  360                       379    -19      381
  SINCE DEC 1   2187                      2496   -309     2406
  SINCE JUL 1   3190                      3780   -590     3762

 COOLING
  YESTERDAY        0                         0      0        0
  MONTH TO DATE    0                         0      0        0
  SINCE DEC 1      0                         0      0        0
  SINCE JAN 1      0                         0      0        0
..................................................................


WIND (MPH)
  HIGHEST WIND SPEED    21   HIGHEST WIND DIRECTION    NW (310)
  HIGHEST GUST SPEED    30   HIGHEST GUST DIRECTION    NW (300)
  AVERAGE WIND SPEED     7.8


SKY COVER
  POSSIBLE SUNSHINE  MM
  AVERAGE SKY COVER 1.0


WEATHER CONDITIONS
 THE FOLLOWING WEATHER WAS RECORDED YESTERDAY.
  LIGHT SNOW


RELATIVE HUMIDITY (PERCENT)
 HIGHEST    67          1200 AM
 LOWEST     51           100 PM
 AVERAGE    59

..........................................................


THE ELKINS WV CLIMATE NORMALS FOR TODAY
                         NORMAL    RECORD    YEAR
 MAXIMUM TEMPERATURE (F)   42        68      1984
 MINIMUM TEMPERATURE (F)   21       -11      1964


SUNRISE AND SUNSET
FEBRUARY 12 2016......SUNRISE   715 AM EST   SUNSET   553 PM EST
FEBRUARY 13 2016......SUNRISE   714 AM EST   SUNSET   554 PM EST


-  INDICATES NEGATIVE NUMBERS.
R  INDICATES RECORD WAS SET OR TIED.
MM INDICATES DATA IS MISSING.
T  INDICATES TRACE AMOUNT.




$$
