000
CDUS41 KRLX 300718
CLIEKN


CLIMATE REPORT
NATIONAL WEATHER SERVICE CHARLESTON WV
318 AM EDT SAT MAY 30 2015


...................................

...THE ELKINS WV CLIMATE SUMMARY FOR MAY 29 2015...

CLIMATE NORMAL PERIOD 1981 TO 2010
CLIMATE RECORD PERIOD 1899 TO 2015


WEATHER ITEM   OBSERVED TIME   RECORD YEAR NORMAL DEPARTURE LAST
                VALUE   (LST)  VALUE       VALUE  FROM      YEAR
                                                  NORMAL
..................................................................
TEMPERATURE (F)
 YESTERDAY
  MAXIMUM         81   1114 AM  90    1914  74      7       76
  MINIMUM         56    452 AM  32    1964  50      6       59
  AVERAGE         69                        62      7       68

PRECIPITATION (IN)
  YESTERDAY        0.17          1.85 1921   0.17   0.00     0.16
  MONTH TO DATE    1.69                      4.79  -3.10     3.95
  SINCE JAN 1     21.75                     18.88   2.87    15.34

SNOWFALL (IN)
  YESTERDAY        0.0
  MONTH TO DATE    0.0
  SINCE SEP 1     70.3
  SNOW DEPTH       0

DEGREE DAYS
 HEATING
  YESTERDAY        0                         5     -5        0
  MONTH TO DATE  108                       227   -119      178
  SINCE MAR 1   1304                      1469   -165     1462
  SINCE JUL 1   5935                      5790    145     5985

 COOLING
  YESTERDAY        4                         1      3        3
  MONTH TO DATE   51                        16     35       34
  SINCE MAR 1     54                        19     35       36
  SINCE JAN 1     54                        19     35       36
..................................................................


WIND (MPH)
  HIGHEST WIND SPEED    17   HIGHEST WIND DIRECTION     W (260)
  HIGHEST GUST SPEED    29   HIGHEST GUST DIRECTION    SE (140)
  AVERAGE WIND SPEED     1.7


SKY COVER
  POSSIBLE SUNSHINE  MM
  AVERAGE SKY COVER 0.4


WEATHER CONDITIONS
 THE FOLLOWING WEATHER WAS RECORDED YESTERDAY.
  HEAVY RAIN
  RAIN
  LIGHT RAIN
  FOG
  FOG W/VISIBILITY <= 1/4 MILE


RELATIVE HUMIDITY (PERCENT)
 HIGHEST    93           200 AM
 LOWEST     51          1100 AM
 AVERAGE    72

..........................................................


THE ELKINS WV CLIMATE NORMALS FOR TODAY
                         NORMAL    RECORD    YEAR
 MAXIMUM TEMPERATURE (F)   74        89      2006
                                             1919
 MINIMUM TEMPERATURE (F)   50        32      1949


SUNRISE AND SUNSET
MAY 30 2015...........SUNRISE   557 AM EDT   SUNSET   837 PM EDT
MAY 31 2015...........SUNRISE   557 AM EDT   SUNSET   838 PM EDT


-  INDICATES NEGATIVE NUMBERS.
R  INDICATES RECORD WAS SET OR TIED.
MM INDICATES DATA IS MISSING.
T  INDICATES TRACE AMOUNT.




$$
