000
CDUS41 KRLX 200716
CLIEKN


CLIMATE REPORT
NATIONAL WEATHER SERVICE CHARLESTON WV
315 AM EDT FRI OCT 20 2017


...................................

...THE ELKINS WV CLIMATE SUMMARY FOR OCTOBER 19 2017...

CLIMATE NORMAL PERIOD 1981 TO 2010
CLIMATE RECORD PERIOD 1899 TO 2017


WEATHER ITEM   OBSERVED TIME   RECORD YEAR NORMAL DEPARTURE LAST
                VALUE   (LST)  VALUE       VALUE  FROM      YEAR
                                                  NORMAL
..................................................................
TEMPERATURE (F)
 YESTERDAY
  MAXIMUM         71    337 PM  84    1904  63      8       79
  MINIMUM         31    650 AM  20    1972  37     -6       56
  AVERAGE         51                        50      1       68

PRECIPITATION (IN)
  YESTERDAY        0.00          1.47 1906   0.08  -0.08      T
  MONTH TO DATE    1.93                      1.72   0.21     1.22
  SINCE JAN 1     37.43                     38.16  -0.73    36.32

SNOWFALL (IN)
  YESTERDAY        0.0           2.2  1972   0.0    0.0      0.0
  MONTH TO DATE    0.0                       0.1   -0.1      0.0
  SINCE SEP 1      0.0                       0.1   -0.1      0.0
  SNOW DEPTH       0

DEGREE DAYS
 HEATING
  YESTERDAY       14                        15     -1        0
  MONTH TO DATE  102                       229   -127      132
  SINCE SEP 1    205                       359   -154      154
  SINCE JUL 1    227                       389   -162      154

 COOLING
  YESTERDAY        0                         0      0        3
  MONTH TO DATE   25                         0     25        3
  SINCE SEP 1     82                        45     37      118
  SINCE JAN 1    544                       471     73      807
..................................................................


WIND (MPH)
  HIGHEST WIND SPEED    12   HIGHEST WIND DIRECTION     W (250)
  HIGHEST GUST SPEED    16   HIGHEST GUST DIRECTION     W (280)
  AVERAGE WIND SPEED     2.1


SKY COVER
  POSSIBLE SUNSHINE  MM
  AVERAGE SKY COVER 0.0


WEATHER CONDITIONS
 THE FOLLOWING WEATHER WAS RECORDED YESTERDAY.
  FOG


RELATIVE HUMIDITY (PERCENT)
 HIGHEST    92           100 AM
 LOWEST     28           300 PM
 AVERAGE    60

..........................................................


THE ELKINS WV CLIMATE NORMALS FOR TODAY
                         NORMAL    RECORD    YEAR
 MAXIMUM TEMPERATURE (F)   63        83      2016
 MINIMUM TEMPERATURE (F)   37        15      1992


SUNRISE AND SUNSET
OCTOBER 20 2017.......SUNRISE   734 AM EDT   SUNSET   634 PM EDT
OCTOBER 21 2017.......SUNRISE   735 AM EDT   SUNSET   632 PM EDT


-  INDICATES NEGATIVE NUMBERS.
R  INDICATES RECORD WAS SET OR TIED.
MM INDICATES DATA IS MISSING.
T  INDICATES TRACE AMOUNT.




$$
