000
CDUS41 KRLX 260728
CLIEKN


CLIMATE REPORT
NATIONAL WEATHER SERVICE CHARLESTON WV
327 AM EDT FRI AUG 26 2016


...................................

...THE ELKINS WV CLIMATE SUMMARY FOR AUGUST 25 2016...

CLIMATE NORMAL PERIOD 1981 TO 2010
CLIMATE RECORD PERIOD 1899 TO 2016


WEATHER ITEM   OBSERVED TIME   RECORD YEAR NORMAL DEPARTURE LAST
                VALUE   (LST)  VALUE       VALUE  FROM      YEAR
                                                  NORMAL
..................................................................
TEMPERATURE (F)
 YESTERDAY
  MAXIMUM         86    408 PM  91    1993  80      6       74
                                      1899
  MINIMUM         65    417 AM  40    1951  57      8       54
  AVERAGE         76                        68      8       64

PRECIPITATION (IN)
  YESTERDAY        0.16          1.12 1937   0.11   0.05     0.00
  MONTH TO DATE    2.93                      3.17  -0.24     2.10
  SINCE JAN 1     29.76                     32.14  -2.38    37.45

SNOWFALL (IN)
  YESTERDAY        0.0
  MONTH TO DATE    0.0
  SINCE SEP 1     59.0
  SNOW DEPTH       0

DEGREE DAYS
 HEATING
  YESTERDAY        0                         1     -1        1
  MONTH TO DATE    0                        10    -10        4
  SINCE JUN 1     28                        77    -49       25
  SINCE JUL 1      0                        22    -22        4

 COOLING
  YESTERDAY       11                         4      7        0
  MONTH TO DATE  227                       120    107      107
  SINCE JUN 1    603                       378    225      461
  SINCE JAN 1    632                       401    231      526
..................................................................


WIND (MPH)
  HIGHEST WIND SPEED     9   HIGHEST WIND DIRECTION     W (250)
  HIGHEST GUST SPEED    13   HIGHEST GUST DIRECTION     W (250)
  AVERAGE WIND SPEED     2.2


SKY COVER
  POSSIBLE SUNSHINE  MM
  AVERAGE SKY COVER 0.7


WEATHER CONDITIONS
 THE FOLLOWING WEATHER WAS RECORDED YESTERDAY.
  LIGHT RAIN
  FOG


RELATIVE HUMIDITY (PERCENT)
 HIGHEST    93           300 AM
 LOWEST     61           400 PM
 AVERAGE    77

..........................................................


THE ELKINS WV CLIMATE NORMALS FOR TODAY
                         NORMAL    RECORD    YEAR
 MAXIMUM TEMPERATURE (F)   79        94      1993
                                             1948
 MINIMUM TEMPERATURE (F)   57        41      1917


SUNRISE AND SUNSET
AUGUST 26 2016........SUNRISE   643 AM EDT   SUNSET   758 PM EDT
AUGUST 27 2016........SUNRISE   644 AM EDT   SUNSET   756 PM EDT


-  INDICATES NEGATIVE NUMBERS.
R  INDICATES RECORD WAS SET OR TIED.
MM INDICATES DATA IS MISSING.
T  INDICATES TRACE AMOUNT.




$$
