000
CDUS45 KLKN 240927
CLIEKO


CLIMATE REPORT
NATIONAL WEATHER SERVICE ELKO NV
226 AM PDT THU JUL 24 2014


...................................

...THE ELKO AIRPORT NV CLIMATE SUMMARY FOR JULY 23 2014...

CLIMATE NORMAL PERIOD 1981 TO 2010
CLIMATE RECORD PERIOD 1888 TO 2014


WEATHER ITEM   OBSERVED TIME   RECORD YEAR NORMAL DEPARTURE LAST
                VALUE   (LST)  VALUE       VALUE  FROM      YEAR
                                                  NORMAL
..................................................................
TEMPERATURE (F)
 YESTERDAY
  MAXIMUM         97    251 PM 103    1890  92      5       98
  MINIMUM         56    445 AM  36    2000  51      5       62
                                      1954
                                      1912
  AVERAGE         77                        71      6       80

PRECIPITATION (IN)
  YESTERDAY        0.00          0.46 2012   0.01  -0.01     0.00
  MONTH TO DATE    0.51                      0.26   0.25     0.44
  SINCE OCT 1      7.97                      8.86  -0.89     6.13
  SINCE JAN 1      6.36                      5.80   0.56     3.30

SNOWFALL (IN)
  YESTERDAY        0.0           0.0  1888   0.0    0.0      0.0
  MONTH TO DATE    0.0                       0.0    0.0      0.0
  SINCE JUN 1      0.0                       0.0    0.0      0.0
  SINCE JUL 1      0.0                       0.0    0.0      0.0
  SNOW DEPTH       0

DEGREE DAYS
 HEATING
  YESTERDAY        0                         0      0        0
  MONTH TO DATE    0                        17    -17        0
  SINCE JUN 1     92                       148    -56       63
  SINCE JUL 1      0                        17    -17        0

 COOLING
  YESTERDAY       12                         7      5       15
  MONTH TO DATE  271                       129    142      280
  SINCE JUN 1    300                       176    124      403
  SINCE JAN 1    303                       180    123      407
..................................................................


WIND (MPH)
  HIGHEST WIND SPEED    28   HIGHEST WIND DIRECTION    SW (240)
  HIGHEST GUST SPEED    36   HIGHEST GUST DIRECTION     W (250)
  AVERAGE WIND SPEED     9.2



WEATHER CONDITIONS
 THE FOLLOWING WEATHER WAS RECORDED YESTERDAY.
  NO SIGNIFICANT WEATHER WAS OBSERVED.


RELATIVE HUMIDITY (PERCENT)
 HIGHEST    48           600 AM
 LOWEST      5           200 PM
 AVERAGE    27

..........................................................


THE ELKO AIRPORT NV CLIMATE NORMALS FOR TODAY
                         NORMAL    RECORD    YEAR
 MAXIMUM TEMPERATURE (F)   92       107      1890
 MINIMUM TEMPERATURE (F)   51        34      1899


SUNRISE AND SUNSET
JULY 24 2014..........SUNRISE   532 AM PDT   SUNSET   807 PM PDT
JULY 25 2014..........SUNRISE   533 AM PDT   SUNSET   806 PM PDT


-  INDICATES NEGATIVE NUMBERS.
R  INDICATES RECORD WAS SET OR TIED.
MM INDICATES DATA IS MISSING.
T  INDICATES TRACE AMOUNT.




$$
