000
CDUS45 KLKN 220946
CLIEKO


CLIMATE REPORT
NATIONAL WEATHER SERVICE ELKO NV
138 AM PST SUN JAN 22 2017


...................................

...THE ELKO AIRPORT NV CLIMATE SUMMARY FOR JANUARY 21 2017...

CLIMATE NORMAL PERIOD 1981 TO 2010
CLIMATE RECORD PERIOD 1888 TO 2017


WEATHER ITEM   OBSERVED TIME   RECORD YEAR NORMAL DEPARTURE LAST
                VALUE   (LST)  VALUE       VALUE  FROM      YEAR
                                                  NORMAL
..................................................................
TEMPERATURE (F)
 YESTERDAY
  MAXIMUM         36    327 PM  54    1981  36      0       32
                                      1950
                                      1899
  MINIMUM         20   1159 PM -43    1937  14      6        6
  AVERAGE         28                        25      3       19

PRECIPITATION (IN)
  YESTERDAY        0.01          0.70 1914   0.03  -0.02     0.00
  MONTH TO DATE    2.26                      0.80   1.46     0.90
  SINCE OCT 1      7.89                      3.86   4.03     5.44
  SINCE JAN 1      2.26                      0.80   1.46     0.90

SNOWFALL (IN)
  YESTERDAY        0.3           2.8  1949   0.3    0.0      0.0
  MONTH TO DATE   27.1                       7.5   19.6     11.4
  SINCE DEC 1     39.3                      17.4   21.9     34.7
  SINCE JUL 1     44.8                      23.1   21.7     46.9
  SNOW DEPTH      11

DEGREE DAYS
 HEATING
  YESTERDAY       37                        40     -3       46
  MONTH TO DATE  872                       840     32      873
  SINCE DEC 1   2126                      2050     76     2123
  SINCE JUL 1   3471                      3788   -317     3604

 COOLING
  YESTERDAY        0                         0      0        0
  MONTH TO DATE    0                         0      0        0
  SINCE DEC 1      0                         0      0        0
  SINCE JAN 1      0                         0      0        0
..................................................................


WIND (MPH)
  HIGHEST WIND SPEED    17   HIGHEST WIND DIRECTION    SW (230)
  HIGHEST GUST SPEED    22   HIGHEST GUST DIRECTION    SW (230)
  AVERAGE WIND SPEED     6.1



WEATHER CONDITIONS
 THE FOLLOWING WEATHER WAS RECORDED YESTERDAY.
  LIGHT SNOW
  FOG


RELATIVE HUMIDITY (PERCENT)
 HIGHEST    92           100 AM
 LOWEST     59           400 PM
 AVERAGE    76

..........................................................


THE ELKO AIRPORT NV CLIMATE NORMALS FOR TODAY
                         NORMAL    RECORD    YEAR
 MAXIMUM TEMPERATURE (F)   36        63      1981
 MINIMUM TEMPERATURE (F)   14       -30      1930
                                             1890


SUNRISE AND SUNSET
JANUARY 22 2017.......SUNRISE   701 AM PST   SUNSET   449 PM PST
JANUARY 23 2017.......SUNRISE   701 AM PST   SUNSET   450 PM PST


-  INDICATES NEGATIVE NUMBERS.
R  INDICATES RECORD WAS SET OR TIED.
MM INDICATES DATA IS MISSING.
T  INDICATES TRACE AMOUNT.




$$
