000
CDUS45 KLKN 020932
CLIEKO


CLIMATE REPORT
NATIONAL WEATHER SERVICE ELKO NV
131 AM PST FRI DEC 2 2016


...................................

...THE ELKO AIRPORT NV CLIMATE SUMMARY FOR DECEMBER 1 2016...

CLIMATE NORMAL PERIOD 1981 TO 2010
CLIMATE RECORD PERIOD 1888 TO 2016


WEATHER ITEM   OBSERVED TIME   RECORD YEAR NORMAL DEPARTURE LAST
                VALUE   (LST)  VALUE       VALUE  FROM      YEAR
                                                  NORMAL
..................................................................
TEMPERATURE (F)
 YESTERDAY
  MAXIMUM         35   1220 PM  65    1995  40     -5       29
  MINIMUM         22   1048 PM -12    1931  17      5       -2
  AVERAGE         29                        29      0       14

PRECIPITATION (IN)
  YESTERDAY        T             0.95 1891   0.04  -0.04     0.00
  MONTH TO DATE    T                         0.04  -0.04     0.00
  SINCE OCT 1      2.80                      1.90   0.90     2.46
  SINCE JAN 1     11.52                      8.75   2.77     9.45

SNOWFALL (IN)
  YESTERDAY        T             4.0  1983   0.3   -0.3      0.0
  MONTH TO DATE    T                         0.3   -0.3      0.0
  SINCE DEC 1      T                         0.3   -0.3      0.0
  SINCE JUL 1      5.5                       6.0   -0.5     12.2
  SNOW DEPTH       1

DEGREE DAYS
 HEATING
  YESTERDAY       36                        36      0       51
  MONTH TO DATE   36                        36      0       51
  SINCE DEC 1     36                        36      0       51
  SINCE JUL 1   1381                      1774   -393     1532

 COOLING
  YESTERDAY        0                         0      0        0
  MONTH TO DATE    0                         0      0        0
  SINCE DEC 1      0                         0      0        0
  SINCE JAN 1    560                       383    177      624
..................................................................


WIND (MPH)
  HIGHEST WIND SPEED    15   HIGHEST WIND DIRECTION     N (340)
  HIGHEST GUST SPEED    19   HIGHEST GUST DIRECTION     N (340)
  AVERAGE WIND SPEED     4.4



WEATHER CONDITIONS
 THE FOLLOWING WEATHER WAS RECORDED YESTERDAY.
  LIGHT SNOW


RELATIVE HUMIDITY (PERCENT)
 HIGHEST    92           100 AM
 LOWEST     41           200 PM
 AVERAGE    67

..........................................................


THE ELKO AIRPORT NV CLIMATE NORMALS FOR TODAY
                         NORMAL    RECORD    YEAR
 MAXIMUM TEMPERATURE (F)   40        61      1977
                                             1939
                                             1903
 MINIMUM TEMPERATURE (F)   17       -12      1931


SUNRISE AND SUNSET
DECEMBER  2 2016......SUNRISE   650 AM PST   SUNSET   416 PM PST
DECEMBER  3 2016......SUNRISE   651 AM PST   SUNSET   416 PM PST


-  INDICATES NEGATIVE NUMBERS.
R  INDICATES RECORD WAS SET OR TIED.
MM INDICATES DATA IS MISSING.
T  INDICATES TRACE AMOUNT.




$$
