000
CDUS45 KLKN 240945
CLIEKO


CLIMATE REPORT
NATIONAL WEATHER SERVICE ELKO NV
245 AM PDT SUN SEP 4  2017


...................................

...THE ELKO AIRPORT NV CLIMATE SUMMARY FOR SEPTEMBER 23 2017...

CLIMATE NORMAL PERIOD 1981 TO 2010
CLIMATE RECORD PERIOD 1888 TO 2017


WEATHER ITEM   OBSERVED TIME   RECORD YEAR NORMAL DEPARTURE LAST
                VALUE   (LST)  VALUE       VALUE  FROM      YEAR
                                                  NORMAL
..................................................................
TEMPERATURE (F)
 YESTERDAY
  MAXIMUM         54        MM  90    2001  75    -21       62
                                      1966
                                      1949
  MINIMUM         29        MM  10    1891  36     -7       40
  AVERAGE         42                        56    -14       51

PRECIPITATION (IN)
  YESTERDAY        0.00          0.85 1923   0.02  -0.02     0.19
  MONTH TO DATE    1.93                      0.42   1.51     1.08
  SINCE OCT 1     15.56                      9.76   5.80    13.26
  SINCE JAN 1      9.93                      6.70   3.23     8.72

SNOWFALL (IN)
  YESTERDAY        0.0           T    1934   0.0    0.0      0.0
                                      1931
  MONTH TO DATE    0.0                       0.0    0.0      0.0
  SINCE SEP 1      0.0                       0.0    0.0      0.0
  SINCE JUL 1      0.0                       0.0    0.0      0.0
  SNOW DEPTH       0

DEGREE DAYS
 HEATING
  YESTERDAY       23                         9     14       14
  MONTH TO DATE  147                       131     16      135
  SINCE SEP 1    147                       131     16      135
  SINCE JUL 1    151                       182    -31      148

 COOLING
  YESTERDAY        0                         0      0        0
  MONTH TO DATE   89                        20     69       11
  SINCE SEP 1     89                        20     69       11
  SINCE JAN 1    785                       382    403      555
..................................................................


WIND (MPH)
  HIGHEST WIND SPEED    13   HIGHEST WIND DIRECTION     N (350)
  HIGHEST GUST SPEED    18   HIGHEST GUST DIRECTION     N (350)
  AVERAGE WIND SPEED     2.8



WEATHER CONDITIONS
 THE FOLLOWING WEATHER WAS RECORDED YESTERDAY.
  FOG
  FOG W/VISIBILITY <= 1/4 MILE


RELATIVE HUMIDITY (PERCENT)
 HIGHEST   100           600 AM
 LOWEST     35           300 PM
 AVERAGE    68

..........................................................


THE ELKO AIRPORT NV CLIMATE NORMALS FOR TODAY
                         NORMAL    RECORD    YEAR
 MAXIMUM TEMPERATURE (F)   75        90      2015
 MINIMUM TEMPERATURE (F)   36         9      1891


SUNRISE AND SUNSET
SEPTEMBER 24 2017.....SUNRISE   633 AM PDT   SUNSET   636 PM PDT
SEPTEMBER 25 2017.....SUNRISE   634 AM PDT   SUNSET   635 PM PDT


-  INDICATES NEGATIVE NUMBERS.
R  INDICATES RECORD WAS SET OR TIED.
MM INDICATES DATA IS MISSING.
T  INDICATES TRACE AMOUNT.




$$
