000
CDUS45 KLKN 040930
CLIEKO


CLIMATE REPORT
NATIONAL WEATHER SERVICE ELKO NV
229 AM PDT TUE AUG 4 2015


...................................

...THE ELKO AIRPORT NV CLIMATE SUMMARY FOR AUGUST 3 2015...

CLIMATE NORMAL PERIOD 1981 TO 2010
CLIMATE RECORD PERIOD 1888 TO 2015


WEATHER ITEM   OBSERVED TIME   RECORD YEAR NORMAL DEPARTURE LAST
                VALUE   (LST)  VALUE       VALUE  FROM      YEAR
                                                  NORMAL
..................................................................
TEMPERATURE (F)
 YESTERDAY
  MAXIMUM         92    248 PM 103    1978  91      1       95
  MINIMUM         62   1022 PM  32    1956  50     12       60
  AVERAGE         77                        71      6       78

PRECIPITATION (IN)
  YESTERDAY        T             1.10 1899   0.01  -0.01     0.00
  MONTH TO DATE    T                         0.04  -0.04     0.00
  SINCE OCT 1      8.37                      9.01  -0.64     8.01
  SINCE JAN 1      6.13                      5.95   0.18     6.40

SNOWFALL (IN)
  YESTERDAY        0.0           0.0  1888   0.0    0.0      0.0
  MONTH TO DATE    0.0                       0.0    0.0      0.0
  SINCE JUN 1      0.0                       0.0    0.0      0.0
  SINCE JUL 1      0.0                       0.0    0.0      0.0
  SNOW DEPTH       0

DEGREE DAYS
 HEATING
  YESTERDAY        0                         0      0        0
  MONTH TO DATE    0                         0      0        0
  SINCE JUN 1     33                       150   -117       92
  SINCE JUL 1      9                        19    -10        0

 COOLING
  YESTERDAY       12                         6      6       13
  MONTH TO DATE   31                        18     13       30
  SINCE JUN 1    397                       245    152      403
  SINCE JAN 1    404                       249    155      406
..................................................................


WIND (MPH)
  HIGHEST WIND SPEED    26   HIGHEST WIND DIRECTION    SW (220)
  HIGHEST GUST SPEED    41   HIGHEST GUST DIRECTION    SW (210)
  AVERAGE WIND SPEED     6.3



WEATHER CONDITIONS
 THE FOLLOWING WEATHER WAS RECORDED YESTERDAY.
  THUNDERSTORM
  LIGHT RAIN


RELATIVE HUMIDITY (PERCENT)
 HIGHEST    63           300 AM
 LOWEST     12           200 PM
 AVERAGE    38

..........................................................


THE ELKO AIRPORT NV CLIMATE NORMALS FOR TODAY
                         NORMAL    RECORD    YEAR
 MAXIMUM TEMPERATURE (F)   91       107      1978
 MINIMUM TEMPERATURE (F)   50        35      1917
                                             1888


SUNRISE AND SUNSET
AUGUST  4 2015........SUNRISE   542 AM PDT   SUNSET   756 PM PDT
AUGUST  5 2015........SUNRISE   543 AM PDT   SUNSET   754 PM PDT


-  INDICATES NEGATIVE NUMBERS.
R  INDICATES RECORD WAS SET OR TIED.
MM INDICATES DATA IS MISSING.
T  INDICATES TRACE AMOUNT.




$$
