000
CDUS45 KLKN 240032
CLIEKO


CLIMATE REPORT
NATIONAL WEATHER SERVICE ELKO NV
527 PM PDT MON MAY 23 2016


...................................

...THE ELKO AIRPORT NV CLIMATE SUMMARY FOR MAY 23 2016...
VALID TODAY AS OF 500 PM LOCAL TIME.

CLIMATE NORMAL PERIOD 1981 TO 2010
CLIMATE RECORD PERIOD 1888 TO 2016


WEATHER ITEM   OBSERVED TIME   RECORD YEAR NORMAL DEPARTURE LAST
                VALUE   (LST)  VALUE       VALUE  FROM      YEAR
                                                  NORMAL
..................................................................
TEMPERATURE (F)
 TODAY
  MAXIMUM         65    124 PM  89    2001  71     -6       60
  MINIMUM         38    456 AM  23    1966  39     -1       47
  AVERAGE         52                        55     -3       54

PRECIPITATION (IN)
  TODAY            T             0.88 2011   0.04  -0.04     0.28
  MONTH TO DATE    1.64                      0.72   0.92     2.30
  SINCE OCT 1     11.46                      7.71   3.75     5.92
  SINCE JAN 1      6.92                      4.65   2.27     3.68

SNOWFALL (IN)
  TODAY            0.0           0.4  1959   0.0    0.0       T
  MONTH TO DATE    0.0                       0.4   -0.4      2.0
  SINCE MAR 1      7.5                       8.7   -1.2      4.9
  SINCE JUL 1     63.8                      41.2   22.6     14.3
  SNOW DEPTH       0

DEGREE DAYS
 HEATING
  TODAY           13                        10      3       11
  MONTH TO DATE  242                       294    -52      268
  SINCE MAR 1   1388                      1697   -309     1476
  SINCE JUL 1   6413                      6865   -452     5484

 COOLING
  TODAY            0                         0      0        0
  MONTH TO DATE    0                         0      0        0
  SINCE MAR 1      0                         0      0        0
  SINCE JAN 1      0                         0      0        0
..................................................................


WIND (MPH)
  HIGHEST WIND SPEED    25   HIGHEST WIND DIRECTION     S (160)
  HIGHEST GUST SPEED    30   HIGHEST GUST DIRECTION    SE (150)



WEATHER CONDITIONS
 THE FOLLOWING WEATHER WAS RECORDED TODAY.
  LIGHT RAIN


RELATIVE HUMIDITY (PERCENT)
 HIGHEST    85           500 AM
 LOWEST     27           100 PM
 AVERAGE    56

..........................................................


THE ELKO AIRPORT NV CLIMATE NORMALS FOR TOMORROW
                         NORMAL    RECORD    YEAR
 MAXIMUM TEMPERATURE (F)   72        91      2001
 MINIMUM TEMPERATURE (F)   39        23      1944


SUNRISE AND SUNSET
MAY 23 2016...........SUNRISE   519 AM PDT   SUNSET   802 PM PDT
MAY 24 2016...........SUNRISE   518 AM PDT   SUNSET   803 PM PDT


-  INDICATES NEGATIVE NUMBERS.
R  INDICATES RECORD WAS SET OR TIED.
MM INDICATES DATA IS MISSING.
T  INDICATES TRACE AMOUNT.




$$
