000
CDUS45 KLKN 050937
CLIEKO


CLIMATE REPORT
NATIONAL WEATHER SERVICE ELKO NV
133 AM PST FRI FEB 5 2016


...................................

...THE ELKO AIRPORT NV CLIMATE SUMMARY FOR FEBRUARY 4 2016...

CLIMATE NORMAL PERIOD 1981 TO 2010
CLIMATE RECORD PERIOD 1888 TO 2016


WEATHER ITEM   OBSERVED TIME   RECORD YEAR NORMAL DEPARTURE LAST
                VALUE   (LST)  VALUE       VALUE  FROM      YEAR
                                                  NORMAL
..................................................................
TEMPERATURE (F)
 YESTERDAY
  MAXIMUM         33    213 PM  60    2015  38     -5       60
  MINIMUM         10   1058 PM -19    1989  16     -6       31
  AVERAGE         22                        27     -5       46

PRECIPITATION (IN)
  YESTERDAY        0.08          0.67 1996   0.03   0.05     0.00
  MONTH TO DATE    0.09                      0.12  -0.03      T
  SINCE OCT 1      6.60                      4.30   2.30     2.44
  SINCE JAN 1      2.06                      1.24   0.82     0.20

SNOWFALL (IN)
  YESTERDAY        0.9           8.4  1996   0.3    0.6      0.0
  MONTH TO DATE    1.3                       1.1    0.2       T
  SINCE DEC 1     41.7                      21.5   20.2      5.6
  SINCE JUL 1     53.9                      27.2   26.7      7.5
  SNOW DEPTH      10

DEGREE DAYS
 HEATING
  YESTERDAY       43                        38      5       19
  MONTH TO DATE  197                       153     44       92
  SINCE DEC 1   2735                      2600    135     2052
  SINCE JUL 1   4216                      4338   -122     3412

 COOLING
  YESTERDAY        0                         0      0        0
  MONTH TO DATE    0                         0      0        0
  SINCE DEC 1      0                         0      0        0
  SINCE JAN 1      0                         0      0        0
..................................................................


WIND (MPH)
  HIGHEST WIND SPEED    14   HIGHEST WIND DIRECTION     W (250)
  HIGHEST GUST SPEED    17   HIGHEST GUST DIRECTION     W (260)
  AVERAGE WIND SPEED     3.6



WEATHER CONDITIONS
 THE FOLLOWING WEATHER WAS RECORDED YESTERDAY.
  LIGHT SNOW
  FOG
  HAZE


RELATIVE HUMIDITY (PERCENT)
 HIGHEST    92           600 AM
 LOWEST     63           300 PM
 AVERAGE    78

..........................................................


THE ELKO AIRPORT NV CLIMATE NORMALS FOR TODAY
                         NORMAL    RECORD    YEAR
 MAXIMUM TEMPERATURE (F)   38        62      1937
 MINIMUM TEMPERATURE (F)   16       -27      1989


SUNRISE AND SUNSET
FEBRUARY  5 2016......SUNRISE   650 AM PST   SUNSET   505 PM PST
FEBRUARY  6 2016......SUNRISE   649 AM PST   SUNSET   506 PM PST


-  INDICATES NEGATIVE NUMBERS.
R  INDICATES RECORD WAS SET OR TIED.
MM INDICATES DATA IS MISSING.
T  INDICATES TRACE AMOUNT.




$$
