000
CDUS45 KLKN 290928
CLIEKO


CLIMATE REPORT
NATIONAL WEATHER SERVICE ELKO NV
228 AM PDT FRI MAY 29 2015


...................................

...THE ELKO AIRPORT NV CLIMATE SUMMARY FOR MAY 28 2015...

CLIMATE NORMAL PERIOD 1981 TO 2010
CLIMATE RECORD PERIOD 1888 TO 2015


WEATHER ITEM   OBSERVED TIME   RECORD YEAR NORMAL DEPARTURE LAST
                VALUE   (LST)  VALUE       VALUE  FROM      YEAR
                                                  NORMAL
..................................................................
TEMPERATURE (F)
 YESTERDAY
  MAXIMUM         76    316 PM  97    2003  73      3       81
  MINIMUM         44    417 AM  20    1895  40      4       44
  AVERAGE         60                        57      3       63

PRECIPITATION (IN)
  YESTERDAY        0.01          0.66 1898   0.03  -0.02     0.00
  MONTH TO DATE    3.49                      0.87   2.62     1.08
  SINCE OCT 1      7.11                      7.86  -0.75     7.32
  SINCE JAN 1      4.87                      4.80   0.07     5.71

SNOWFALL (IN)
  YESTERDAY        0.0           2.0  1905   0.0    0.0      0.0
  MONTH TO DATE    2.0                       0.5    1.5      0.3
  SINCE MAR 1      4.9                       8.8   -3.9      8.2
  SINCE JUL 1     14.3                      41.3  -27.0     20.5
  SNOW DEPTH       0

DEGREE DAYS
 HEATING
  YESTERDAY        5                         9     -4        2
  MONTH TO DATE  307                       340    -33      288
  SINCE MAR 1   1515                      1743   -228     1632
  SINCE JUL 1   5523                      6911  -1388     6363

 COOLING
  YESTERDAY        0                         0      0        0
  MONTH TO DATE    0                         0      0        3
  SINCE MAR 1      0                         0      0        3
  SINCE JAN 1      0                         0      0        3
..................................................................


WIND (MPH)
  HIGHEST WIND SPEED    16   HIGHEST WIND DIRECTION    NE (30)
  HIGHEST GUST SPEED    19   HIGHEST GUST DIRECTION    NE (30)
  AVERAGE WIND SPEED     4.4



WEATHER CONDITIONS
 THE FOLLOWING WEATHER WAS RECORDED YESTERDAY.
  THUNDERSTORM
  RAIN


RELATIVE HUMIDITY (PERCENT)
 HIGHEST    93           300 AM
 LOWEST     25           200 PM
 AVERAGE    59

..........................................................


THE ELKO AIRPORT NV CLIMATE NORMALS FOR TODAY
                         NORMAL    RECORD    YEAR
 MAXIMUM TEMPERATURE (F)   73        96      1897
 MINIMUM TEMPERATURE (F)   41        24      1927
                                             1899


SUNRISE AND SUNSET
MAY 29 2015...........SUNRISE   515 AM PDT   SUNSET   806 PM PDT
MAY 30 2015...........SUNRISE   515 AM PDT   SUNSET   807 PM PDT


-  INDICATES NEGATIVE NUMBERS.
R  INDICATES RECORD WAS SET OR TIED.
MM INDICATES DATA IS MISSING.
T  INDICATES TRACE AMOUNT.




$$
