000
CDUS45 KLKN 140930
CLIEKO


CLIMATE REPORT
NATIONAL WEATHER SERVICE ELKO NV
226 AM PDT MON JUL 14 2014


...................................

...THE ELKO AIRPORT NV CLIMATE SUMMARY FOR JULY 13 2014...

CLIMATE NORMAL PERIOD 1981 TO 2010
CLIMATE RECORD PERIOD 1888 TO 2014


WEATHER ITEM   OBSERVED TIME   RECORD YEAR NORMAL DEPARTURE LAST
                VALUE   (LST)  VALUE       VALUE  FROM      YEAR
                                                  NORMAL
..................................................................
TEMPERATURE (F)
 YESTERDAY
  MAXIMUM        101    458 PM 104    2002  90     11       92
  MINIMUM         57    411 AM  30    1888  50      7       55
  AVERAGE         79                        70      9       74

PRECIPITATION (IN)
  YESTERDAY        0.00          0.30 1962   0.02  -0.02     0.00
  MONTH TO DATE    0.24                      0.14   0.10     0.44
  SINCE OCT 1      7.70                      8.74  -1.04     6.13
  SINCE JAN 1      6.09                      5.68   0.41     3.30

SNOWFALL (IN)
  YESTERDAY        0.0           0.0  1888   0.0    0.0      0.0
  MONTH TO DATE    0.0                       0.0    0.0      0.0
  SINCE JUN 1      0.0                       0.0    0.0      0.0
  SINCE JUL 1      0.0                       0.0    0.0      0.0
  SNOW DEPTH       0

DEGREE DAYS
 HEATING
  YESTERDAY        0                         1     -1        0
  MONTH TO DATE    0                        13    -13        0
  SINCE JUN 1     92                       144    -52       63
  SINCE JUL 1      0                        13    -13        0

 COOLING
  YESTERDAY       14                         6      8        9
  MONTH TO DATE  148                        64     84      147
  SINCE JUN 1    177                       111     66      270
  SINCE JAN 1    180                       115     65      274
..................................................................


WIND (MPH)
  HIGHEST WIND SPEED    15   HIGHEST WIND DIRECTION    NE (30)
  HIGHEST GUST SPEED    19   HIGHEST GUST DIRECTION    NE (40)
  AVERAGE WIND SPEED     3.5



WEATHER CONDITIONS
 THE FOLLOWING WEATHER WAS RECORDED YESTERDAY.
  NO SIGNIFICANT WEATHER WAS OBSERVED.


RELATIVE HUMIDITY (PERCENT)
 HIGHEST    67           400 AM
 LOWEST      9           500 PM
 AVERAGE    38

..........................................................


THE ELKO AIRPORT NV CLIMATE NORMALS FOR TODAY
                         NORMAL    RECORD    YEAR
 MAXIMUM TEMPERATURE (F)   91       105      1925
 MINIMUM TEMPERATURE (F)   50        31      1913
                                             1888


SUNRISE AND SUNSET
JULY 14 2014..........SUNRISE   524 AM PDT   SUNSET   814 PM PDT
JULY 15 2014..........SUNRISE   525 AM PDT   SUNSET   813 PM PDT


-  INDICATES NEGATIVE NUMBERS.
R  INDICATES RECORD WAS SET OR TIED.
MM INDICATES DATA IS MISSING.
T  INDICATES TRACE AMOUNT.




$$
