000
CDUS45 KLKN 280939
CLIEKO


CLIMATE REPORT
NATIONAL WEATHER SERVICE ELKO NV
235 AM PDT FRI JUL 28 2017


...................................

...THE ELKO AIRPORT NV CLIMATE SUMMARY FOR JULY 27 2017...

CLIMATE NORMAL PERIOD 1981 TO 2010
CLIMATE RECORD PERIOD 1888 TO 2017


WEATHER ITEM   OBSERVED TIME   RECORD YEAR NORMAL DEPARTURE LAST
                VALUE   (LST)  VALUE       VALUE  FROM      YEAR
                                                  NORMAL
..................................................................
TEMPERATURE (F)
 YESTERDAY
  MAXIMUM         91    229 PM 103    1934  92     -1      100
                                      1931
  MINIMUM         55    526 AM  32    1909  51      4       51
  AVERAGE         73                        71      2       76

PRECIPITATION (IN)
  YESTERDAY        0.00          0.28 1982   0.01  -0.01     0.00
  MONTH TO DATE    0.02                      0.31  -0.29     0.01
  SINCE OCT 1     13.48                      8.91   4.57    12.15
  SINCE JAN 1      7.85                      5.85   2.00     7.61

SNOWFALL (IN)
  YESTERDAY        0.0           0.0  1888   0.0    0.0      0.0
  MONTH TO DATE    0.0                       0.0    0.0      0.0
  SINCE JUN 1      T                         0.0    0.0       T
  SINCE JUL 1      0.0                       0.0    0.0      0.0
  SNOW DEPTH       0

DEGREE DAYS
 HEATING
  YESTERDAY        0                         0      0        0
  MONTH TO DATE    0                        17    -17        9
  SINCE JUN 1     62                       148    -86       39
  SINCE JUL 1      0                        17    -17        9

 COOLING
  YESTERDAY        8                         7      1       11
  MONTH TO DATE  298                       157    141      176
  SINCE JUN 1    411                       204    207      307
  SINCE JAN 1    415                       208    207      307
..................................................................


WIND (MPH)
  HIGHEST WIND SPEED    20   HIGHEST WIND DIRECTION     W (260)
  HIGHEST GUST SPEED    28   HIGHEST GUST DIRECTION     W (280)
  AVERAGE WIND SPEED     5.9



WEATHER CONDITIONS
 THE FOLLOWING WEATHER WAS RECORDED YESTERDAY.
  NO SIGNIFICANT WEATHER WAS OBSERVED.


RELATIVE HUMIDITY (PERCENT)
 HIGHEST    72           300 AM
 LOWEST     12           300 PM
 AVERAGE    42

..........................................................


THE ELKO AIRPORT NV CLIMATE NORMALS FOR TODAY
                         NORMAL    RECORD    YEAR
 MAXIMUM TEMPERATURE (F)   92       104      1934
 MINIMUM TEMPERATURE (F)   51        30      1892


SUNRISE AND SUNSET
JULY 28 2017..........SUNRISE   536 AM PDT   SUNSET   803 PM PDT
JULY 29 2017..........SUNRISE   537 AM PDT   SUNSET   802 PM PDT


-  INDICATES NEGATIVE NUMBERS.
R  INDICATES RECORD WAS SET OR TIED.
MM INDICATES DATA IS MISSING.
T  INDICATES TRACE AMOUNT.




$$
