000
CDUS45 KLKN 270936
CLIEKO


CLIMATE REPORT
NATIONAL WEATHER SERVICE ELKO NV
233 AM PDT FRI MAR 27 2015


...................................

...THE ELKO AIRPORT NV CLIMATE SUMMARY FOR MARCH 26 2015...

CLIMATE NORMAL PERIOD 1981 TO 2010
CLIMATE RECORD PERIOD 1888 TO 2015


WEATHER ITEM   OBSERVED TIME   RECORD YEAR NORMAL DEPARTURE LAST
                VALUE   (LST)  VALUE       VALUE  FROM      YEAR
                                                  NORMAL
..................................................................
TEMPERATURE (F)
 YESTERDAY
  MAXIMUM         67    405 PM  73    1988  54     13       51
  MINIMUM         27    519 AM   7    1913  28     -1       32
  AVERAGE         47                        41      6       42

PRECIPITATION (IN)
  YESTERDAY        0.00          0.50 1904   0.03  -0.03     0.13
  MONTH TO DATE    0.16                      0.84  -0.68     0.83
  SINCE OCT 1      2.89                      5.86  -2.97     4.78
  SINCE JAN 1      0.65                      2.80  -2.15     3.17

SNOWFALL (IN)
  YESTERDAY        0.0           2.9  1945   0.1   -0.1      1.0
  MONTH TO DATE    0.7                       4.3   -3.6      2.1
  SINCE MAR 1      0.7                       4.3   -3.6      2.1
  SINCE JUL 1     10.1                      36.8  -26.7     14.4
  SNOW DEPTH       0

DEGREE DAYS
 HEATING
  YESTERDAY       18                        24     -6       23
  MONTH TO DATE  561                       694   -133      631
  SINCE MAR 1    561                       694   -133      631
  SINCE JUL 1   4569                      5862  -1293     5362

 COOLING
  YESTERDAY        0                         0      0        0
  MONTH TO DATE    0                         0      0        0
  SINCE MAR 1      0                         0      0        0
  SINCE JAN 1      0                         0      0        0
..................................................................


WIND (MPH)
  HIGHEST WIND SPEED     8   HIGHEST WIND DIRECTION     E (80)
  HIGHEST GUST SPEED    13   HIGHEST GUST DIRECTION    SW (240)
  AVERAGE WIND SPEED     3.2



WEATHER CONDITIONS
 THE FOLLOWING WEATHER WAS RECORDED YESTERDAY.
  NO SIGNIFICANT WEATHER WAS OBSERVED.


RELATIVE HUMIDITY (PERCENT)
 HIGHEST    85           300 AM
 LOWEST     24           400 PM
 AVERAGE    55

..........................................................


THE ELKO AIRPORT NV CLIMATE NORMALS FOR TODAY
                         NORMAL    RECORD    YEAR
 MAXIMUM TEMPERATURE (F)   55        75      1986
 MINIMUM TEMPERATURE (F)   28         6      1888


SUNRISE AND SUNSET
MARCH 27 2015.........SUNRISE   635 AM PDT   SUNSET   703 PM PDT
MARCH 28 2015.........SUNRISE   634 AM PDT   SUNSET   704 PM PDT


-  INDICATES NEGATIVE NUMBERS.
R  INDICATES RECORD WAS SET OR TIED.
MM INDICATES DATA IS MISSING.
T  INDICATES TRACE AMOUNT.




$$
