000
CDUS45 KLKN 170935
CLIEKO


CLIMATE REPORT
NATIONAL WEATHER SERVICE ELKO NV
131 AM PST WED JAN 17 2018


...................................

...THE ELKO AIRPORT NV CLIMATE SUMMARY FOR JANUARY 16 2018...

CLIMATE NORMAL PERIOD 1981 TO 2010
CLIMATE RECORD PERIOD 1888 TO 2018


WEATHER ITEM   OBSERVED TIME   RECORD YEAR NORMAL DEPARTURE LAST
                VALUE   (LST)  VALUE       VALUE  FROM      YEAR
                                                  NORMAL
..................................................................
TEMPERATURE (F)
 YESTERDAY
  MAXIMUM         48    328 PM  56    1899  36     12       24
  MINIMUM         26    357 AM -25    1917  14     12       18
  AVERAGE         37                        25     12       21

PRECIPITATION (IN)
  YESTERDAY        0.03          1.50 1893   0.04  -0.01      T
  MONTH TO DATE    0.37                      0.63  -0.26     1.84
  SINCE OCT 1      2.07                      3.69  -1.62     7.47
  SINCE JAN 1      0.37                      0.63  -0.26     1.84

SNOWFALL (IN)
  YESTERDAY        0.0          15.0  1893   0.4   -0.4       T
  MONTH TO DATE    T                         5.8   -5.8     18.3
  SINCE DEC 1      4.8                      15.7  -10.9     30.5
  SINCE JUL 1      5.5                      21.4  -15.9     36.0
  SNOW DEPTH       0

DEGREE DAYS
 HEATING
  YESTERDAY       28                        40    -12       44
  MONTH TO DATE  442                       640   -198      664
  SINCE DEC 1   1616                      1850   -234     1918
  SINCE JUL 1   3204                      3588   -384     3263

 COOLING
  YESTERDAY        0                         0      0        0
  MONTH TO DATE    0                         0      0        0
  SINCE DEC 1      0                         0      0        0
  SINCE JAN 1      0                         0      0        0
..................................................................


WIND (MPH)
  HIGHEST WIND SPEED     9   HIGHEST WIND DIRECTION    NE (30)
  HIGHEST GUST SPEED    10   HIGHEST GUST DIRECTION    NE (30)
  AVERAGE WIND SPEED     3.4



WEATHER CONDITIONS
 THE FOLLOWING WEATHER WAS RECORDED YESTERDAY.
  LIGHT RAIN
  FOG


RELATIVE HUMIDITY (PERCENT)
 HIGHEST    92          1200 AM
 LOWEST     65           200 PM
 AVERAGE    79

..........................................................


THE ELKO AIRPORT NV CLIMATE NORMALS FOR TODAY
                         NORMAL    RECORD    YEAR
 MAXIMUM TEMPERATURE (F)   36        60      1899
 MINIMUM TEMPERATURE (F)   14       -27      1917


SUNRISE AND SUNSET
JANUARY 17 2018.......SUNRISE   704 AM PST   SUNSET   443 PM PST
JANUARY 18 2018.......SUNRISE   704 AM PST   SUNSET   444 PM PST


-  INDICATES NEGATIVE NUMBERS.
R  INDICATES RECORD WAS SET OR TIED.
MM INDICATES DATA IS MISSING.
T  INDICATES TRACE AMOUNT.




$$
