478
CDUS45 KLKN 250931
CLIEKO


CLIMATE REPORT
NATIONAL WEATHER SERVICE ELKO NV
229 AM PDT THU MAY 25 2017


...................................

...THE ELKO AIRPORT NV CLIMATE SUMMARY FOR MAY 24 2017...

CLIMATE NORMAL PERIOD 1981 TO 2010
CLIMATE RECORD PERIOD 1888 TO 2017


WEATHER ITEM   OBSERVED TIME   RECORD YEAR NORMAL DEPARTURE LAST
                VALUE   (LST)  VALUE       VALUE  FROM      YEAR
                                                  NORMAL
..................................................................
TEMPERATURE (F)
 YESTERDAY
  MAXIMUM         84    217 PM  91    2001  72     12       60
  MINIMUM         43    327 AM  23    1944  39      4       41
  AVERAGE         64                        56      8       51

PRECIPITATION (IN)
  YESTERDAY        0.01          1.02 2015   0.03  -0.02     0.04
  MONTH TO DATE    0.57                      0.75  -0.18     1.25
  SINCE OCT 1     12.85                      7.74   5.11    11.07
  SINCE JAN 1      7.22                      4.68   2.54     6.53

SNOWFALL (IN)
  YESTERDAY       MM             2.1  1990   0.1   MM        0.0
  MONTH TO DATE    T                         0.5   -0.5       T
  SINCE MAR 1      1.9                       8.8   -6.9      7.5
  SINCE JUL 1     53.3                      41.3   12.0     63.8
  SNOW DEPTH       0

DEGREE DAYS
 HEATING
  YESTERDAY        1                        10     -9       14
  MONTH TO DATE  240                       304    -64      259
  SINCE MAR 1   1463                      1707   -244     1405
  SINCE JUL 1   6199                      6875   -676     6430

 COOLING
  YESTERDAY        0                         0      0        0
  MONTH TO DATE    0                         0      0        0
  SINCE MAR 1      0                         0      0        0
  SINCE JAN 1      0                         0      0        0
..................................................................


WIND (MPH)
  HIGHEST WIND SPEED    35   HIGHEST WIND DIRECTION     W (260)
  HIGHEST GUST SPEED    44   HIGHEST GUST DIRECTION     W (250)
  AVERAGE WIND SPEED    11.0



WEATHER CONDITIONS
 THE FOLLOWING WEATHER WAS RECORDED YESTERDAY.
  LIGHT RAIN


RELATIVE HUMIDITY (PERCENT)
 HIGHEST    83           500 AM
 LOWEST     10           300 PM
 AVERAGE    47

..........................................................


THE ELKO AIRPORT NV CLIMATE NORMALS FOR TODAY
                         NORMAL    RECORD    YEAR
 MAXIMUM TEMPERATURE (F)   72        91      2001
 MINIMUM TEMPERATURE (F)   40        21      1888


SUNRISE AND SUNSET
MAY 25 2017...........SUNRISE   517 AM PDT   SUNSET   803 PM PDT
MAY 26 2017...........SUNRISE   517 AM PDT   SUNSET   804 PM PDT


-  INDICATES NEGATIVE NUMBERS.
R  INDICATES RECORD WAS SET OR TIED.
MM INDICATES DATA IS MISSING.
T  INDICATES TRACE AMOUNT.




$$
